Back to Top

Language: 

NOAA Climate Reports...


Report for 2017
                   Annual Climatological Summary for 2017

Name: www.delerius-weather.com   City: Worsbrough   State: South Yorkshire
Elevation: 93 m  Lat: N 53° 32' 12"   Lon: W 001° 28' 36"

                  Temperature (°C), Heat Base: 18.3  Cool Base: 18.3
                          Dep.  Heat  Cool                       Max  Max  Min  Min
        Mean  Mean        From  Deg   Deg                        >=   <=   <=   <=
 YR MO  Max   Min   Mean  Norm  Days  Days  Hi  Date  Low  Date 27.0  0.0  0.0 -18.0
------------------------------------------------------------------------------------
 17  1
 17  2
 17  3  13.5   5.5   9.3   0.0   155     0  18.4  30  -2.2   25    0    0    2    0
 17  4  14.2   4.5   9.4   0.0   268     1  22.7   9  -0.3   25    0    0    2    0
 17  5  18.2   8.4  13.2   0.0   170    14  27.4  25   0.9   10    1    0    0    0
 17  6  20.6  12.2  16.4   0.0    86    29  31.7  19   7.9   26    4    0    0    0
 17  7  21.7  12.3  16.6   0.0    75    24  27.7   6  10.1    2    1    0    0    0
 17  8  20.4  11.1  15.8   0.0    90    14  24.1  17   7.1   31    0    0    0    0
 17  9  17.5   9.3  13.4   0.0   149     1  21.5   4   4.2   19    0    0    0    0
 17 10  15.8   9.7  12.7   0.0   173     1  21.8  14   0.8   30    0    0    0    0
 17 11  10.2   4.2   7.3   0.0   328     0  15.5  22  -0.7    6    0    0    3    0
 17 12   7.0   1.6   4.5   0.0   156     0  12.5   7  -4.0   12    0    0    4    0
------------------------------------------------------------------------------------
        15.9   7.9  11.9   0.0  1655    87  31.7 Jun  -4.0  Dec    6    0   11    0

                                Precipitation (mm)

              Dep.   Max        Days of Rain
              From   Obs.           >=
 YR MO Total  Norm   Day Date  0.2  2.0 20.0
---------------------------------------------
 17  1
 17  2
 17  3   9.4   0.0   4.8  22     9    1    0
 17  4   8.6   0.0   4.2  27     9    2    0
 17  5  21.6   0.0   6.0  17    11    4    0
 17  6  51.6   0.0  19.2  28    13    6    0
 17  7  46.2   0.0   9.6  22    14   11    0
 17  8  40.0   0.0  13.2   8    15    5    0
 17  9  49.6   0.0   8.2  27    25    9    0
 17 10  22.0   0.0   7.8  19    14    3    0
 17 11  13.2   0.0   3.0   7    13    2    0
 17 12   6.0   0.0   2.6   7     6    1    0
---------------------------------------------
       268.2   0.0  19.2  Jun  129   44    0

                                Wind Speed (mph)
                          Dom
 YR MO   Avg.  Hi   Date  Dir
------------------------------
 17  1
 17  2
 17  3   7.2  41.0   19    SW
 17  4   6.1  35.0   15   WNW
 17  5   5.0  35.0   27   SSW
 17  6   6.9  44.0    6     W
 17  7   5.8  33.0   21     W
 17  8   5.5  32.0   19   WSW
 17  9   5.3  45.0   13   WSW
 17 10   7.9  51.0   17   WSW
 17 11   6.5  47.0   22     W
 17 12   7.2  41.0    6     W
------------------------------
         6.3  51.0  Oct   WSW

Data updates at regular intervals.