Back to Top

Language: 

NOAA Climate Reports...


Report for 2016 Dec
                   MONTHLY CLIMATOLOGICAL SUMMARY for DEC. 2016

NAME: Delerius   CITY:    STATE:  
ELEV:   100 m  LAT:  53 37' 05" N  LONG:   1 27' 13" W

                   TEMPERATURE (C), RAIN  (mm), WIND SPEED (mph)

                                      HEAT  COOL        AVG
    MEAN                              DEG   DEG         WIND                 DOM
DAY TEMP  HIGH   TIME   LOW    TIME   DAYS  DAYS  RAIN  SPEED HIGH   TIME    DIR
------------------------------------------------------------------------------------
 1   7.8  11.6   13:30   5.8    7:45  10.5   0.0   0.0   5.1  20.0    0:15   WNW
 2   7.1   9.1   12:30   6.1   00:00  11.2   0.0   0.8   1.0  11.0    0:15   NNE
 3   5.3   6.5   13:30   4.5    7:45  13.0   0.0   0.0   1.0   9.0   13:30     E
 4   3.8   7.8   12:00  -2.3   00:00  14.5   0.0   0.0   1.6  14.0   12:15     E
 5  -0.3   2.0   13:00  -2.5    0:45  18.6   0.0   0.2   0.1   6.0   23:15   NNW
 6   4.6   9.7   23:30   0.7    5:00  13.7   0.0   0.0   1.4  14.0   23:00     E
 7  12.1  15.6   13:15   9.3    0:15   6.2   0.0   0.0   9.3  32.0   15:30    SW
 8  11.6  14.3   12:45   5.9   00:00   6.7   0.0   6.0   5.2  28.0   14:30    SW
 9  11.9  13.9   16:00   5.5    0:30   6.4   0.0   0.2   6.9  28.0   10:45    SW
10  10.4  11.8   12:45   7.9   23:45   7.9   0.0   0.6   4.9  19.0   23:00     W
11   8.7   9.8   13:15   7.7    1:45   9.7   0.0   0.0   7.4  32.0   14:15   WNW
12   5.9   7.9    0:15   1.6    7:15  12.4   0.0   0.2   1.6  11.0   12:45    SE
13   8.4  11.2   00:00   7.4    1:45   9.9   0.0   1.2   1.0   9.0   22:00    SE
14  10.1  12.4   13:30   6.1   00:00   8.2   0.0   0.0   4.5  16.0   10:00   SSE
15   8.0   9.0   19:45   6.3    0:15  10.3   0.0   0.0   5.2  16.0   18:00    SE
16   8.2  10.9   13:00   5.8   20:45  10.1   0.0   0.0   2.6  12.0   12:00   SSW
17   5.1   8.9   13:00   1.5    8:30  13.3   0.0   0.0   2.1  16.0   14:00     W
18   6.2   8.5   14:30   3.2    0:15  12.1   0.0   0.0   2.1  14.0    3:15     W
19   6.0   8.6   14:00   3.8    4:00  12.3   0.0   0.2   0.9   9.0   11:15   WNW
20   4.7   6.1   13:45   2.5    8:15  13.6   0.0   0.0   5.6  26.0   23:45     S
21   6.3   8.8   14:15   3.1   22:30  12.0   0.0   0.2   6.5  29.0    3:00    SW
22   5.9   9.2   11:45   3.1    8:45  12.3   0.0   0.0   7.5  30.0   13:00   WSW
23   7.0   8.3   18:00   6.2   23:45   3.4   0.0   0.6  16.6  43.0   18:15     W
24   8.1  10.7   00:00   5.8    1:30  10.2   0.0   0.0  14.7  42.0   12:45   WSW
25  11.7  13.6   10:45   7.8   23:45   6.6   0.0   0.0  13.3  34.0    8:30   WSW
26   6.4   7.8    0:15   5.1    9:00  11.9   0.0   0.4  15.1  51.0   13:45     W
27   3.3   7.6   13:30  -2.1   00:00  15.0   0.0   0.0   2.1  19.0    1:00   WNW
28   0.2   7.3   13:45  -3.9    7:30  18.1   0.0   0.2   1.0  12.0   13:45   WSW
29   1.0   7.2   15:00  -3.0    8:30  17.3   0.0   0.0   0.5   9.0    6:00    NE
30   7.0  12.1   13:45   1.8    2:45  11.3   0.0   0.0   3.6  22.0   19:30     W
31   9.4  10.7   14:30   8.7    6:30   8.9   0.0   0.0   8.9  27.0   12:30     W
-------------------------------------------------------------------------------------
     6.8  15.6     7    -3.9    28   347.3   0.0  10.8   5.1  51.0    26       W

Max >=  32.0:  0
Max <=   0.0:  0
Min <=   0.0:  5
Min <= -18.0:  0
Max Rain: 5.99 ON 08/12/16
Days of Rain: 12 (> .2 mm) 1 (> 2 mm) 0 (> 20 mm)
Heat Base:  18.3  Cool Base:  18.3  Method: Integration

Data updates at regular intervals.