Back to Top

Language: 

NOAA Climate Reports...


Report for 2016 Nov
                   MONTHLY CLIMATOLOGICAL SUMMARY for NOV. 2016

NAME: Delerius   CITY:    STATE:  
ELEV:   100 m  LAT:  53 37' 05" N  LONG:   1 27' 13" W

                   TEMPERATURE (C), RAIN  (mm), WIND SPEED (mph)

                                      HEAT  COOL        AVG
    MEAN                              DEG   DEG         WIND                 DOM
DAY TEMP  HIGH   TIME   LOW    TIME   DAYS  DAYS  RAIN  SPEED HIGH   TIME    DIR
------------------------------------------------------------------------------------
 1   7.6  10.6   15:00   1.3   00:00  10.7   0.0   0.0   2.8  19.0    8:30     N
 2   5.1  10.7   14:30   0.6   23:45  13.2   0.0   0.0   4.0  16.0   10:45    NW
 3   5.8   8.8   12:15   0.6    0:15  12.5   0.0   0.0   3.8  18.0   10:45    SW
 4   7.3  10.4   14:00   3.9   19:00  11.0   0.0   0.4   4.3  16.0    9:45     W
 5   5.8   8.6   11:30   2.8   23:30  12.5   0.0   0.0   9.0  31.0   10:00   WNW
 6   4.4   6.6   15:00   2.5    6:30  13.9   0.0   1.0   7.6  23.0    8:30   WNW
 7   4.3   7.1   11:45   0.9   23:30  14.0   0.0   0.0   5.1  18.0   15:45    NW
 8   3.0   5.8   12:30  -0.3    7:45  15.3   0.0   2.6   2.5  18.0   00:00   WNW
 9   1.9   3.4   17:30   0.5    7:15  16.3   0.0   7.2   2.9  15.0    0:45    NW
10   5.0   8.3   11:30   0.0    0:45  13.3   0.0   2.0   4.9  23.0   11:30   WNW
11   6.4   9.6   14:00   4.1    8:15  11.9   0.0   0.0   4.4  22.0   23:30     S
12   8.4  11.6   14:30   6.2    1:00   9.9   0.0   3.4   6.2  21.0    2:15   WNW
13   8.0  11.2   13:00   4.9    6:00  10.3   0.0   1.2   3.4  14.0    4:30   WNW
14  12.2  14.1   11:15   8.2    0:30   6.1   0.0   0.0   7.2  25.0   11:30     W
15  12.0  14.7    1:15   7.9   21:30   6.3   0.0   0.0   8.1  29.0    6:30   WNW
16   9.3  12.2   10:15   6.4   22:30   9.0   0.0   0.0  10.8  43.0   10:45     W
17   5.6   7.4   10:30   4.1   00:00  12.7   0.0   5.4   8.8  37.0   14:30   WSW
18   3.4   4.8   14:15   2.4    7:45  14.9   0.0   3.6   5.8  27.0    5:15   WSW
19   3.9   7.7   13:00   2.3   20:45  14.3   0.0   0.2   4.8  22.0    4:15   WSW
20   3.3   6.1   13:00  -0.2   23:30  15.0   0.0   3.4   4.3  21.0    9:00   WNW
21   4.4   6.7   20:30   0.1    0:15  13.9   0.0  17.2   4.6  29.0   15:15     N
22   6.1   7.4   13:15   5.3    3:15  12.2   0.0   2.2   3.1  14.0    0:15    NW
23   5.8   7.8   14:15   3.9   23:00  12.5   0.0   0.0   4.2  14.0    6:30     N
24   6.1   7.3   13:00   4.4    0:15  12.2   0.0   0.0   4.7  14.0   15:00   ENE
25   6.6   9.1   13:45   3.9   00:00  11.7   0.0   0.0   2.8  11.0    4:00   ENE
26   3.7   7.6   14:45  -0.2    7:15  14.6   0.0   0.2   0.1   5.0   14:45   WSW
27   6.9   7.9   11:15   5.9    0:15  11.4   0.0   0.0   1.9  13.0   10:00    NE
28   4.3   9.3   13:00  -2.1   00:00  14.0   0.0   0.0   1.7  13.0    3:15    NE
29   0.4   6.8   14:15  -4.3    7:00  17.9   0.0   0.2   1.0  10.0   19:30   WNW
30   5.9   9.4   12:30   1.2    0:15  12.4   0.0   0.0   6.8  27.0   23:30   WNW
-------------------------------------------------------------------------------------
     5.8  14.7    15    -4.3    29   376.1   0.0  50.2   4.7  43.0    16     WNW

Max >=  32.0:  0
Max <=   0.0:  0
Min <=   0.0:  6
Min <= -18.0:  0
Max Rain: 17.20 ON 21/11/16
Days of Rain: 15 (> .2 mm) 9 (> 2 mm) 0 (> 20 mm)
Heat Base:  18.3  Cool Base:  18.3  Method: Integration

Data updates at regular intervals.