Back to Top

Language: 

NOAA Climate Reports...


Report for 2016 Oct
                   MONTHLY CLIMATOLOGICAL SUMMARY for OCT. 2016

NAME: Delerius   CITY:    STATE:  
ELEV:   100 m  LAT:  53 37' 05" N  LONG:   1 27' 13" W

                   TEMPERATURE (C), RAIN  (mm), WIND SPEED (mph)

                                      HEAT  COOL        AVG
    MEAN                              DEG   DEG         WIND                 DOM
DAY TEMP  HIGH   TIME   LOW    TIME   DAYS  DAYS  RAIN  SPEED HIGH   TIME    DIR
------------------------------------------------------------------------------------
 1   9.3  13.0   16:30   5.1    7:45   9.0   0.0   0.4   2.4  18.0   16:45    NW
 2  10.5  16.3   15:15   5.1   00:00   7.8   0.0   0.0   3.7  16.0   11:00    NW
 3   8.9  16.2   15:45   2.2    6:45   9.4   0.0   0.0   1.8  13.0   17:30    SE
 4  13.4  19.1   14:30   7.8    0:15   4.9   0.0   0.0   4.9  25.0   14:00   ESE
 5  12.9  15.7   14:30   8.8   23:45   5.4   0.0   0.0   5.7  24.0   14:00   ESE
 6  11.7  15.4   13:15   8.8    7:45   6.7   0.0   0.0   4.6  24.0   17:00   ENE
 7  12.2  14.2   14:45  10.5    1:15   6.1   0.0   1.0   3.2  13.0    5:00   ENE
 8  11.4  14.1   14:00   8.1    6:45   6.9   0.0   0.0   2.4  12.0   12:15     N
 9   9.9  13.7   13:00   6.7   00:00   8.4   0.0   0.4   2.8  18.0   14:00   NNW
10   7.6  12.2   13:30   3.3    5:15  10.7   0.0   2.2   2.1  15.0   11:15   NNW
11   9.6  13.4   15:00   4.8    3:15   8.7   0.0   0.2   3.3  19.0   18:00    NE
12  10.8  13.3   12:15   9.2    6:45   7.5   0.0   1.8   4.5  16.0   13:45    NE
13   8.9  10.3   14:30   7.8    7:15   9.4   0.0   3.6   3.1  16.0   15:45    NE
14   9.5  12.8   14:30   6.4    7:45   8.8   0.0   0.0   1.9  13.0   13:30     E
15  10.4  14.6   16:15   7.9    7:45   7.9   0.0   0.0   1.7  13.0   12:45   SSE
16  10.9  16.1   15:30   8.3    2:15   7.3   0.0   2.2   4.9  22.0   14:45   SSE
17  12.0  16.0   14:00   8.1   00:00   6.3   0.0   0.0   6.6  28.0   11:15    SW
18  10.0  12.4   12:15   7.8    9:30   8.3   0.0   1.0   8.9  32.0   16:00   WNW
19  10.7  13.0   12:15   8.6   22:30   7.6   0.0   0.2   5.6  19.0    0:45    NW
20  10.5  14.1   13:30   7.8   23:30   7.8   0.0   0.6   3.4  15.0   11:15    NW
21   8.8  12.6   15:15   3.9   00:00   9.5   0.0   0.0   1.7  10.0    2:15    NW
22   8.4  12.6   13:15   3.9    0:15   9.9   0.0   0.2   2.0  14.0   13:15     N
23   8.4  11.0   14:45   6.9    0:30   9.9   0.0   0.4   4.3  18.0   11:45    NE
24   8.3  11.3   14:45   5.0    4:45  10.0   0.0   0.0   1.4  10.0    6:15    NE
25   8.6  12.9   15:00   2.7    7:30   9.8   0.0   0.0   1.5  11.0   14:30   NNW
26  12.6  16.4   14:30   9.4    4:00   5.8   0.0   0.0   5.5  21.0   13:15     W
27  13.1  14.6   15:45   9.8    7:45   5.2   0.0   0.0   8.4  30.0   18:30   WSW
28  13.4  14.2   15:15  12.4   23:00   4.8   0.0   0.0   5.3  31.0    0:30     W
29  13.3  15.3   13:45  12.4    0:15   4.9   0.0   0.0   1.8  12.0   14:00    SW
30  11.9  14.0   13:00  10.1   23:15   6.4   0.0   0.0   0.5   9.0   15:15   SSW
31  11.6  18.5   14:30   7.2   23:45   6.7   0.0   0.0   0.0   4.0   11:00   SSW
-------------------------------------------------------------------------------------
    10.6  19.1     4     2.2     3   237.7   0.0  14.2   3.5  32.0    18      NE

Max >=  32.0:  0
Max <=   0.0:  0
Min <=   0.0:  0
Min <= -18.0:  0
Max Rain: 3.61 ON 13/10/16
Days of Rain: 13 (> .2 mm) 3 (> 2 mm) 0 (> 20 mm)
Heat Base:  18.3  Cool Base:  18.3  Method: Integration

Data updates at regular intervals.