Back to Top

Language: 

NOAA Climate Reports...


Report for 2016 Aug
                   MONTHLY CLIMATOLOGICAL SUMMARY for AUG. 2016

NAME: Delerius   CITY:    STATE:  
ELEV:   100 m  LAT:  53 37' 05" N  LONG:   1 27' 13" W

                   TEMPERATURE (C), RAIN  (mm), WIND SPEED (mph)

                                      HEAT  COOL        AVG
    MEAN                              DEG   DEG         WIND                 DOM
DAY TEMP  HIGH   TIME   LOW    TIME   DAYS  DAYS  RAIN  SPEED HIGH   TIME    DIR
------------------------------------------------------------------------------------
 1  15.4  19.9   11:30  10.4    5:45   3.0   0.1   0.0   4.2  22.0   12:45    SW
 2  16.3  19.3   16:45  13.6    3:00   2.2   0.2   0.2   3.9  15.0   22:45   ESE
 3  18.6  22.1   16:00  15.8    6:45   0.6   0.8   0.8  11.6  40.0   16:15    SW
 4  17.4  20.9   16:45  14.3   23:45   1.4   0.5   0.0  11.2  30.0    1:15   WNW
 5  17.9  22.9   16:00  13.7    1:45   1.6   1.3   0.0   5.7  23.0   13:15   WNW
 6  19.2  24.8   15:00  12.4    6:30   1.6   2.5   0.0   5.5  21.0   20:00   WNW
 7  19.6  22.5   16:00  15.5   23:15   0.3   1.6   0.0  12.3  36.0   00:00     W
 8  15.7  19.7   14:45  12.4   00:00   2.8   0.2   0.0  11.8  32.0    0:15   WNW
 9  14.1  19.7   15:15   9.0    6:00   4.3   0.0   0.0   8.2  32.0   14:30   WNW
10  14.6  19.6   14:00  10.8    5:30   3.8   0.1   2.2   4.4  20.0   14:30     W
11  15.8  19.4   15:30  12.7    2:00   2.5   0.0   1.6  11.4  36.0   12:30     W
12  18.4  22.9   14:45  15.7    7:00   0.9   1.0   0.0  10.2  31.0   22:15     W
13  17.3  20.7   14:15  14.6    7:15   1.3   0.3   0.0   9.5  28.0    6:15   WNW
14  16.8  21.1   16:00  11.1   23:45   2.1   0.5   0.0   3.2  20.0   15:30   WNW
15  16.1  24.1   16:45   7.6    5:30   3.7   1.5   0.0   2.2  16.0   19:15   ESE
16  16.2  23.2   16:15   8.1    6:15   3.4   1.3   0.0   3.4  16.0   12:30   ESE
17  16.1  23.1   17:00   9.5    4:00   3.3   1.1   0.0   2.2  14.0   14:30   ESE
18  17.1  23.6   15:30  10.9    3:00   2.4   1.2   0.0   2.5  21.0   15:30     E
19  15.4  17.3   19:00  13.7    7:00   2.8   0.0   9.2   5.4  20.0   18:00   ESE
20  15.9  20.2   14:30  13.1    6:00   2.4   0.1   1.8  10.5  37.0   13:30   SSW
21  17.1  20.9   16:15  14.9    5:00   1.6   0.4   4.2   8.6  30.0    9:15     W
22  19.4  23.2   17:15  16.4    0:15   0.3   1.4   3.6   7.6  26.0   15:30   WSW
23  21.7  27.9   16:30  17.0    6:45   0.3   3.7   0.0   3.1  20.0   13:15     S
24  20.5  26.3   15:30  15.0    6:15   0.5   2.7   0.0   3.9  14.0    8:00   WNW
25  16.3  17.6   16:45  15.1    6:45   2.0   0.0  12.4   0.9  12.0   23:00    NE
26  17.2  22.2   15:45  12.4   00:00   2.0   0.9   1.4   5.5  23.0   14:00     W
27  14.2  18.9   11:15   8.7    6:30   4.1   0.0   9.6   1.6  12.0   18:45   ENE
28  15.9  20.1   12:45  13.7    6:15   2.5   0.1   0.0   2.1  13.0   19:45   NNE
29  16.4  21.4   16:15  10.7    6:45   2.7   0.8   0.0   4.5  23.0   10:15   WNW
30  17.7  23.2   16:15  11.5    6:00   2.2   1.6   0.0   3.1  19.0   11:15   SSW
31  17.3  21.4   15:00  13.8    5:45   1.8   0.8   0.0   5.2  25.0   14:00     W
-------------------------------------------------------------------------------------
    17.0  27.9    23     7.6    15    66.1  26.6  47.0   6.0  40.0     3     WNW

Max >=  32.0:  0
Max <=   0.0:  0
Min <=   0.0:  0
Min <= -18.0:  0
Max Rain: 12.40 ON 25/08/16
Days of Rain: 11 (> .2 mm) 6 (> 2 mm) 0 (> 20 mm)
Heat Base:  18.3  Cool Base:  18.3  Method: Integration

Data updates at regular intervals.