Back to Top

Language: 

NOAA Climate Reports...


Report for 2016 Jul
                   MONTHLY CLIMATOLOGICAL SUMMARY for JUL. 2016

NAME: Delerius   CITY:    STATE:  
ELEV:   100 m  LAT:  53 37' 05" N  LONG:   1 27' 13" W

                   TEMPERATURE (C), RAIN  (mm), WIND SPEED (mph)

                                      HEAT  COOL        AVG
    MEAN                              DEG   DEG         WIND                 DOM
DAY TEMP  HIGH   TIME   LOW    TIME   DAYS  DAYS  RAIN  SPEED HIGH   TIME    DIR
------------------------------------------------------------------------------------
 1  14.0  18.1   15:45   9.4   23:45   4.3   0.0   1.2   7.0  27.0   16:00     W
 2  12.9  17.7   15:15   8.8    4:45   5.4   0.0   0.6   9.4  32.0   15:15     W
 3  14.7  20.6   14:15   8.8    5:30   4.0   0.3   0.0   5.9  25.0   14:45     W
 4  14.8  21.3   13:45   6.3    4:45   4.0   0.5   1.6   5.3  23.0   11:30    SW
 5  16.2  20.4   14:30  12.1   00:00   2.4   0.2   0.0  10.1  28.0   16:45   WNW
 6  15.5  20.5   16:30   9.3    3:45   3.0   0.2   0.0   4.4  16.0   13:00   WNW
 7  17.8  21.6   17:00  15.1    4:30   1.2   0.7   0.0   7.3  26.0   14:15    SW
 8  16.7  19.9   14:00  13.1   00:00   1.8   0.2   3.2   8.5  30.0   13:00     W
 9  17.7  21.6   17:00  12.8    1:00   1.4   0.8   2.4   7.0  28.0   17:15    SW
10  18.4  21.6   13:45  16.0   00:00   0.5   0.5   2.4   8.7  26.0   13:30    SW
11  16.6  20.1   14:15  14.1   23:45   1.9   0.1   0.0  10.8  34.0   11:45     W
12  15.6  19.5   13:45  11.6   00:00   2.7   0.1   0.0   5.3  19.0   19:30   WNW
13  14.6  18.8   13:45  10.7    3:45   3.8   0.0   0.0   8.0  26.0   12:30   WNW
14  15.8  22.1   15:15  10.3    5:15   3.2   0.7   0.0   6.5  20.0   15:45   WNW
15  15.7  20.4   18:15  10.1    2:45   2.9   0.4   1.4   5.0  27.0   23:45   WSW
16  18.1  20.5   14:00  15.0   00:00   0.6   0.3   0.0   7.5  22.0    0:15     W
17  18.4  23.8   15:15  14.0   00:00   1.4   1.5   0.0   8.1  28.0   18:15     W
18  21.3  27.4   14:30  12.9    1:15   1.1   4.1   0.0   2.4  18.0   10:15   WNW
19  24.9  31.1   16:15  15.8    5:30   0.3   6.9   0.0   4.6  18.0   11:45    SE
20  23.0  28.0   15:45  18.2   00:00   0.0   4.7   0.0   5.2  22.0   14:30   WNW
21  19.3  23.7   12:00  14.3    5:00   0.8   1.9   0.0   3.4  15.0   10:00   WNW
22  20.4  24.8   14:00  16.6    4:45   0.3   2.4   0.0   1.4  11.0   13:45    NW
23  20.9  25.6   17:00  15.2    6:00   0.4   3.0   0.0   2.6  13.0   16:30    NW
24  18.7  22.7   11:15  14.2    5:45   0.9   1.3   0.2   4.3  18.0   18:45   SSW
25  16.5  19.6   16:15  12.1   00:00   1.9   0.1   0.0   6.5  24.0   11:15     W
26  16.8  20.8   15:45  11.6    0:45   2.1   0.5   0.0   4.9  26.0   13:45     W
27  18.4  23.0   13:00  13.1   00:00   1.2   1.3   0.4   8.5  25.0    7:45   WNW
28  14.9  18.8   10:15  11.6    4:45   3.4   0.0   1.6   2.8  20.0   14:15   SSE
29  16.2  18.8   14:15  13.3   00:00   2.2   0.0   3.0   2.5  20.0    9:15     W
30  15.6  20.7   15:30  10.7    6:15   3.0   0.4   0.0   6.0  25.0   15:30   WNW
31  15.8  20.1   13:00  11.7    6:30   2.7   0.3   0.0   7.6  24.0   14:15   WNW
-------------------------------------------------------------------------------------
    17.3  31.1    19     6.3     4    64.7  33.5  18.0   6.0  34.0    11     WNW

Max >=  32.0:  0
Max <=   0.0:  0
Min <=   0.0:  0
Min <= -18.0:  0
Max Rain: 3.20 ON 08/07/16
Days of Rain: 11 (> .2 mm) 4 (> 2 mm) 0 (> 20 mm)
Heat Base:  18.3  Cool Base:  18.3  Method: Integration

Data updates at regular intervals.