Back to Top

Language: 

NOAA Climate Reports...


Report for 2016 Jun
                   MONTHLY CLIMATOLOGICAL SUMMARY for JUN. 2016

NAME: Delerius   CITY:    STATE:  
ELEV:   100 m  LAT:  53 37' 05" N  LONG:   1 27' 13" W

                   TEMPERATURE (C), RAIN  (mm), WIND SPEED (mph)

                                      HEAT  COOL        AVG
    MEAN                              DEG   DEG         WIND                 DOM
DAY TEMP  HIGH   TIME   LOW    TIME   DAYS  DAYS  RAIN  SPEED HIGH   TIME    DIR
------------------------------------------------------------------------------------
1   10.6  12.0   15:00   9.0   00:00   7.8   0.0   0.0   8.7  25.0   15:15     N
2    9.9  14.1   18:00   7.9   00:00   8.4   0.0   0.0   6.7  21.0    0:45     N
3   11.3  16.8   19:15   5.1    5:30   7.0   0.0   0.0   3.7  14.0    1:30     N
4   15.4  20.3   16:15  12.0   00:00   3.1   0.2   0.0   3.8  16.0   22:30   NNE
5   15.0  22.6   17:30   8.9    6:30   4.2   0.9   0.0   2.9  12.0   19:45   ESE
6   17.4  24.8   16:00   8.3    5:00   3.0   2.2   0.0   2.8  13.0   15:30   ESE
7   19.2  26.3   14:00  10.0    5:00   2.1   3.0   0.0   2.4  15.0   20:00   ESE
8   18.1  21.0   14:45  13.6   00:00   1.0   0.7   0.0   3.1  12.0   12:15   ENE
9   16.8  23.5   17:15  10.8    7:00   2.9   1.3   0.6   3.0  12.0   13:30    SE
10  17.4  21.8   15:00  15.3   23:45   1.5   0.6  18.8   1.2  12.0   17:15   ESE
11  14.7  18.1   17:45  12.2    7:45   3.6   0.0   0.2   2.3  12.0    2:30   NNE
12  14.8  17.3   17:45  12.8    5:30   3.5   0.0  11.6   1.6  14.0   14:15   ENE
13  14.0  18.6   16:45  12.3    6:00   4.3   0.0   6.4   2.8  14.0   18:00   NNE
14  13.3  16.3   16:00  11.6    7:45   5.0   0.0   4.0   1.5  11.0    4:30    NE
15  13.4  17.0   15:30  11.3    5:45   4.8   0.0   1.4   2.4  11.0    7:30   NNE
16  13.6  17.2   17:00  11.6    6:00   4.7   0.0   0.2   3.3  14.0   15:15   NNE
17  13.2  16.4   16:15  11.3    6:15   5.1   0.0   1.4   3.8  15.0   19:00   NNE
18  13.6  17.3   14:15  10.4    6:30   4.7   0.0   0.0   4.1  16.0    5:30   NNW
19  14.3  18.0   16:30   7.7    4:15   4.0   0.0   1.0   4.9  24.0   23:15   SSW
20  16.7  20.3   16:30  11.9   00:00   1.9   0.3   0.2   7.1  28.0   16:15     W
21  16.6  22.3   15:00   9.4    4:00   2.7   1.0   0.0   2.9  16.0   17:45    SW
22  17.7  21.7   17:30  12.9    3:45   1.7   1.0   0.0   4.4  18.0    9:30    SW
23  17.9  23.3   15:15  11.9    3:00   1.9   1.5   0.0   2.0  11.0   14:30     W
24  15.8  20.5   13:15  10.6    4:45   2.8   0.3   0.0   4.7  25.0   12:30    SW
25  14.4  18.6   14:45  12.1    5:30   3.9   0.0   1.4   2.3  12.0   14:30    NW
26  15.3  20.0   14:45  11.9    1:15   3.2   0.1   1.6   5.4  22.0   11:00     W
27  15.7  19.1   15:15  12.2   00:00   2.6   0.1   0.0   9.7  30.0    9:15   WNW
28  13.0  17.7   13:30   9.3    5:30   5.3   0.0   5.2   2.0  24.0   14:45    NW
29  12.8  17.9   16:00   9.5    3:15   5.4   0.0   5.4   6.3  31.0   16:45     W
30  14.4  18.5   15:00  10.4    5:45   3.8   0.0   2.0   5.3  19.0   15:30     W
-------------------------------------------------------------------------------------
    14.9  26.3     7     5.1     3   115.8  13.1  61.4   3.9  31.0    29       N

Max >=  32.0:  0
Max <=   0.0:  0
Min <=   0.0:  0
Min <= -18.0:  0
Max Rain: 18.80 ON 10/06/16
Days of Rain: 16 (> .2 mm) 7 (> 2 mm) 0 (> 20 mm)
Heat Base:  18.3  Cool Base:  18.3  Method: Integration

Data updates at regular intervals.