Back to Top

Language: 

NOAA Climate Reports...


Report for 2016 May
                   MONTHLY CLIMATOLOGICAL SUMMARY for MAY. 2016

NAME: Delerius   CITY:    STATE:  
ELEV:   100 m  LAT:  53 37' 05" N  LONG:   1 27' 13" W

                   TEMPERATURE (C), RAIN  (mm), WIND SPEED (mph)

                                      HEAT  COOL        AVG
    MEAN                              DEG   DEG         WIND                 DOM
DAY TEMP  HIGH   TIME   LOW    TIME   DAYS  DAYS  RAIN  SPEED HIGH   TIME    DIR
------------------------------------------------------------------------------------
 1   8.0  11.9   14:15   1.2    3:00  10.3   0.0   0.2   7.7  30.0   14:45   SSW
 2  11.6  15.1   10:45   6.5   00:00   6.8   0.0   0.8  12.2  39.0    9:45    SW
 3   9.2  13.3   18:00   4.2   00:00   9.2   0.0   0.0   9.3  30.0    8:30     W
 4  10.9  17.6   16:30   2.6    3:30   7.4   0.0   0.0   5.4  25.0   14:15    SW
 5  14.3  20.9   15:45   6.1    6:15   4.4   0.4   0.0   4.6  27.0   14:15   SSW
 6  13.2  18.9   14:15   5.3    6:00   5.2   0.1   0.0   1.7  12.0   17:30   ENE
 7  13.4  21.0   15:15   8.4    4:30   5.3   0.4   0.0   3.9  15.0   16:00     N
 8  15.6  25.3   16:00   7.3    5:45   4.4   1.7   0.0   2.7  20.0   16:00   ENE
 9  16.0  24.3   14:15   8.3    5:15   3.6   1.3   0.0   4.8  23.0   16:15   ENE
10  12.7  15.3   11:45  11.0   00:00   5.6   0.0  10.4   5.1  21.0   10:30   ENE
11  12.9  17.3   15:00  10.6    5:15   5.4   0.0   1.4   4.5  18.0   14:30   ENE
12  14.4  21.4   15:30   9.8    5:45   4.4   0.5   0.6   6.7  22.0   14:15   NNE
13   9.8  13.1   10:30   6.9   00:00   8.5   0.0   0.0   6.3  22.0   11:30     N
14   9.1  13.6   17:00   4.6    4:30   9.2   0.0   0.0   3.1  19.0   10:30     N
15   9.5  15.3   15:45   1.6    5:00   8.8   0.0   0.0   2.4  12.0   14:30   ESE
16  10.4  15.5   13:45   3.7    5:00   7.9   0.0   0.0   5.4  21.0   18:15   WNW
17  12.9  18.6   16:30   5.1    6:00   5.4   0.0   0.4   4.7  24.0   17:15    SW
18  12.4  15.2   15:30   9.9   00:00   5.8   0.0   1.8   5.2  22.0    1:00   SSW
19  12.7  18.0   13:15   7.4    4:45   5.6   0.0   1.8   6.2  25.0   13:45    SW
20  14.2  18.1   15:00  11.8    3:45   4.1   0.0   0.6   6.5  22.0   15:45    SW
21  13.6  17.4   12:00  11.6    2:00   4.7   0.0  11.2   7.5  31.0   11:15   SSW
22  13.5  19.1   13:30   8.1    5:15   4.8   0.0   0.0   5.0  24.0   15:30   WNW
23  12.8  18.1   11:45   7.9    5:00   5.5   0.0   1.0   5.1  21.0    9:30   WNW
24  10.7  16.3   13:15   3.8    5:15   7.6   0.0   0.0   3.8  22.0   19:45   NNE
25   8.9  10.2   13:30   8.2    3:00   9.4   0.0   3.8   4.9  20.0    9:45     N
26  11.4  14.9   18:15   8.6    0:15   6.9   0.0   0.6   2.1  11.0    2:00   WNW
27  12.5  16.9   16:15   7.6    1:30   5.8   0.0   0.0   1.8  12.0   16:45     N
28  12.4  17.4   16:30   5.6    5:45   5.9   0.0   0.0   1.9  12.0   15:00   ENE
29  11.7  17.6   16:30   5.8    5:45   6.6   0.0   0.0   3.7  16.0   19:45   NNE
30  12.7  16.9   16:30   9.1    6:30   5.6   0.0   0.0   6.9  24.0   17:00     N
31  11.1  12.2   15:45   9.7    3:30   7.2   0.0   0.2   8.7  27.0   12:00   NNW
-------------------------------------------------------------------------------------
    12.1  25.3     8     1.2     1   197.2   4.3  34.8   5.2  39.0     2       N

Max >=  32.0:  0
Max <=   0.0:  0
Min <=   0.0:  0
Min <= -18.0:  0
Max Rain: 11.20 ON 21/05/16
Days of Rain: 14 (> .2 mm) 3 (> 2 mm) 0 (> 20 mm)
Heat Base:  18.3  Cool Base:  18.3  Method: Integration

Data updates at regular intervals.