Back to Top

Language: 

NOAA Climate Reports...


Report for 2016 Apr
                   MONTHLY CLIMATOLOGICAL SUMMARY for APR. 2016

NAME: Delerius   CITY:    STATE:  
ELEV:   100 m  LAT:  53 37' 05" N  LONG:   1 27' 13" W

                   TEMPERATURE (C), RAIN  (mm), WIND SPEED (mph)

                                      HEAT  COOL        AVG
    MEAN                              DEG   DEG         WIND                 DOM
DAY TEMP  HIGH   TIME   LOW    TIME   DAYS  DAYS  RAIN  SPEED HIGH   TIME    DIR
------------------------------------------------------------------------------------
 1   6.3  10.6   13:15  -0.1    4:15  12.0   0.0   0.2   7.8  35.0   14:15   SSW
 2   8.7  12.7   18:00   6.9    6:15   9.6   0.0   3.2   6.7  25.0    2:30   SSW
 3   9.8  15.1   16:00   5.6    5:30   8.5   0.0   1.4   4.1  21.0   16:15   ESE
 4   9.7  13.4   14:00   6.1   23:30   8.6   0.0   2.4   3.4  29.0   15:45   ESE
 5   8.8  13.1   17:15   5.4    1:00   9.5   0.0   0.0   8.5  31.0   15:00     W
 6   7.2  10.3   10:15   3.8   20:15  11.2   0.0   2.4  13.1  46.0   16:00     W
 7   7.8  13.7   15:30   3.8    3:30  10.5   0.0   1.2   8.9  28.0   15:15   WNW
 8   9.2  13.2   17:15   3.9    5:45   9.1   0.0   0.2   3.1  19.0   13:30   NNW
 9   7.6  12.2   13:45   3.1   00:00  10.8   0.0   1.0   5.1  19.0    2:30   WNW
10   6.1  12.7   14:30  -1.4    6:30  12.2   0.0   0.0   4.4  22.0   16:30   ESE
11   9.0  15.1   13:30   5.3    0:15   9.3   0.0   0.8   6.3  23.0   15:45   ENE
12   8.1   9.9   18:15   4.5   00:00  10.2   0.0   4.8   3.0  16.0   15:15   WNW
13   8.8  16.4   15:30   1.4    5:30   9.5   0.0   0.0   2.5  15.0   12:45    NW
14   8.2  11.5   14:15   5.2    6:00  10.1   0.0   0.0   2.6  15.0   18:15    NE
15   6.7   9.4   12:15   2.6   00:00  11.6   0.0   6.4   2.3  15.0   22:00     N
16   4.6  10.1   15:00   2.0    2:45  13.7   0.0   2.6   6.1  22.0   14:30   NNW
17   6.7  12.5   13:45   0.9    5:45  11.6   0.0   0.0   5.4  22.0   13:45   WNW
18   8.8  13.0   17:30   5.6    0:15   9.5   0.0   0.0   9.4  29.0    8:30     W
19   9.0  14.9   17:30   0.8    6:15   9.3   0.0   0.0   3.2  14.0   20:45   ESE
20   9.7  15.8   16:45   0.9    6:15   8.6   0.0   0.0   3.3  18.0   14:45   ESE
21   9.3  16.9   16:00   1.0    6:15   9.0   0.0   0.0   3.0  15.0   16:15     E
22   7.7  11.7   14:15   4.3   00:00  10.6   0.0   0.0   3.7  14.0   14:15   ENE
23   6.2  10.9   15:30   1.9    6:15  12.1   0.0   0.0   4.0  21.0   16:45    NW
24   6.6  10.4   14:45   1.6    5:00  11.8   0.0   0.6   4.4  20.0   12:45    NW
25   6.4  11.2   12:30   3.1   22:15  11.8   0.0   1.2   6.6  26.0   23:30   WNW
26   4.7   9.4   13:45   1.9    6:45  13.6   0.0   1.6   8.2  29.0   12:00    NW
27   3.8   9.1   11:15  -0.1   00:00  14.5   0.0   3.0   4.1  21.0   16:15   WNW
28   3.6   8.9   11:15  -1.1    2:00  14.7   0.0   5.2   6.4  25.0   13:15   WNW
29   4.8   9.2   17:15   1.6    3:15  13.5   0.0   0.8  11.2  38.0   10:30     W
30   6.6  11.6   11:45   1.9    5:15  11.7   0.0   1.4   5.3  35.0   13:30   WNW
-------------------------------------------------------------------------------------
     7.4  16.9    21    -1.4    10   328.5   0.0  40.3   5.5  46.0     6     WNW

Max >=  32.0:  0
Max <=   0.0:  0
Min <=   0.0:  4
Min <= -18.0:  0
Max Rain: 6.40 ON 15/04/16
Days of Rain: 19 (> .2 mm) 8 (> 2 mm) 0 (> 20 mm)
Heat Base:  18.3  Cool Base:  18.3  Method: Integration

Data updates at regular intervals.