Back to Top

Language: 

NOAA Climate Reports...


Report for 2016 Mar
                   MONTHLY CLIMATOLOGICAL SUMMARY for MAR. 2016

NAME: Delerius   CITY:    STATE:  
ELEV:   100 m  LAT:  53 37' 05" N  LONG:   1 27' 13" W

                   TEMPERATURE (C), RAIN  (mm), WIND SPEED (mph)

                                      HEAT  COOL        AVG
    MEAN                              DEG   DEG         WIND                 DOM
DAY TEMP  HIGH   TIME   LOW    TIME   DAYS  DAYS  RAIN  SPEED HIGH   TIME    DIR
------------------------------------------------------------------------------------
 1   8.2  11.8   13:30   3.8    0:15  10.1   0.0   1.8  11.6  37.0   21:30     W
 2   4.4   7.1   15:00   1.6    2:00  13.9   0.0   3.8  12.9  38.0   00:00   WNW
 3   4.9   8.4   12:30   0.4    7:15  13.4   0.0   3.4   6.2  33.0    0:45   WNW
 4   1.9   3.4    0:15   0.8    7:15  16.4   0.0  18.8   4.5  22.0   22:30   WNW
 5   3.8   7.2   14:00   1.8   23:30  14.5   0.0   1.8   5.3  24.0   13:00    NW
 6   2.7   5.8   13:30  -0.2   22:30  15.6   0.0   0.2   3.1  15.0   14:15    NW
 7   2.9   8.2   15:45  -1.4   00:00  15.4   0.0   0.0   4.9  20.0   10:30    NW
 8   3.3   7.8   14:00  -2.7    3:30  15.0   0.0   1.2   2.3  23.0   14:00    SW
 9   4.8   5.3   17:30   4.1    8:45  13.5   0.0   9.4   6.5  27.0   12:15     N
10   5.4   7.0   17:00   4.1    7:15  12.8   0.0   0.0   3.0  19.0    2:30   NNW
11   6.4   9.8   13:15   4.2    6:30  11.8   0.0   0.0   1.6  14.0   13:00     S
12   8.5  13.4   13:30   2.4    6:00   9.8   0.0   0.0   1.9  12.0    9:45   SSE
13   6.6  10.6   14:15   1.1   00:00  11.7   0.0   0.0   1.4  11.0   12:15   ESE
14   6.0  10.8   13:45   1.1    0:15  12.3   0.0   0.0   3.1  16.0   16:00   ENE
15   6.5   9.6   16:15   4.6    7:00  11.8   0.0   0.0   3.6  15.0   13:30    NE
16   6.5  11.3   13:30   4.6   21:30  11.8   0.0   0.0   5.6  20.0   12:30     E
17   5.5  10.7   16:15   0.4   00:00  12.8   0.0   0.0   1.3   9.0    0:30   ENE
18   4.7   7.1   16:15   0.1    1:00  13.6   0.0   0.0   3.1  15.0   16:15   NNE
19   6.2   7.7   13:45   4.9   00:00  12.1   0.0   0.0   3.6  18.0   10:30   NNE
20   8.3  12.6   13:00   4.4    2:45  10.0   0.0   0.0   1.7  12.0   10:15    NW
21   7.1  11.0   16:15   3.6    5:30  11.2   0.0   0.0   6.3  21.0   14:45   WNW
22   6.7   9.8   14:45   2.2    4:00  11.6   0.0   0.0   2.9  11.0   13:00   WNW
23   6.8   8.8   13:30   3.3   23:00  11.4   0.0   0.0   3.4  14.0   17:00   WNW
24   7.8  10.2   15:00   3.3    1:00  10.5   0.0   0.0   6.5  26.0   12:45    SW
25   9.7  14.4   15:45   4.7    4:30   8.6   0.0   0.0   7.4  30.0   23:15   WNW
26   9.1  13.6   15:45   6.2   00:00   9.2   0.0   2.2  12.6  38.0   20:30     S
27   7.1  11.6   14:00   5.1    5:45  10.8   0.0   1.6  10.6  39.0   14:00   SSW
28   6.1   8.3   13:15   2.7    7:30  12.3   0.0  15.6  10.4  34.0   15:00     W
29   6.3  11.2   15:30   3.1   00:00  12.0   0.0   0.2   6.6  27.0   14:15    SW
30   6.5  11.5   17:00   1.9   23:30  11.8   0.0   0.0   6.5  23.0   12:30     W
31   6.4  13.3   17:15  -0.7    6:45  11.9   0.0   0.0   1.6  15.0   17:15   WNW
-------------------------------------------------------------------------------------
     6.0  14.4    25    -2.7     8   379.5   0.0  60.0   5.2  39.0    27     WNW

Max >=  32.0:  0
Max <=   0.0:  0
Min <=   0.0:  4
Min <= -18.0:  0
Max Rain: 18.80 ON 04/03/16
Days of Rain: 12 (> .2 mm) 6 (> 2 mm) 0 (> 20 mm)
Heat Base:  18.3  Cool Base:  18.3  Method: Integration

Data updates at regular intervals.