Back to Top

Language: 

NOAA Climate Reports...


Report for 2016 Feb
                   MONTHLY CLIMATOLOGICAL SUMMARY for FEB. 2016

NAME: Delerius   CITY:    STATE:  
ELEV:   100 m  LAT:  53 37' 05" N  LONG:   1 27' 13" W

                   TEMPERATURE (C), RAIN  (mm), WIND SPEED (mph)

                                      HEAT  COOL        AVG
    MEAN                              DEG   DEG         WIND                 DOM
DAY TEMP  HIGH   TIME   LOW    TIME   DAYS  DAYS  RAIN  SPEED HIGH   TIME    DIR
------------------------------------------------------------------------------------
 1  11.2  13.8   12:15   8.0   23:15   7.1   0.0   0.0  17.7  47.0   13:00   WSW
 2   5.8   8.1    0:15   2.7   20:30  12.5   0.0   1.0  15.5  44.0    2:00     W
 3   4.6   8.3   14:45   1.8    5:30  13.8   0.0   1.4   8.2  25.0    4:00     W
 4   8.9  10.9   11:45   4.1    2:45   9.3   0.0   0.2  10.7  36.0    7:00   WNW
 5   9.6  11.0   11:45   6.3   23:45   8.7   0.0   0.6  11.0  33.0   11:00    SW
 6   6.8  10.8   14:15   3.2    5:15  11.5   0.0   7.8   7.4  41.0   13:45   SSW
 7   6.0   8.7   13:30   3.6    6:30  12.3   0.0   2.8  13.1  43.0   20:30    SW
 8   6.1   7.7   12:45   5.0    6:30  12.2   0.0   6.8  15.4  43.0   13:30     W
 9   4.8   7.3   13:00   3.6    8:15  13.5   0.0   0.2  11.0  33.0    1:15   WSW
10   4.8   8.6   14:30   2.0   23:00  13.5   0.0   0.0   7.6  24.0   12:45   WNW
11   2.9   9.4   13:45  -1.3   22:00  15.4   0.0   0.0   1.8  18.0   14:30   WNW
12   2.2   5.4   15:00  -1.7    6:45  16.1   0.0   0.0   0.7   8.0   16:30   ENE
13   3.1   5.2   13:00   1.1    4:00  15.3   0.0   0.2   3.8  16.0   13:45   ENE
14   2.6   5.8   12:00   0.3   23:45  15.7   0.0   0.0   5.4  20.0   13:00   NNE
15   2.1   6.0   12:45  -2.0   23:45  16.2   0.0   0.0   5.4  22.0   10:30    NW
16   2.6   6.7   13:45  -3.4    3:30  15.7   0.0   0.2   8.2  34.0   14:00   SSW
17   4.3   5.4   14:15   3.1   22:15  14.0   0.0   3.8   5.9  27.0    0:15     S
18   3.2   7.8   13:15  -0.4    7:45  15.1   0.0   0.0   4.0  22.0   12:30   WNW
19   4.8   9.3   21:45  -0.1    5:30  13.5   0.0   0.6   8.3  36.0   17:45   SSW
20   8.1   8.9   21:30   7.2    7:00  10.2   0.0   0.2  14.3  38.0    5:00     W
21  10.8  15.2   12:15   7.1   00:00   7.5   0.0   0.6  12.9  45.0   12:00     W
22   5.7   8.4   12:45   3.7    7:30  12.6   0.0   0.0   9.9  35.0   10:45   WNW
23   4.1   8.7   13:15  -1.3   00:00  14.2   0.0   0.0   3.2  16.0   16:00    NW
24   2.1   7.5   15:00  -4.2    7:30  16.2   0.0   0.0   2.0  14.0   15:00   WNW
25   3.1   7.3   13:00  -1.4    7:15  15.2   0.0   0.2   2.4  18.0   13:30    NW
26   3.0   5.7   14:45   1.1   23:45  15.3   0.0   0.0   2.4  15.0   12:15    SE
27   2.7   5.2   12:45   0.6    6:00  15.6   0.0   0.0   2.2  15.0   13:15    NE
28   2.8   8.2   15:15  -2.4   23:30  15.5   0.0   0.0   2.5  14.0   11:45   ENE
29   2.6   7.1   13:15  -3.0    2:30  15.7   0.0   1.0   5.1  27.0   23:30   SSW
-------------------------------------------------------------------------------------
     4.9  15.2    21    -4.2    24   389.4   0.0  27.6   7.5  47.0     1       W

Max >=  32.0:  0
Max <=   0.0:  0
Min <=   0.0: 11
Min <= -18.0:  0
Max Rain: 7.80 ON 06/02/16
Days of Rain: 16 (> .2 mm) 4 (> 2 mm) 0 (> 20 mm)
Heat Base:  18.3  Cool Base:  18.3  Method: Integration

Data updates at regular intervals.