Back to Top

Language: 

NOAA Climate Reports...


Report for 2016 Jan
                   MONTHLY CLIMATOLOGICAL SUMMARY for JAN. 2016

NAME: Delerius   CITY:    STATE:  
ELEV:   100 m  LAT:  53 37' 05" N  LONG:   1 27' 13" W

                   TEMPERATURE (C), RAIN  (mm), WIND SPEED (mph)

                                      HEAT  COOL        AVG
    MEAN                              DEG   DEG         WIND                 DOM
DAY TEMP  HIGH   TIME   LOW    TIME   DAYS  DAYS  RAIN  SPEED HIGH   TIME    DIR
------------------------------------------------------------------------------------
 1   3.3   6.4   23:15   0.3    6:00  15.0   0.0   4.4   5.4  30.0   21:30   ESE
 2   7.7   8.5   15:30   6.3    0:15  10.6   0.0   5.4   6.8  26.0    0:15   ESE
 3   6.7   8.0    0:15   4.7   00:00  11.6   0.0   7.6   3.9  26.0   15:15   ESE
 4   5.4   6.7   19:45   3.8    3:00  12.9   0.0   2.4   3.0  12.0   16:15   ESE
 5   6.7   7.3   13:15   6.3    0:45  11.6   0.0   3.0   2.1  13.0    1:45   ESE
 6   6.7   7.6   13:45   5.6   00:00  11.6   0.0   0.8   1.9  18.0   00:00    SE
 7   5.4   6.7   11:45   3.6   23:00  12.9   0.0   9.0  11.3  38.0   14:15    SE
 8   4.8   7.6   14:00   3.2    3:15  13.5   0.0   0.0   4.1  21.0    1:00   SSW
 9   6.6   8.9   13:45   3.4    2:00  11.7   0.0   4.8   6.9  41.0   20:45    SE
10   5.5   8.1   13:30   3.4   22:30  12.8   0.0   0.2   9.8  37.0    6:00    SW
11   2.9   4.5   15:30   1.9    7:15  15.4   0.0   0.2   2.5  15.0    1:45    NW
12   4.9   6.6   11:15   3.4    0:15  13.3   0.0   0.8   7.8  25.0   14:00   WNW
13   3.7   6.1   14:00   1.7    7:30  14.6   0.0   0.6   5.8  22.0    2:45   WNW
14   2.4   3.3    0:15   1.1   23:45  15.9   0.0   0.2   9.2  36.0   15:00   WNW
15   2.2   5.7   13:15   0.1    6:30  16.1   0.0   0.0   8.0  26.0   13:15   WNW
16   1.6   5.0   13:00  -0.5    9:15  16.7   0.0   0.0   2.3  16.0    2:00   WNW
17   0.7   1.9   00:00  -0.4    7:00  17.6   0.0   2.0   2.9  16.0   18:15    SE
18   2.6   3.4   14:15   1.8    4:15  15.8   0.0   0.0   2.7  11.0    2:30    SE
19   3.6   5.4   15:00   2.3    7:30  14.7   0.0   0.0   0.2   6.0   11:45     S
20   2.7   8.2   13:00  -2.0   22:15  15.6   0.0   0.0   0.3   8.0   15:30    NW
21   2.0   5.3   19:45  -2.1    0:45  16.3   0.0   0.2   4.4  22.0   23:15   ESE
22   7.5  11.8   15:00   4.7    0:15  10.8   0.0   1.8  10.1  28.0    8:30   WSW
23   8.3  10.8   13:00   5.3    7:45   9.9   0.0   2.0   7.4  28.0   21:45   SSW
24  12.6  14.9   15:15   9.0    0:15   5.7   0.0   0.0   7.8  28.0   22:15   WSW
25  10.9  13.9   15:00   6.9   23:45   7.3   0.0   0.2  10.1  38.0   15:15   SSW
26   9.9  13.0   17:00   6.1    2:45   8.4   0.0   0.0  15.8  51.0   11:15    SW
27  10.0  13.9   11:30   3.2   00:00   8.3   0.0   1.2  17.1  47.0   12:45    SW
28   6.5  10.8   00:00   3.3    8:00  11.8   0.0   1.0  12.0  40.0   23:30    SW
29  10.4  12.1   11:15   8.3   23:45   7.9   0.0   0.0  16.6  49.0   11:15   WSW
30   4.3   8.3    0:15   1.8   16:45  14.0   0.0   5.6  12.5  39.0   12:45     W
31   6.6  12.2   23:00   2.7    2:15  11.8   0.0   1.4   7.9  38.0   21:15    SW
-------------------------------------------------------------------------------------
     5.7  14.9    24    -2.1    21   392.2   0.0  54.8   7.1  51.0    26      SW

Max >=  32.0:  0
Max <=   0.0:  0
Min <=   0.0:  4
Min <= -18.0:  0
Max Rain: 8.99 ON 07/01/16
Days of Rain: 22 (> .2 mm) 10 (> 2 mm) 0 (> 20 mm)
Heat Base:  18.3  Cool Base:  18.3  Method: Integration

Data updates at regular intervals.