Back to Top

Language: 

NOAA Climate Reports...


Report for 2016
                            ANNUAL CLIMATOLOGICAL SUMMARY

NAME: Delerius  CITY:    STATE:   
ELEV:   100 m  LAT:  53 37' 05" N  LONG:   1 27' 13" W

               TEMPERATURE (C), HEAT BASE 18.3, COOL BASE 18.3
                          DEP.  HEAT  COOL                                          
        MEAN  MEAN        FROM  DEG   DEG                        MAX  MAX  MIN  MIN 
 YR MO  MAX   MIN   MEAN  NORM  DAYS  DAYS  HI  DATE  LOW  DATE  >=32 <=0  <=0  <=-18 
------------------------------------------------------------------------------------
 16  1   8.2   3.2   5.7   0.0   392     0  14.9  24  -2.1   21    0    0    4    0
 16  2   8.2   1.5   4.9   0.0   389     0  15.2  21  -4.2   24    0    0   11    0
 16  3   9.7   2.4   6.0   0.0   380     0  14.4  25  -2.7    8    0    0    4    0
 16  4  12.2   2.7   7.4   0.0   328     0  16.9  21  -1.4   10    0    0    4    0
 16  5  17.0   7.0  12.1   0.0   197     4  25.3   8   1.2    1    0    0    0    0
 16  6  19.3  10.8  14.9   0.0   116    13  26.3   7   5.1    3    0    0    0    0
 16  7  21.7  12.5  17.3   0.0    65    34  31.1  19   6.3    4    0    0    0    0
 16  8  21.6  12.7  17.0   0.0    66    27  27.9  23   7.6   15    0    0    0    0
 16  9  20.5  11.8  16.0   0.0    88    18  28.8  13   7.2   18    0    0    0    0
 16 10  14.2   7.3  10.6   0.0   238     0  19.1   4   2.2    3    0    0    0    0
 16 11   8.6   2.6   5.8   0.0   376     0  14.7  15  -4.3   29    0    0    6    0
 16 12   9.6   3.8   6.8   0.0   347     0  15.6   7  -3.9   28    0    0    5    0
------------------------------------------------------------------------------------
        14.3   6.6  10.4   0.0  2983    96  31.1 JUL  -4.3  NOV    0    0   34    0

                                PRECIPITATION (mm)

               DEP.   MAX        DAYS OF RAIN 
               FROM   OBS.          OVER
 YR MO  TOTAL  NORM   DAY  DATE  .2   2   20
---------------------------------------------
 16  1  54.8    0.0   9.0    7   22   10    0
 16  2  27.6    0.0   7.8    6   16    4    0
 16  3  60.0    0.0  18.8    4   12    6    0
 16  4  40.3    0.0   6.4   15   19    8    0
 16  5  34.8    0.0  11.2   21   14    3    0
 16  6  61.4    0.0  18.8   10   16    7    0
 16  7  18.0    0.0   3.2    8   11    4    0
 16  8  47.0    0.0  12.4   25   11    6    0
 16  9  29.9    0.0   7.6    3   13    6    0
 16 10  14.2    0.0   3.6   13   13    3    0
 16 11  50.2    0.0  17.2   21   15    9    0
 16 12  10.8    0.0   6.0    8   12    1    0
---------------------------------------------
       449.2   0.0  18.8  MAR  174   67    0

                                WIND SPEED (mph)
                          DOM
 YR MO   AVG.  HI   DATE  DIR
---------------------------------
 16  1   7.1  51.0   26    SW
 16  2   7.5  47.0    1     W
 16  3   5.2  39.0   27   WNW
 16  4   5.5  46.0    6   WNW
 16  5   5.2  39.0    2     N
 16  6   3.9  31.0   29     N
 16  7   6.0  34.0   11   WNW
 16  8   6.0  40.0    3   WNW
 16  9   5.1  40.0   13     W
 16 10   3.5  32.0   18    NE
 16 11   4.7  43.0   16   WNW
 16 12   5.1  51.0   26     W
---------------------------------
         5.4  51.0  JAN  WNW

Data updates at regular intervals.