Back to Top

Language: 

NOAA Climate Reports...


Report for 2015 Dec
                   MONTHLY CLIMATOLOGICAL SUMMARY for DEC. 2015

NAME: Delerius   CITY:    STATE:  
ELEV:   100 m  LAT:  53 37' 05" N  LONG:   1 27' 13" W

                   TEMPERATURE (C), RAIN  (mm), WIND SPEED (mph)

                                      HEAT  COOL        AVG
    MEAN                              DEG   DEG         WIND                 DOM
DAY TEMP  HIGH   TIME   LOW    TIME   DAYS  DAYS  RAIN  SPEED HIGH   TIME    DIR
------------------------------------------------------------------------------------
 1   9.2  13.9   12:30   3.5    0:45   9.1   0.0   1.8   6.8  30.0   12:00   WSW
 2  11.0  12.8   12:45   9.0   00:00   7.3   0.0   0.0   8.3  35.0   13:15    SW
 3   9.6  12.6   15:15   6.5   00:00   8.7   0.0   7.0   6.9  38.0   19:00     S
 4   9.6  11.9   23:45   6.1    0:45   8.7   0.0   0.0  16.1  47.0   21:15    SW
 5  12.0  12.8   23:45  10.7    6:15   6.3   0.0   0.6  18.8  46.0   15:45    SW
 6   9.8  13.7   10:15   5.3   20:30   8.5   0.0   0.4  10.5  45.0    0:15    SW
 7  10.0  14.5   13:15   6.2    0:15   8.3   0.0   0.2   5.8  25.0   18:45    SE
 8  10.1  12.5    7:30   5.2   00:00   8.3   0.0   0.6  10.4  30.0   19:30    SW
 9   8.2  11.3   23:45   4.7    6:30  10.1   0.0   0.0  12.3  41.0   12:30   SSW
10   7.9  11.4    0:30   5.2   21:15  10.4   0.0   2.2  10.2  39.0    2:00    SW
11   6.0   8.4   13:00   4.4    4:30  12.3   0.0   1.0  10.9  35.0   12:45   WSW
12   4.8  11.8   15:30   2.7   18:30  13.5   0.0  14.0   6.1  32.0   15:30    NW
13   2.6   5.7   00:00  -0.8    7:45  15.7   0.0   1.0   1.0  11.0   23:30    SE
14   7.2   8.4   13:45   5.7    0:15  11.1   0.0   0.6   1.6  10.0   12:45     S
15   8.3  11.0   00:00   7.1    4:15  10.0   0.0   0.8   4.0  19.0   19:45   ESE
16  12.6  13.7   17:15  11.0    0:15   5.7   0.0   0.8   8.4  28.0    9:00   WSW
17  12.9  14.4   14:15  11.4   00:00   5.4   0.0   0.0   9.7  30.0    7:45    SW
18  11.8  12.9   12:15  10.6    7:15   6.5   0.0   0.0  11.2  32.0   23:30    SW
19  14.2  15.4    9:00  12.3    0:15   4.1   0.0   0.4  13.2  42.0   22:00   SSW
20  10.8  14.4    0:45   8.2   00:00   7.5   0.0   0.2  14.4  40.0    0:30    SW
21   8.1  11.1   14:15   6.0    8:15  10.2   0.0   2.2  13.2  43.0   14:30    SW
22  11.1  14.0    9:00   8.7    1:45   7.2   0.0   4.8  14.0  44.0   10:45    SW
23   8.1   9.4   12:00   6.6    8:00  10.2   0.0   1.2  12.1  36.0   23:00    SW
24   7.9  11.4    8:45   4.3   22:15  10.4   0.0   1.8  13.4  41.0    8:00   WSW
25   7.6  13.8   23:30   4.1    0:30  10.7   0.0   4.6   8.7  35.0   19:15    SW
26  13.1  14.7   14:15   9.2   23:15   5.2   0.0   3.6  12.2  40.0   19:00    SW
27   8.3  10.6   22:15   4.3    9:00  10.0   0.0   0.2   2.9  20.0    1:45     W
28   9.7  11.2    3:30   8.8   19:45   8.6   0.0   0.0   8.1  24.0   19:30    SE
29  10.0  11.7   13:15   8.3   18:30   8.3   0.0   0.0   9.8  34.0   00:00   SSW
30  10.1  12.8    6:15   6.3   00:00   8.2   0.0   7.4  12.4  47.0   10:45     S
31   6.1   8.9   15:30   3.7   23:45  12.3   0.0   2.2   9.1  36.0   15:00    SW
-------------------------------------------------------------------------------------
     9.3  15.4    19    -0.8    13   278.7   0.0  59.6   9.8  47.0     4      SW

Max >=  32.0:  0
Max <=   0.0:  0
Min <=   0.0:  1
Min <= -18.0:  0
Max Rain: 14.00 ON 12/12/15
Days of Rain: 24 (> .2 mm) 9 (> 2 mm) 0 (> 20 mm)
Heat Base:  18.3  Cool Base:  18.3  Method: Integration

Data updates at regular intervals.