Back to Top

Language: 

NOAA Climate Reports...


Report for 2015 Nov
                   MONTHLY CLIMATOLOGICAL SUMMARY for NOV. 2015

NAME: Delerius   CITY:    STATE:  
ELEV:   100 m  LAT:  53 37' 05" N  LONG:   1 27' 13" W

                   TEMPERATURE (C), RAIN  (mm), WIND SPEED (mph)

                                      HEAT  COOL        AVG
    MEAN                              DEG   DEG         WIND                 DOM
DAY TEMP  HIGH   TIME   LOW    TIME   DAYS  DAYS  RAIN  SPEED HIGH   TIME    DIR
------------------------------------------------------------------------------------
 1  11.7  19.0   14:15   7.7    8:00   6.7   0.0   0.2   0.9  11.0   12:00   NNE
 2   7.8  10.2   12:15   4.1    7:45  10.5   0.0   0.2   1.0   8.0   14:45    SE
 3   7.9   9.3   15:00   6.1    3:15  10.3   0.0   0.8   2.1  13.0    4:30    SE
 4  10.2  12.1   13:00   8.9    0:15   8.1   0.0   0.2   0.8  11.0   15:15    SE
 5  11.9  14.1   15:15   8.3    2:30   6.4   0.0   1.4   3.3  15.0   11:45   SSE
 6  13.8  16.4   16:15  12.2   22:45   4.5   0.0   0.2   7.4  25.0   10:30    SW
 7  12.2  16.7   12:00   8.4   23:30   6.1   0.0   6.4   8.9  39.0   11:30     W
 8  10.4  15.4   17:15   6.8    3:45   7.9   0.0   5.4   8.6  38.0   16:00     S
 9  12.4  16.0   22:15   7.5    4:15   5.9   0.0   1.2  14.7  41.0   22:30    SW
10  16.2  18.6   13:45  14.6   23:15   2.1   0.0   0.0  16.2  38.0    3:45   WSW
11  14.0  15.3   11:45  11.2   00:00   4.3   0.0   0.0  11.4  29.0    4:30    SW
12  11.7  14.3   13:15   8.8    6:30   6.6   0.0   0.4  10.9  35.0   20:00   SSW
13   7.3  10.2    0:45   4.8   15:15  10.9   0.0   2.4  15.8  40.0   14:30   WSW
14   8.6  14.4   21:45   5.4    3:45   9.8   0.0   6.6   9.4  36.0   21:45   WSW
15  14.7  15.8   12:00  13.4   23:45   3.6   0.0   2.6  17.6  50.0    6:30   WSW
16  10.1  14.2    2:00   8.3   22:00   8.2   0.0   0.0  10.8  39.0    1:45    SW
17  10.1  14.2   16:00   8.2    1:15   8.2   0.0   1.8  11.7  50.0   23:30   WSW
18  10.4  13.3   12:00   8.1    4:00   7.9   0.0   2.8  15.3  50.0   20:15   WSW
19   8.6  10.6   11:15   6.1   23:30   9.7   0.0   0.8  13.6  40.0    0:45     W
20   4.6   7.2   13:45   2.5   22:15  13.7   0.0   4.0   8.8  38.0   16:30   WNW
21   1.8   4.5   13:00  -2.1   00:00  16.5   0.0   4.4   8.9  32.0    6:45    NW
22   2.3   5.4   13:15  -2.1    0:15  16.0   0.0   0.2   3.4  15.0   15:30    NW
23   3.5   7.0   23:15  -0.8    1:45  14.8   0.0   1.2   5.1  28.0   22:00    SW
24   7.3   9.1   11:45   5.8   20:15  11.0   0.0   1.0   8.3  24.0   10:15     W
25   7.8  11.1   13:30   5.8    2:45  10.4   0.0   0.0   6.9  25.0    9:00   WNW
26   9.4  12.1   12:00   6.3    8:30   8.9   0.0   0.0   5.2  19.0   20:15   WNW
27   9.8  12.8   12:45   3.7   22:15   8.5   0.0   1.6   9.3  38.0   16:45    SW
28   5.7   8.4   21:15   3.1    1:00  12.6   0.0   5.2  12.6  41.0   20:00   WSW
29   7.7  11.7   13:45   4.4   20:00  10.6   0.0   6.6  19.1  53.0   14:15     W
30   6.4  12.1   14:15   3.6   00:00  11.9   0.0   8.2   7.8  42.0   14:15    SW
-------------------------------------------------------------------------------------
     9.2  19.0     1    -2.1    21   272.9   0.0  65.8   9.2  53.0    29     WSW

Max >=  32.0:  0
Max <=   0.0:  0
Min <=   0.0:  3
Min <= -18.0:  0
Max Rain: 8.20 ON 30/11/15
Days of Rain: 25 (> .2 mm) 11 (> 2 mm) 0 (> 20 mm)
Heat Base:  18.3  Cool Base:  18.3  Method: Integration

Data updates at regular intervals.