Back to Top

Language: 

NOAA Climate Reports...


Report for 2015 Oct
                   MONTHLY CLIMATOLOGICAL SUMMARY for OCT. 2015

NAME: Delerius   CITY:    STATE:  
ELEV:   100 m  LAT:  53 37' 05" N  LONG:   1 27' 13" W

                   TEMPERATURE (C), RAIN  (mm), WIND SPEED (mph)

                                      HEAT  COOL        AVG
    MEAN                              DEG   DEG         WIND                 DOM
DAY TEMP  HIGH   TIME   LOW    TIME   DAYS  DAYS  RAIN  SPEED HIGH   TIME    DIR
------------------------------------------------------------------------------------
 1  10.7  16.9   16:30   5.4   00:00   7.6   0.0   0.2   0.6   8.0   10:15    NE
 2  10.8  19.2   15:30   3.8    7:45   7.5   0.1   0.0   0.9   9.0   13:15   WNW
 3   8.8  13.8   14:45   4.2    2:30   9.5   0.0   0.0   0.9   9.0   14:45    NW
 4   9.9  15.6   15:45   5.5    0:15   8.4   0.0   0.0   1.0  11.0   14:45   ESE
 5  11.6  16.3   18:30   4.2    4:15   6.7   0.0   4.6   4.8  22.0   10:00    SE
 6  15.2  18.9   14:00  10.6   23:45   3.1   0.0  19.4   4.8  24.0   18:00    SE
 7  11.8  13.9    9:30   9.6   00:00   6.4   0.0   1.8   7.1  31.0   14:00   WNW
 8  10.6  15.4   15:15   5.3    6:45   7.8   0.0   0.0   1.2  12.0    0:30   WNW
 9  11.1  17.5   13:15   5.7   00:00   7.3   0.0   0.0   0.6  10.0   13:30     S
10   8.8  14.2   15:15   2.8    7:00   9.5   0.0   0.0   1.3  11.0   15:00   ENE
11  10.7  14.9   14:30   7.2   00:00   7.6   0.0   0.0   1.7  13.0   13:00   ENE
12   8.2  13.6   12:30   2.9    4:45  10.1   0.0   0.2   2.5  23.0   17:45    NW
13   9.0  12.1   14:45   5.7   00:00   9.3   0.0   0.0   3.2  20.0   12:45   NNW
14   9.0  12.9   14:45   5.0    1:15   9.3   0.0   0.2   3.3  16.0   11:45   NNE
15   9.7  12.7   14:30   7.6    2:45   8.7   0.0   0.2   4.1  15.0   23:30     N
16   9.8  10.8   16:30   8.2   00:00   8.5   0.0   0.0   4.4  14.0   12:30   NNW
17  10.0  13.1   14:00   7.4    1:15   8.3   0.0   0.2   4.5  16.0   11:45   NNW
18  10.6  11.8   16:15   9.4   22:30   7.7   0.0   0.0   3.2  12.0    1:15   NNW
19  10.1  14.8   15:15   6.3   21:00   8.2   0.0   0.2   1.8  14.0    5:00   NNW
20   9.7  14.9   13:15   6.6    3:30   8.6   0.0   0.0   3.2  19.0   14:45   WNW
21  13.4  17.4   15:30   9.3    2:00   4.9   0.0   9.8   8.3  36.0   11:00     W
22  11.9  14.7    0:15   5.9   00:00   6.4   0.0   0.0  10.2  35.0    5:15   WNW
23   8.4  12.4   13:00   2.7    6:15   9.9   0.0   0.0   3.8  20.0   15:45   SSW
24   9.6  12.1   11:45   4.8   23:15   8.7   0.0   0.8   7.0  26.0   12:30   WNW
25   8.3  13.7   13:00   5.3    3:45  10.0   0.0   0.0   4.4  16.0    6:15   WNW
26   9.2  13.6   14:45   4.7    4:15   9.1   0.0   0.0   4.1  21.0   11:15    SE
27  11.4  12.8   20:00  10.2    6:15   6.9   0.0   0.2   2.4  11.0    6:00   ESE
28  10.9  12.6   15:15   7.9   23:15   7.4   0.0   9.4   0.8  10.0   22:30   ENE
29  10.8  13.0   12:30   8.4    0:15   7.5   0.0   0.8   4.6  25.0    9:15   SSE
30  13.3  17.8   14:00   8.7    0:15   5.0   0.0   4.2   6.5  28.0   16:00     S
31  12.3  15.0   11:30   8.8   00:00   5.9   0.0   0.0   2.4  14.0   12:45   SSE
-------------------------------------------------------------------------------------
    10.5  19.2     2     2.7    23   242.0   0.1  52.2   3.5  36.0    21     WNW

Max >=  32.0:  0
Max <=   0.0:  0
Min <=   0.0:  0
Min <= -18.0:  0
Max Rain: 19.41 ON 06/10/15
Days of Rain: 15 (> .2 mm) 5 (> 2 mm) 0 (> 20 mm)
Heat Base:  18.3  Cool Base:  18.3  Method: Integration

Data updates at regular intervals.