Back to Top

Language: 

NOAA Climate Reports...


Report for 2015 Sep
                   MONTHLY CLIMATOLOGICAL SUMMARY for SEP. 2015

NAME: Delerius   CITY:    STATE:  
ELEV:   100 m  LAT:  53 37' 05" N  LONG:   1 27' 13" W

                   TEMPERATURE (C), RAIN  (mm), WIND SPEED (mph)

                                      HEAT  COOL        AVG
    MEAN                              DEG   DEG         WIND                 DOM
DAY TEMP  HIGH   TIME   LOW    TIME   DAYS  DAYS  RAIN  SPEED HIGH   TIME    DIR
------------------------------------------------------------------------------------
 1  13.3  18.7   13:30  10.2    6:45   5.0   0.0   3.0   4.7  29.0   15:15    NW
 2  12.8  18.3   14:45   9.8   00:00   5.5   0.0   2.8   3.6  20.0   15:30   WNW
 3  12.0  15.4   12:45   8.9    7:00   6.3   0.0   0.0   4.9  19.0   14:00   WNW
 4  12.7  17.0   16:00  10.6   21:45   5.6   0.0   0.0   5.0  16.0    8:15    NW
 5  12.0  15.2   15:15   6.9   00:00   6.3   0.0   0.6   4.5  24.0    4:00     N
 6  12.3  19.3   14:30   4.9    6:45   6.2   0.1   0.0   5.2  24.0   17:30   WNW
 7  12.6  18.9   17:30   7.4    6:15   5.7   0.0   0.0   1.5  11.0   14:00   WNW
 8  10.4  13.9   17:30   5.7    4:15   7.9   0.0   0.0   1.0  14.0   21:15   ESE
 9  12.8  16.4   17:00   9.8    6:30   5.5   0.0   0.0   2.9  13.0   15:45   ESE
10  14.8  21.2   14:15   9.6    0:45   4.0   0.5   0.0   3.7  19.0   14:30   ESE
11  14.4  20.4   15:30   8.8    2:45   4.1   0.2   0.0   6.1  23.0   14:30   ESE
12  13.3  17.5   14:45   7.8   00:00   5.0   0.0   8.0   5.5  26.0   13:30   ESE
13  11.7  17.3   12:15   6.4    2:15   6.6   0.0   0.0   2.0  16.0   13:15   SSE
14   9.9  12.9   18:15   5.1    4:30   8.4   0.0   3.0   2.0  13.0   21:00    NE
15  12.5  17.7   14:30   7.3   00:00   5.8   0.0   7.4   4.7  22.0   15:45   WNW
16  10.7  16.5   15:45   6.1    5:45   7.6   0.0   0.0   2.4  12.0   14:15   NNE
17  12.2  17.4   14:15   7.5    7:30   6.1   0.0   0.0   5.0  20.0   13:30     W
18  12.7  18.0   16:45   6.9    4:00   5.6   0.0   0.0   1.9  15.0   17:45   NNE
19  13.6  20.9   15:30   7.2    4:00   5.1   0.4   0.0   1.8  14.0   17:00     W
20  12.6  17.9   11:45   6.6    6:30   5.7   0.0   0.0   3.0  18.0   15:15    SW
21  12.6  15.7   17:00   9.2   22:00   5.7   0.0   1.2   4.7  21.0   15:30   SSW
22  12.8  17.9   17:15   8.8    6:15   5.5   0.0   0.0   4.2  24.0   17:15   WNW
23  13.0  16.7   16:30   9.9    6:00   5.3   0.0   0.0   6.7  23.0   18:00     W
24  13.1  16.1   13:00  10.3    7:15   5.2   0.0   0.4   8.9  30.0   13:15     W
25  12.3  16.9   16:00   7.9   00:00   6.0   0.0   0.0   7.3  22.0   10:15   WNW
26  10.9  17.8   13:15   5.8    3:30   7.4   0.0   0.0   0.9  11.0   13:45   ESE
27   9.6  16.8   16:30   3.6    6:30   8.7   0.0   0.0   0.9  10.0   13:30    SE
28  10.2  18.4   16:15   4.0    6:00   8.1   0.0   0.0   1.4  14.0   15:00   ESE
29  10.3  17.8   16:00   4.5    5:45   8.0   0.0   0.0   1.3  11.0   14:45   ESE
30  11.9  18.7   15:00   5.7    1:30   6.4   0.0   0.0   2.5  20.0   16:15     E
-------------------------------------------------------------------------------------
    12.2  21.2    10     3.6    27   184.3   1.3  26.4   3.7  30.0    24     WNW

Max >=  32.0:  0
Max <=   0.0:  0
Min <=   0.0:  0
Min <= -18.0:  0
Max Rain: 8.00 ON 12/09/15
Days of Rain: 8 (> .2 mm) 5 (> 2 mm) 0 (> 20 mm)
Heat Base:  18.3  Cool Base:  18.3  Method: Integration

Data updates at regular intervals.