Back to Top

Language: 

NOAA Climate Reports...


Report for 2015 Aug
                   MONTHLY CLIMATOLOGICAL SUMMARY for AUG. 2015

NAME: Delerius   CITY:    STATE:  
ELEV:   100 m  LAT:  53 37' 05" N  LONG:   1 27' 13" W

                   TEMPERATURE (C), RAIN  (mm), WIND SPEED (mph)

                                      HEAT  COOL        AVG
    MEAN                              DEG   DEG         WIND                 DOM
DAY TEMP  HIGH   TIME   LOW    TIME   DAYS  DAYS  RAIN  SPEED HIGH   TIME    DIR
------------------------------------------------------------------------------------
 1  14.7  19.6   15:00  11.1   23:45   3.7   0.0   2.8   5.5  26.0   14:15     W
 2  16.6  22.8   16:15  10.9    5:45   3.0   1.3   0.2   3.7  22.0   18:15   SSE
 3  18.9  22.5   14:00  15.4    6:15   0.7   1.4   0.0   9.1  27.0   13:45    SW
 4  16.3  20.9   16:15  12.4    5:15   2.3   0.4   0.0   9.7  37.0   11:00    SW
 5  16.8  20.6   15:45  13.2    6:15   1.9   0.4   0.0   7.0  29.0   15:30   SSW
 6  17.1  22.6   12:15  10.7   00:00   1.9   0.7   0.0   5.6  25.0   18:00     W
 7  15.4  21.4   15:15   7.2    6:00   3.6   0.7   0.0   0.7  10.0   11:00   SSW
 8  18.6  24.3   17:45  13.2    6:30   1.7   1.9   0.0   3.2  22.0   18:00    SW
 9  18.5  23.3   16:30  13.3    5:45   1.5   1.7   0.6   5.0  22.0   13:30    SW
10  18.6  22.6   14:45  13.8   00:00   0.9   1.2   0.2   7.0  27.0   13:00     W
11  16.1  21.5   13:45  10.2    5:00   2.9   0.7   0.0   3.6  13.0    7:45   WNW
12  16.7  24.2   16:45   8.1    6:30   3.3   1.7   0.0   2.1  14.0   19:30    NW
13  14.7  19.1   11:30   8.3    5:00   3.7   0.1   0.0   2.8  15.0   16:15   ENE
14  14.7  15.4   18:15  13.9   23:45   3.6   0.0  12.0   4.9  16.0   12:30    NW
15  14.4  18.4   12:30   8.3   00:00   3.9   0.0   0.2   7.3  23.0   13:15   WNW
16  13.6  19.1   18:30   6.3    6:30   4.8   0.1   0.0   0.8   8.0   11:45    NW
17  16.1  20.8   11:15  11.8    1:15   2.8   0.6   0.0   2.5  15.0   14:15    NW
18  14.8  16.7   11:30  12.0    3:45   3.5   0.0   5.0   7.9  25.0   16:30   WNW
19  16.1  20.8   12:15  12.9    5:30   2.6   0.4   2.2   6.0  27.0   17:15   SSW
20  18.1  21.9   16:00  14.8    4:45   1.3   1.1   0.0   6.3  21.0   18:15     S
21  19.6  22.2   17:15  18.0    5:30   0.0   1.4   0.0   8.8  26.0   15:45     S
22  19.8  26.6   16:45  16.8    7:15   0.3   1.8   9.6   2.5  18.0   16:45   ENE
23  17.9  25.6   12:30  12.4   00:00   2.1   1.7   3.4   3.8  28.0   12:30   ESE
24  14.3  20.0   17:30   9.3    4:45   4.3   0.3   1.4   2.9  21.0   23:30    NW
25  14.5  18.6   12:45  11.1    6:15   3.8   0.0   0.4   7.4  25.0   22:30     W
26  16.3  20.9   15:15  13.3    6:15   2.4   0.4   2.8   8.8  29.0   16:15    SW
27  15.2  19.2   16:45  11.5   23:00   3.2   0.0   0.4   8.3  27.0   12:45    SW
28  15.0  19.2   13:45  10.1    6:45   3.4   0.0   0.6   6.7  28.0   11:00    SW
29  15.8  19.7   15:00  12.4   00:00   2.8   0.2   0.0   6.4  23.0   14:30    SW
30  15.5  20.2   11:45  10.8    6:15   3.1   0.3   0.0   0.7   8.0    2:00   WNW
31  13.4  14.8   18:15  12.2    8:00   4.9   0.0   6.6   3.4  12.0   14:15     N
-------------------------------------------------------------------------------------
    16.3  26.6    22     6.3    16    84.0  20.5  48.4   5.2  37.0     4      SW

Max >=  32.0:  0
Max <=   0.0:  0
Min <=   0.0:  0
Min <= -18.0:  0
Max Rain: 11.99 ON 14/08/15
Days of Rain: 16 (> .2 mm) 8 (> 2 mm) 0 (> 20 mm)
Heat Base:  18.3  Cool Base:  18.3  Method: Integration

Data updates at regular intervals.