Back to Top

Language: 

NOAA Climate Reports...


Report for 2015 Jul
                   MONTHLY CLIMATOLOGICAL SUMMARY for JUL. 2015

NAME: Delerius   CITY:    STATE:  
ELEV:   100 m  LAT:  53 37' 05" N  LONG:   1 27' 13" W

                   TEMPERATURE (C), RAIN  (mm), WIND SPEED (mph)

                                      HEAT  COOL        AVG
    MEAN                              DEG   DEG         WIND                 DOM
DAY TEMP  HIGH   TIME   LOW    TIME   DAYS  DAYS  RAIN  SPEED HIGH   TIME    DIR
------------------------------------------------------------------------------------
 1  24.1  32.3   17:45  16.1    5:45   0.3   6.1   0.0   3.8  21.0   14:00    SE
 2  18.7  23.5   15:30  11.8   00:00   1.2   1.6   0.8   4.8  31.0   17:45   WNW
 3  16.7  24.1   16:15   9.2    5:30   3.0   1.4   0.0   3.6  19.0   17:45   ESE
 4  18.1  24.3   14:45  13.9    2:30   2.0   1.7  13.6   5.1  24.0   14:15     W
 5  14.9  21.3   15:45   9.1    4:45   3.7   0.2   1.4   3.6  32.0   16:15     W
 6  14.8  17.2   10:30  11.8    5:15   3.5   0.0   1.2   5.1  21.0   13:00    SW
 7  16.3  19.6   14:45  13.6   00:00   2.0   0.0   0.8   9.5  33.0   15:30     W
 8  13.6  16.2   11:30  11.4   23:15   4.7   0.0   2.4   7.9  31.0   13:30   WNW
 9  13.8  18.1   17:00   9.2    4:15   4.5   0.0   0.0   6.3  21.0   16:15   WNW
10  18.4  25.1   17:45  10.3    5:00   2.4   2.5   0.0   5.0  21.0   17:00   SSW
11  17.6  20.4   14:45  15.4   22:00   1.0   0.3   0.2   7.9  22.0   12:00     W
12  16.7  20.1   15:15  13.6   00:00   1.8   0.3   0.4   7.6  27.0   14:00     W
13  16.0  19.9   16:15  12.7    1:30   2.5   0.2   1.2   4.8  24.0   16:15    NW
14  17.4  24.7   17:30  14.3    3:00   1.7   0.8   2.4   3.4  14.0    1:00   WNW
15  16.8  21.2   17:45  12.1   00:00   2.1   0.7   0.2   6.6  24.0   11:45   WNW
16  15.2  22.3   15:15   7.4    5:30   4.0   0.8   0.0   3.6  19.0   18:30   ESE
17  16.9  21.2   15:30  13.3    0:30   2.1   0.7   1.0   8.1  30.0   18:30   WSW
18  16.5  21.3   16:30  11.4    4:45   2.4   0.6   0.0   9.5  29.0   11:30   WSW
19  15.2  18.6   17:30  10.3   00:00   3.2   0.0   1.0   7.9  30.0   12:00     W
20  16.1  22.2   17:30   8.7    2:30   3.2   0.9   0.0   6.5  32.0   22:15   WSW
21  17.1  20.4   15:15  14.2    2:45   1.6   0.4   0.0   8.8  27.0   13:15   WSW
22  14.7  18.3   18:30   9.6   00:00   3.6   0.0   0.4   3.3  19.0   20:15     W
23  14.1  18.7   17:00   9.3    3:30   4.3   0.0   0.0   4.9  21.0   14:15     W
24  12.6  17.0   13:45   6.8    4:30   5.7   0.0   0.4   1.4  11.0   23:15   ENE
25  14.3  18.6   11:45   9.3   00:00   3.9   0.0   0.0   5.9  25.0   18:45    NW
26  11.2  15.7   11:00   5.2    6:00   7.1   0.0   3.4   3.5  19.0   10:30   ESE
27  14.4  17.9   15:45  12.4    2:45   3.9   0.0  10.2   3.1  26.0   14:45    NW
28  13.2  16.5   15:45  10.4   00:00   5.1   0.0   4.4   6.3  27.0   15:45   WNW
29  13.8  19.4   17:00   9.6    6:00   4.5   0.0   0.2   6.2  21.0   14:00   WNW
30  13.3  18.3   17:00   8.6   00:00   5.0   0.0   0.2   6.1  22.0   17:00   WNW
31  13.9  19.8   14:00   5.8    4:45   4.5   0.2   0.0   3.0  16.0   14:45   WNW
-------------------------------------------------------------------------------------
    15.7  32.3     1     5.2    26   100.2  19.4  45.7   5.6  33.0     7     WNW

Max >=  32.0:  1
Max <=   0.0:  0
Min <=   0.0:  0
Min <= -18.0:  0
Max Rain: 13.59 ON 04/07/15
Days of Rain: 20 (> .2 mm) 6 (> 2 mm) 0 (> 20 mm)
Heat Base:  18.3  Cool Base:  18.3  Method: Integration

Data updates at regular intervals.