Back to Top

Language: 

NOAA Climate Reports...


Report for 2015 May
                   MONTHLY CLIMATOLOGICAL SUMMARY for MAY. 2015

NAME: Delerius   CITY:    STATE:  
ELEV:   100 m  LAT:  53 37' 05" N  LONG:   1 27' 13" W

                   TEMPERATURE (C), RAIN  (mm), WIND SPEED (mph)

                                      HEAT  COOL        AVG
    MEAN                              DEG   DEG         WIND                 DOM
DAY TEMP  HIGH   TIME   LOW    TIME   DAYS  DAYS  RAIN  SPEED HIGH   TIME    DIR
------------------------------------------------------------------------------------
 1   5.3   9.8   16:45  -0.7    4:45  13.0   0.0   0.0   2.7  14.0   10:00   ENE
 2   5.9   9.0   14:45   2.1    2:15  12.4   0.0   1.0   5.0  22.0   18:30   ESE
 3  11.3  18.6   15:30   6.6    0:15   7.0   0.0  13.4   6.7  26.0   15:45   ESE
 4  12.9  16.2   14:30   9.6    7:00   5.4   0.0   0.2   7.5  34.0    4:45     W
 5  11.6  14.3   16:45   9.6    1:15   6.7   0.0  12.0  11.3  45.0   19:15    SW
 6   9.3  10.7   16:45   7.6    5:00   9.0   0.0   0.6  12.6  35.0    9:00   SSW
 7   9.9  13.8   16:30   6.7    6:15   8.4   0.0   0.0   5.5  23.0    0:30   WNW
 8   9.8  14.3   14:15   5.3    6:30   8.5   0.0  20.8   3.4  18.0   12:30   ESE
 9  10.3  11.8   16:45   7.7   22:45   8.0   0.0   0.2   9.4  41.0    7:00     W
10  12.6  17.7   16:45   7.2    3:15   5.7   0.0   0.0   7.7  30.0   16:00   SSW
11  15.2  19.2   16:30  12.6   00:00   3.2   0.0   0.0  10.6  32.0   15:45    SW
12  12.0  14.3   14:15  10.2    6:45   6.3   0.0   0.0  11.5  32.0   10:15     W
13  10.9  16.1   15:00   5.8    5:30   7.3   0.0   0.0   4.3  14.0    0:45     E
14   8.3  10.1   14:00   6.7    5:15  10.0   0.0   0.0   4.9  19.0   14:00     E
15  10.8  16.4   15:30   5.9    5:30   7.5   0.0   0.0   5.2  23.0   20:00   WSW
16  11.3  13.0   14:15   8.1   00:00   7.0   0.0   0.0  11.3  33.0    9:15   WNW
17  10.7  13.3   13:45   7.7    1:15   7.7   0.0   0.0   9.5  30.0    9:15     W
18   8.6  12.1   17:30   5.8   22:30   9.7   0.0   2.0   8.6  29.0   14:45     W
19   7.8  11.6   16:45   4.9    2:30  10.5   0.0   3.4  10.1  33.0   15:00     W
20  10.3  14.2   14:15   6.9    2:15   8.0   0.0   0.0  10.5  29.0   17:00   WNW
21  11.7  15.1   15:30   6.9    5:00   6.6   0.0   0.0   6.9  25.0   11:30   WNW
22  14.1  17.4   13:45  11.2   23:45   4.3   0.0   0.0   7.3  23.0   13:15   WNW
23  12.8  16.9   19:45   9.6    2:45   5.5   0.0   0.0   3.2  13.0   11:30    NW
24  12.0  14.5   10:45   9.4   23:45   6.3   0.0   0.4   6.4  27.0   12:30   WNW
25  10.9  14.3   18:15   8.6    4:45   7.3   0.0   0.0   6.5  23.0   18:30   WNW
26  11.6  15.5   14:00   8.3    5:45   6.7   0.0   0.0   9.2  26.0   17:30   WNW
27  10.9  15.8   16:45   7.1    2:30   7.3   0.0   0.0   8.3  28.0   18:15    NW
28  10.6  13.3   15:45   8.1    5:15   7.7   0.0   1.2  10.0  33.0   11:45   WNW
29   9.2  12.3   15:30   6.6   10:30   9.1   0.0   5.6   8.3  31.0   16:15   WNW
30  10.6  14.7   15:15   5.1    5:30   7.7   0.0   0.2   6.6  25.0    0:45   WNW
31  10.7  13.1    8:45   6.8   00:00   7.6   0.0   1.2  10.5  34.0   11:15   WNW
-------------------------------------------------------------------------------------
    10.6  19.2    11    -0.7     1   237.4   0.0  62.2   7.8  45.0     5     WNW

Max >=  32.0:  0
Max <=   0.0:  0
Min <=   0.0:  1
Min <= -18.0:  0
Max Rain: 20.80 ON 08/05/15
Days of Rain: 14 (> .2 mm) 6 (> 2 mm) 1 (> 20 mm)
Heat Base:  18.3  Cool Base:  18.3  Method: Integration

Data updates at regular intervals.