Back to Top

Language: 

NOAA Climate Reports...


Report for 2015 Apr
                   MONTHLY CLIMATOLOGICAL SUMMARY for APR. 2015

NAME: Delerius   CITY:    STATE:  
ELEV:   100 m  LAT:  53 37' 05" N  LONG:   1 27' 13" W

                   TEMPERATURE (C), RAIN  (mm), WIND SPEED (mph)

                                      HEAT  COOL        AVG
    MEAN                              DEG   DEG         WIND                 DOM
DAY TEMP  HIGH   TIME   LOW    TIME   DAYS  DAYS  RAIN  SPEED HIGH   TIME    DIR
------------------------------------------------------------------------------------
 1   5.8   8.2   11:45   3.1    2:30  12.5   0.0   2.2  13.4  45.0    1:00   WNW
 2   7.0  11.0   16:15   3.5    6:45  11.3   0.0   0.4   3.7  16.0    4:00    NW
 3   7.8  11.4   13:45   5.3    4:30  10.5   0.0   4.4   3.1  13.0   20:30    SE
 4   8.6  11.6   15:45   6.7    7:15   9.7   0.0   0.0   3.7  16.0   12:30     N
 5  10.8  15.3   17:30   6.4    5:30   7.5   0.0   0.0   2.0  12.0   14:30    NW
 6  11.9  17.4   13:45   6.3    6:00   6.4   0.0   0.0   2.7  14.0   13:45    SE
 7  10.7  16.2   14:00   4.7    6:45   7.6   0.0   0.0   4.3  22.0   14:45    NW
 8  10.2  15.3   15:30   3.3    6:45   8.1   0.0   0.0   2.7  14.0   14:15    SE
 9  11.3  18.6   18:15   4.2    6:45   7.0   0.0   0.0   0.7   8.0   12:15   SSE
10  13.4  19.2   15:15   6.6    2:30   5.0   0.1   0.0   5.2  24.0   11:15     S
11   9.0  12.4    0:15   4.8    9:15   9.3   0.0   1.0  11.6  35.0    7:45   WNW
12   7.2  13.1   13:00   4.2   23:15  11.1   0.0   2.2  10.6  50.0   13:15   WNW
13   8.7  13.6   18:15   2.2    7:15   9.7   0.0   0.0   5.1  21.0   16:30   WNW
14  13.2  18.3   17:00   9.4    6:15   5.1   0.0   0.0   9.1  28.0   10:45     W
15   9.8  11.9    0:30   7.6   00:00   8.5   0.0   0.0   9.1  25.0    8:00   WNW
16   8.7  13.1   14:45   3.4    6:00   9.6   0.0   0.0   2.1  13.0   20:15   ENE
17   9.3  12.8   16:15   5.3   00:00   9.0   0.0   0.0   3.8  20.0   16:45     E
18   7.8  12.8   15:00   4.2    4:30  10.5   0.0   0.0   4.6  15.0    9:15     E
19   7.4  12.3   15:30   4.8    4:30  10.8   0.0   0.6   4.5  22.0   14:30   NNE
20   8.1  14.2   17:30   2.3    6:45  10.2   0.0   0.0   1.1  11.0   12:45   ESE
21  10.2  17.5   16:45   1.9    6:15   8.1   0.0   0.0   1.7  13.0   17:00   ESE
22  10.2  16.8   16:30   2.0    5:15   8.1   0.0   0.0   1.6  18.0   15:00    SE
23  10.6  18.6   16:15   2.6    6:00   7.7   0.0   0.0   1.7  10.0   16:30    SE
24  12.4  18.3   13:15   5.6    6:45   5.9   0.0   0.0   4.0  21.0   15:30    SW
25  10.2  15.0   13:00   5.1   20:45   8.1   0.0   2.0   7.4  26.0   10:30   WSW
26   6.8  11.9   15:45   0.8    6:30  11.5   0.0   0.0   4.8  21.0   16:30    NW
27   5.8  10.9   15:00  -1.1    6:45  12.5   0.0   0.0   4.9  27.0   18:30    SW
28   6.4  10.7   15:45   3.2    4:30  11.8   0.0   0.4  11.0  42.0   10:15     W
29   7.7  11.3   16:15   4.4    7:45  10.6   0.0   2.0   8.9  34.0   14:15     W
30   7.2  11.2   14:15   2.4   00:00  11.1   0.0   2.6   5.9  24.0    3:45     W
-------------------------------------------------------------------------------------
     9.1  19.2    10    -1.1    27   274.7   0.1  17.8   5.2  50.0    12     WNW

Max >=  32.0:  0
Max <=   0.0:  0
Min <=   0.0:  1
Min <= -18.0:  0
Max Rain: 4.39 ON 03/04/15
Days of Rain: 10 (> .2 mm) 6 (> 2 mm) 0 (> 20 mm)
Heat Base:  18.3  Cool Base:  18.3  Method: Integration

Data updates at regular intervals.