Back to Top

Language: 

NOAA Climate Reports...


Report for 2015 Mar
                   MONTHLY CLIMATOLOGICAL SUMMARY for MAR. 2015

NAME: Delerius   CITY:    STATE:  
ELEV:   100 m  LAT:  53 37' 05" N  LONG:   1 27' 13" W

                   TEMPERATURE (C), RAIN  (mm), WIND SPEED (mph)

                                      HEAT  COOL        AVG
    MEAN                              DEG   DEG         WIND                 DOM
DAY TEMP  HIGH   TIME   LOW    TIME   DAYS  DAYS  RAIN  SPEED HIGH   TIME    DIR
------------------------------------------------------------------------------------
 1   5.7   9.3    0:15   1.9   21:00  12.6   0.0   2.0  16.1  44.0    0:45     W
 2   3.5   5.7   14:45   0.7   10:00  14.8   0.0   1.4  13.2  37.0   13:00     W
 3   4.2   6.6   13:30   2.1    2:30  14.1   0.0   0.2  13.2  38.0   22:15     W
 4   5.6   8.8   14:15   3.7    2:00  12.7   0.0   0.0  13.2  36.0    4:00   WNW
 5   6.8   9.2   15:15   2.9    7:00  11.5   0.0   0.0   7.5  28.0   11:15     W
 6   9.3  13.6   16:00   7.2    7:15   8.9   0.0   0.0  10.6  43.0   00:00    SW
 7  11.3  16.6   15:15   7.9    1:15   7.0   0.0   0.0  16.8  44.0   21:00   WSW
 8   8.1  11.8   10:15   1.4   23:15  10.2   0.0   0.4   8.6  31.0    2:45   WNW
 9   5.5  11.9   18:00  -1.3    3:45  12.8   0.0   0.8   8.0  30.0   18:15   SSW
10   6.3  10.4   14:30  -0.2   00:00  12.0   0.0   0.0   6.3  31.0    0:15   WNW
11   5.7  10.2   13:45  -0.7    1:45  12.6   0.0   0.8   5.5  29.0   10:00     S
12   7.9  12.9   15:00   0.8    2:00  10.3   0.0   0.0   5.3  26.0   12:45   SSE
13   5.2   8.2   16:30   3.1    8:15  13.1   0.0   7.2   3.9  18.0    6:15     N
14   4.1   6.7   15:15   2.6    3:15  14.2   0.0   0.0   3.7  16.0    1:00   ENE
15   5.2   7.8   14:30   3.7    0:15  13.1   0.0   0.0   4.7  18.0   14:30   ENE
16   4.8   6.4   13:00   4.0    4:00  13.5   0.0   0.6   2.2  11.0    0:30   ENE
17   4.9   8.4   15:00   1.0   23:15  13.4   0.0   0.0   1.0   9.0   10:30    NE
18   4.6   8.9   12:15  -0.3    3:45  13.8   0.0   0.2   2.1  14.0   11:30    NW
19   4.8   8.3   15:15   1.7   22:00  13.5   0.0   0.0   1.6   9.0    5:15   NNW
20   7.4  12.0   13:30   2.6    0:45  10.9   0.0   0.0   5.4  25.0   13:45   WNW
21   6.1   7.4   15:15   4.8    2:30  12.2   0.0   0.0   5.7  24.0    7:00   NNE
22   6.1  10.1   16:00   4.0    6:15  12.2   0.0   0.0   2.9  15.0   13:00    SW
23   6.7  10.2   16:00   3.1    2:15  11.6   0.0   0.0   7.5  26.0   13:00   WNW
24   4.7   8.1   15:00   0.7   00:00  13.6   0.0   0.2   4.0  23.0   12:15   WNW
25   4.7   9.6   15:15  -0.7    3:15  13.6   0.0   0.0   2.2  13.0   23:00   NNW
26   5.9   9.9   14:15   1.3    5:45  12.3   0.0   3.6  14.2  44.0   17:15   WNW
27   6.7  10.4   15:45   3.8    4:15  11.6   0.0   0.0   5.6  26.0    1:15   WNW
28  10.2  15.1   14:15   5.6    0:30   8.1   0.0   1.8  12.9  43.0   00:00     W
29   7.5   9.7    0:15   6.0   00:00  10.4   0.0   3.6  12.5  46.0    0:15   WNW
30   6.6  12.4   22:45   3.3    6:30  11.7   0.0   6.4  13.8  51.0   23:00   WNW
31   6.7  11.5    0:15   3.7   00:00  11.6   0.0   4.4  21.3  55.0    0:30   WNW
-------------------------------------------------------------------------------------
     6.2  16.6     7    -1.3     9   373.9   0.0  33.6   8.1  55.0    31     WNW

Max >=  32.0:  0
Max <=   0.0:  0
Min <=   0.0:  5
Min <= -18.0:  0
Max Rain: 7.19 ON 13/03/15
Days of Rain: 15 (> .2 mm) 6 (> 2 mm) 0 (> 20 mm)
Heat Base:  18.3  Cool Base:  18.3  Method: Integration

Data updates at regular intervals.