Back to Top

Language: 

NOAA Climate Reports...


Report for 2015 Jan
                   MONTHLY CLIMATOLOGICAL SUMMARY for JAN. 2015

NAME: Delerius   CITY:    STATE:  
ELEV:   100 m  LAT:  53 37' 05" N  LONG:   1 27' 13" W

                   TEMPERATURE (C), RAIN  (mm), WIND SPEED (mph)

                                      HEAT  COOL        AVG
    MEAN                              DEG   DEG         WIND                 DOM
DAY TEMP  HIGH   TIME   LOW    TIME   DAYS  DAYS  RAIN  SPEED HIGH   TIME    DIR
------------------------------------------------------------------------------------
 1  11.1  13.9   20:30   7.7    1:00   7.2   0.0   1.2  15.1  38.0   23:00    SW
 2   6.7  13.3    0:15   4.3   23:15  11.7   0.0   0.2  15.9  43.0    0:30   WNW
 3   3.9   6.1    3:45   0.8   00:00  14.3   0.0   2.2   4.6  22.0    5:15   WNW
 4   1.8   7.2   14:00  -1.3    2:45  16.5   0.0   0.0   1.0  12.0   14:30   WNW
 5   5.4   9.4   14:45   1.2    9:15  12.9   0.0   0.0   1.4  15.0    4:00     S
 6   6.4   8.8    9:45   3.3   22:45  11.8   0.0   0.2   6.8  31.0   12:45     W
 7   6.9  11.6   23:30   2.6    2:30  11.4   0.0   0.6  11.2  41.0   12:45    SW
 8   7.3   9.9    0:15   5.6   19:15  11.0   0.0   0.4  10.1  33.0   21:45     W
 9  11.2  14.3   19:00   7.2    0:15   7.1   0.0   0.4  23.0  59.0   22:30     W
10   7.7  14.2    0:15   2.7   22:30  10.6   0.0   3.4  21.6  55.0    0:15     W
11   6.0   8.0   21:45   2.9    1:15  12.3   0.0   0.2  15.9  41.0   13:45     W
12   7.4  10.9   11:00   4.3   23:30  10.9   0.0   1.6  10.7  43.0    8:15   WSW
13   4.3   7.1    3:45   1.8   00:00  14.0   0.0   0.0   9.8  28.0    5:45   WSW
14   3.7   8.9   00:00   1.4    4:30  14.6   0.0   1.0  11.6  48.0   23:30   WSW
15   6.2   9.8    2:00   4.7   16:30  12.1   0.0   1.8  18.4  52.0   18:00    SW
16   3.2   5.9    0:30   1.2   21:30  15.1   0.0   0.6   9.8  39.0    1:45     W
17   2.6   4.9   11:30   0.6   20:15  15.7   0.0   3.6   6.6  25.0   12:15     W
18   1.5   4.3   12:45  -0.4    8:30  16.3   0.0   0.4   5.1  20.0   17:30    NW
19   1.1   3.1   14:15  -0.4    4:45  17.3   0.0   0.0   4.1  16.0    3:00   WNW
20   0.9   2.8   14:45   0.1    6:00  17.4   0.0   0.0   2.5  13.0   13:00   SSE
21   0.4   0.8   12:00   0.2    2:00  17.9   0.0   3.4   1.3  11.0    0:30   ESE
22   1.1   2.1   14:45   0.2   22:30  17.2   0.0   4.2   0.1  12.0   00:00   WNW
23   2.4   6.9   21:45  -0.8    6:00  15.9   0.0   2.6   7.5  32.0   14:00    SW
24   4.4   5.9   14:30   3.1    4:30  13.9   0.0   0.2   8.1  30.0   10:00   WNW
25   7.4  10.3   23:15   3.5    1:00  10.9   0.0   0.0   6.7  25.0   23:00     W
26   6.9  10.3    1:00   4.6   22:30  11.4   0.0   0.0  10.6  30.0   11:30   WNW
27   6.4   7.9   14:00   4.9    0:30  11.9   0.0   0.2   8.0  23.0   14:00   WNW
28   5.1  10.0    8:00   0.5   22:15  13.2   0.0   5.2  16.0  46.0    9:00     W
29   1.6   2.9    4:15   0.4   15:00  16.7   0.0   4.0  10.8  36.0    2:45     W
30   2.3   5.3   14:30  -0.9    4:00  16.0   0.0   0.4   8.2  29.0   15:30   WNW
31   2.9   4.8   12:30   0.8    7:00  15.3   0.0   2.0   9.8  32.0   20:45    NW
-------------------------------------------------------------------------------------
     4.7  14.3     9    -1.3     4   420.4   0.0  40.1   9.4  59.0     9     WNW

Max >=  32.0:  0
Max <=   0.0:  0
Min <=   0.0:  5
Min <= -18.0:  0
Max Rain: 5.21 ON 28/01/15
Days of Rain: 24 (> .2 mm) 9 (> 2 mm) 0 (> 20 mm)
Heat Base:  18.3  Cool Base:  18.3  Method: Integration

Data updates at regular intervals.