Back to Top

Language: 

NOAA Climate Reports...


Report for 2014 Dec
                   MONTHLY CLIMATOLOGICAL SUMMARY for DEC. 2014

NAME: Delerius   CITY:    STATE:  
ELEV:   100 m  LAT:  53 37' 05" N  LONG:   1 27' 13" W

                   TEMPERATURE (C), RAIN  (mm), WIND SPEED (mph)

                                      HEAT  COOL        AVG
    MEAN                              DEG   DEG         WIND                 DOM
DAY TEMP  HIGH   TIME   LOW    TIME   DAYS  DAYS  RAIN  SPEED HIGH   TIME    DIR
------------------------------------------------------------------------------------
 1   7.2   8.8    0:15   6.7   10:45  11.1   0.0   0.0   0.3   7.0    1:30   ESE
 2   5.7   8.0    2:15   2.8   00:00  12.6   0.0   0.2   5.3  22.0    6:15   NNW
 3   3.6   7.6   14:15   0.4    8:15  14.7   0.0   0.0   1.6  10.0   11:45   NNW
 4   4.3   5.3   13:15   1.9    0:15  14.0   0.0   0.0   0.6  10.0   23:45    NW
 5   4.2   7.4   13:00   1.2   00:00  14.1   0.0   0.0   4.9  22.0   14:15   WNW
 6   4.6   9.2   23:00  -0.8    8:15  13.7   0.0   0.0   4.3  24.0   22:15   WNW
 7   6.4  10.8    7:00   2.7   13:15  11.9   0.0   1.8  12.4  38.0   14:15     W
 8   3.7   6.1   14:45   1.9   00:00  14.6   0.0   3.2   8.8  28.0   11:15   WNW
 9   5.3  12.4   21:45  -0.3    4:15  13.0   0.0   0.4   9.3  39.0   16:45    SW
10   5.4   8.1    0:15   3.6    4:15  12.9   0.0   6.8  18.5  44.0    1:45     W
11   4.2   6.0   12:30   1.8    4:00  14.2   0.0  10.8  11.6  37.0   13:45     W
12   3.8   5.3    1:15   2.7    9:30  14.5   0.0   2.8   7.3  25.0   13:00   WNW
13   3.0   5.2   13:15  -0.1    8:00  15.3   0.0   0.0   4.4  21.0   16:45     W
14   6.7   9.3   14:15   2.8    1:30  11.7   0.0   1.0  10.5  31.0   13:30    SW
15   5.2   6.8   14:00   3.3   21:45  13.1   0.0   0.8   6.8  24.0    4:45     W
16   5.8   6.8   13:15   4.2    0:30  12.5   0.0   1.6   6.9  28.0   00:00   WNW
17  10.8  11.7   14:15   6.1    0:15   7.5   0.0   0.0  10.1  32.0   12:15     W
18  12.2  13.3   14:15   9.2   00:00   6.1   0.0   2.4  12.7  37.0   11:00   WSW
19   6.8   9.2    0:15   5.4   12:45  11.5   0.0   2.4  18.3  47.0   23:45     W
20   7.4   8.3   13:45   6.8    0:15  10.9   0.0   0.0  15.3  46.0    2:30   WNW
21   9.9  13.3   23:00   7.1    0:15   8.4   0.0   0.0  15.4  38.0   18:30   WSW
22  12.6  13.4   13:00  11.7   18:30   5.7   0.0   0.0  16.0  41.0    1:45   WSW
23  11.3  12.2    0:15  10.4   21:45   6.9   0.0   0.0  13.8  35.0   10:00   WSW
24   6.6  11.7    0:15   4.6   15:00  11.7   0.0   0.8  11.4  35.0   13:15   WNW
25   5.5   7.4   13:30   2.8   00:00  12.8   0.0   0.2   7.2  25.0   12:00   WNW
26   2.6   5.1   12:45   0.3   21:00  15.7   0.0   4.8   2.8  21.0   18:30   WNW
27   1.4   2.7   12:45   0.4    8:45  16.9   0.0   7.0   3.6  14.0   00:00    NW
28   0.9   4.2   14:45  -1.5    8:45  17.3   0.0   3.0   2.1  14.0    0:15   NNW
29   2.3   5.4   13:45  -0.4   20:15  16.0   0.0   0.6   3.5  15.0    1:00    NW
30   2.9   5.5   12:00  -1.0   23:00  15.4   0.0   0.2   2.7  15.0    6:30   WNW
31   3.9   8.3   22:00  -3.2    3:30  14.4   0.0   0.2   5.3  32.0   21:45    SW
-------------------------------------------------------------------------------------
     5.7  13.4    22    -3.2    31   391.0   0.0  51.0   8.2  47.0    19     WNW

Max >=  32.0:  0
Max <=   0.0:  0
Min <=   0.0:  7
Min <= -18.0:  0
Max Rain: 10.80 ON 11/12/14
Days of Rain: 20 (> .2 mm) 9 (> 2 mm) 0 (> 20 mm)
Heat Base:  18.3  Cool Base:  18.3  Method: Integration

Data updates at regular intervals.