Back to Top

Language: 

NOAA Climate Reports...


Report for 2014 Nov
                   MONTHLY CLIMATOLOGICAL SUMMARY for NOV. 2014

NAME: Delerius   CITY:    STATE:  
ELEV:   100 m  LAT:  53 37' 05" N  LONG:   1 27' 13" W

                   TEMPERATURE (C), RAIN  (mm), WIND SPEED (mph)

                                      HEAT  COOL        AVG
    MEAN                              DEG   DEG         WIND                 DOM
DAY TEMP  HIGH   TIME   LOW    TIME   DAYS  DAYS  RAIN  SPEED HIGH   TIME    DIR
------------------------------------------------------------------------------------
 1  14.1  16.8    1:45  12.6    7:45   4.3   0.0   0.0   9.9  34.0   20:45   WSW
 2  11.7  14.2    2:30   8.1   22:00   6.7   0.0   1.6   5.8  31.0    0:45   SSW
 3   8.6  11.2   13:30   5.8   00:00   9.8   0.0   0.2   5.7  22.0    5:00    SW
 4   5.7   9.4   12:00   1.2    5:45  12.6   0.0   0.0   0.8  10.0   14:00     N
 5   6.5  10.2   14:00   0.7   00:00  11.8   0.0   0.2   3.0  20.0   12:45   NNW
 6   6.3  10.1   14:45  -0.6    2:15  12.0   0.0   0.6   6.5  31.0   18:30   SSE
 7   9.9  12.8   10:45   7.7   21:45   8.4   0.0  15.2   7.0  25.0    1:30   SSE
 8   8.6  11.2   18:15   6.0    6:45   9.8   0.0   4.6   6.1  30.0   18:15   SSE
 9   7.2  11.7   14:15   4.3    9:15  11.1   0.0   0.2   1.3  12.0   15:45   SSW
10   7.8  10.7   13:15   3.6    3:30  10.5   0.0   0.0   3.9  19.0   23:45   SSE
11  10.2  11.7   14:45   9.5    8:45   8.1   0.0   2.6   8.9  23.0   10:30    SE
12   9.7  11.1   14:30   7.5   22:30   8.6   0.0   2.6   6.4  24.0   10:45    SE
13  10.4  12.2   18:45   8.2    0:15   7.9   0.0   0.2   9.3  31.0   15:00    SE
14   9.3  13.3   15:00   2.8   23:45   8.9   0.0   8.2   4.9  23.0    8:45    SE
15   5.1   7.9   00:00   1.4    3:15  13.2   0.0   0.8   0.2   7.0   12:00   NNE
16   8.0   8.7   14:45   7.2   23:30  10.3   0.0   2.4   2.5  15.0   23:45    NW
17   8.9   9.8   15:00   7.3    0:15   9.3   0.0   5.0   4.3  21.0    8:30   ENE
18   9.1  11.1   13:45   7.1    8:00   9.2   0.0   0.0   1.7  11.0   13:45   ENE
19   9.2  10.3   13:45   8.3    3:00   9.1   0.0   0.0   2.3  11.0   12:00   ESE
20   7.8   9.7   13:45   6.8   00:00  10.5   0.0   0.0   0.3   8.0   12:30   ESE
21   7.2   8.1   13:30   5.8    1:30  11.2   0.0  11.4   5.3  22.0   19:15    SE
22   9.6  13.6   14:00   6.1   21:00   8.7   0.0   0.0   2.9  18.0    1:00   SSE
23   7.0   9.2    2:00   3.4   22:30  11.3   0.0   1.8   2.3  12.0   11:00    NW
24   5.2   8.7   12:30   1.7   00:00  13.1   0.0   0.0   2.0  12.0    0:30   WNW
25   3.9   7.1   12:45   0.8    3:00  14.4   0.0   0.0   0.2   7.0   23:45   ESE
26   6.6   7.6   13:00   5.1    0:15  11.8   0.0   3.2   1.4  11.0   13:30    NE
27   6.8   7.7   17:15   5.3   21:45  11.5   0.0   1.8   0.3   8.0   19:00    NE
28   8.4  10.1   14:30   5.6    0:15   9.9   0.0   0.8   2.0  12.0   14:30   ENE
29   9.2   9.6   23:45   8.9    0:15   9.1   0.0   1.4   2.3  12.0   10:45   ESE
30   9.8  11.5   11:45   8.2    8:45   8.5   0.0   0.0   3.2  15.0   12:45    NW
-------------------------------------------------------------------------------------
     8.3  16.8     1    -0.6     6   301.5   0.0  64.8   3.8  34.0     1      SE

Max >=  32.0:  0
Max <=   0.0:  0
Min <=   0.0:  1
Min <= -18.0:  0
Max Rain: 15.19 ON 07/11/14
Days of Rain: 20 (> .2 mm) 9 (> 2 mm) 0 (> 20 mm)
Heat Base:  18.3  Cool Base:  18.3  Method: Integration

Data updates at regular intervals.