Back to Top

Language: 

NOAA Climate Reports...


Report for 2014 Oct
                   MONTHLY CLIMATOLOGICAL SUMMARY for OCT. 2014

NAME: Delerius   CITY:    STATE:  
ELEV:   100 m  LAT:  53 37' 05" N  LONG:   1 27' 13" W

                   TEMPERATURE (C), RAIN  (mm), WIND SPEED (mph)

                                      HEAT  COOL        AVG
    MEAN                              DEG   DEG         WIND                 DOM
DAY TEMP  HIGH   TIME   LOW    TIME   DAYS  DAYS  RAIN  SPEED HIGH   TIME    DIR
------------------------------------------------------------------------------------
 1  15.0  18.3   15:15  10.6   23:30   3.3   0.0   0.2   5.1  19.0   13:45     W
 2  11.1  16.7   16:00   4.6    7:45   7.2   0.0   0.0   1.7  16.0   14:30   SSW
 3  15.5  19.2   15:30  10.4    0:15   2.8   0.1   0.0   6.7  25.0   10:30   SSW
 4  11.9  15.4    0:15   7.3   22:45   6.4   0.0   1.2   7.5  30.0    6:00   WNW
 5  10.0  14.9   15:30   5.2    5:30   8.3   0.0   0.0   3.7  18.0   13:00    NW
 6   9.7  11.2   17:00   8.4   23:45   8.6   0.0  10.0   7.8  30.0   10:15    SE
 7   8.2   9.7   13:00   6.9    6:15  10.1   0.0   1.2   3.4  27.0   14:15     W
 8   8.6  12.3   15:00   4.9    7:45   9.7   0.0   6.4   3.7  21.0   22:15   SSE
 9  11.3  13.8   16:00   8.1    3:15   7.0   0.0   0.2   7.6  28.0   13:45     S
10  11.5  15.3   14:15   8.4    7:45   6.8   0.0   0.0   5.8  25.0   12:30    SW
11   9.3  14.0   14:00   4.7    7:45   9.0   0.0   1.6   0.9  10.0   14:45     W
12   8.2  11.7   15:15   3.8    8:30  10.1   0.0   0.2   1.4  11.0   23:45   WNW
13   9.8  11.0   13:45   8.3    1:30   8.5   0.0   4.8   6.4  27.0   19:00   NNE
14  10.2  10.9    2:00   9.4    8:15   8.2   0.0   2.2   6.8  27.0    5:45     N
15  11.0  12.0   16:30   9.8    7:45   7.3   0.0   4.8   3.6  16.0   23:45   ESE
16  12.6  16.9   15:45   8.3    8:45   5.7   0.0   2.4   1.2  14.0    0:45   ESE
17  14.9  17.7   14:45  12.2    8:15   3.4   0.0   1.0   5.4  23.0   21:45   SSE
18  16.8  18.8   15:00  14.8    0:45   1.5   0.0   2.0   9.8  30.0   16:00   SSW
19  15.1  17.2   13:00  12.4   00:00   3.2   0.0   0.4  12.9  39.0   17:00   WSW
20  12.4  14.1   13:45  11.4    7:15   5.9   0.0   0.0   7.7  23.0   22:45   WSW
21   9.9  13.7    6:15   6.8   21:00   8.4   0.0   4.6  14.6  43.0   11:00   WNW
22  10.2  12.1   13:00   7.3    0:15   8.1   0.0   0.2   7.8  25.0    2:15   WNW
23  13.5  16.3   14:30  10.5    8:15   4.8   0.0   0.0   6.6  26.0   20:45    SW
24  12.3  14.7   13:15   8.7   22:45   6.0   0.0   0.2   4.4  16.0   14:15     W
25  10.9  13.8   15:00   7.1    6:00   7.4   0.0   0.0   7.0  25.0   12:00    SW
26  13.4  14.8   23:45  11.9    0:15   4.9   0.0   0.0  11.6  33.0   11:15    SW
27  15.3  16.4   13:00  14.4    6:30   3.0   0.0   0.0  10.1  34.0   15:30    SW
28  14.9  18.3   12:15   9.7   23:15   3.4   0.0   0.8  10.3  34.0    4:15    SW
29   9.1  10.9   13:30   5.9    7:30   9.3   0.0   0.6   2.7  15.0   19:00    SE
30  13.6  16.8   13:30   9.3    0:30   4.8   0.0   0.4   4.0  14.0   16:00     S
31  16.7  19.2   13:45  14.7    5:00   1.6   0.1   0.0   8.4  29.0   13:45   SSW
-------------------------------------------------------------------------------------
    12.0  19.2     3     3.8    12   194.5   0.1  45.4   6.3  43.0    21      SW

Max >=  32.0:  0
Max <=   0.0:  0
Min <=   0.0:  0
Min <= -18.0:  0
Max Rain: 10.01 ON 06/10/14
Days of Rain: 21 (> .2 mm) 8 (> 2 mm) 0 (> 20 mm)
Heat Base:  18.3  Cool Base:  18.3  Method: Integration

Data updates at regular intervals.