Back to Top

Language: 

NOAA Climate Reports...


Report for 2014 Sep
                   MONTHLY CLIMATOLOGICAL SUMMARY for SEP. 2014

NAME: Delerius   CITY:    STATE:  
ELEV:   100 m  LAT:  53 37' 05" N  LONG:   1 27' 13" W

                   TEMPERATURE (C), RAIN  (mm), WIND SPEED (mph)

                                      HEAT  COOL        AVG
    MEAN                              DEG   DEG         WIND                 DOM
DAY TEMP  HIGH   TIME   LOW    TIME   DAYS  DAYS  RAIN  SPEED HIGH   TIME    DIR
------------------------------------------------------------------------------------
 1  15.1  18.9   16:45  11.8    1:00   3.2   0.0   1.6   3.7  19.0   14:45   WNW
 2  14.6  18.7   15:15   8.2    7:00   3.7   0.0   0.0   1.1  10.0   11:30     E
 3  16.4  19.8   14:30  13.3    4:15   2.2   0.3   0.0   1.7  12.0   15:30   ESE
 4  15.7  18.7   17:15  13.1    8:15   2.6   0.0   0.0   1.2   9.0   13:30   ESE
 5  17.1  22.4   16:45  13.2    7:00   2.1   0.8   0.0   1.3  11.0   15:15    NW
 6  14.1  16.6    0:15  10.9   00:00   4.2   0.0   3.6   1.3  10.0    0:15    NE
 7  12.6  18.5   17:45   7.2    7:15   5.8   0.0   0.0   1.6  13.0   13:45   WNW
 8  13.3  18.2   15:15   7.8    6:30   5.0   0.0   0.0   2.4  15.0   10:00   WNW
 9  12.9  19.4   17:15   7.7    3:15   5.4   0.1   0.0   1.1  13.0   12:30     W
10  13.8  20.6   17:00   7.4    6:15   4.8   0.3   0.0   1.5  12.0   20:15   ESE
11  13.4  18.9   16:45   7.8    7:00   5.0   0.0   0.0   0.9  10.0   14:15   ESE
12  13.2  18.0   16:15   7.6    3:00   5.2   0.0   0.0   0.8   9.0   15:45    NE
13  13.6  16.9   15:45   8.8   00:00   4.7   0.0   0.0   1.1   9.0   14:30   ENE
14  13.4  16.6   16:30   8.2    0:45   4.9   0.0   0.0   2.8  15.0   16:15   ENE
15  15.2  18.4   16:00  12.1    0:15   3.2   0.0   0.2   3.1  13.0   13:45    NE
16  15.7  20.1   16:15  13.5    4:45   2.7   0.1   0.0   2.2  11.0   16:30   ENE
17  14.7  16.2   15:00  13.2    7:15   3.6   0.0   0.0   2.4  10.0    5:15   NNE
18  15.8  20.5   17:15  14.2    6:15   2.7   0.2   0.4   2.5  12.0   20:45   ENE
19  14.9  15.7   16:00  14.2    6:30   3.4   0.0   1.4   1.4  10.0    0:30    NE
20  14.2  15.8   13:15  11.2   00:00   4.1   0.0   1.8   2.6  16.0   16:30   NNW
21  12.1  16.2   16:15   6.6   00:00   6.2   0.0   0.0   3.2  18.0   11:00    NW
22  11.2  18.3   16:45   4.9    3:45   7.1   0.0   0.0   2.6  18.0   13:00   WNW
23  12.9  18.4   14:15   6.8    4:30   5.3   0.0   0.0   5.0  21.0   14:15     W
24  13.4  17.2   15:45  10.6   00:00   4.8   0.0   0.4   8.0  24.0    9:45   WNW
25  14.3  17.7   12:15   8.4    3:30   4.0   0.0   0.0   6.9  26.0   12:15     W
26  15.2  17.9   15:30   7.6   23:30   3.1   0.0   0.0   7.8  26.0    7:15     W
27  11.5  17.1   15:15   4.2    6:15   6.8   0.0   0.0   2.1  16.0   12:45   SSW
28  14.8  21.4   15:30   9.3    1:45   4.0   0.6   0.0   1.1  14.0   13:45   SSW
29  13.9  17.1   13:45  10.5    6:30   4.4   0.0   0.0   0.0   6.0   15:15   WSW
30  15.6  19.7   15:00  11.6    3:45   2.8   0.2   1.4   2.6  15.0   13:15    SW
-------------------------------------------------------------------------------------
    14.2  22.4     5     4.2    27   127.2   2.7  10.8   2.5  26.0    25     WNW

Max >=  32.0:  0
Max <=   0.0:  0
Min <=   0.0:  0
Min <= -18.0:  0
Max Rain: 3.61 ON 06/09/14
Days of Rain: 8 (> .2 mm) 1 (> 2 mm) 0 (> 20 mm)
Heat Base:  18.3  Cool Base:  18.3  Method: Integration

Data updates at regular intervals.