Back to Top

Language: 

NOAA Climate Reports...


Report for 2014 Aug
                   MONTHLY CLIMATOLOGICAL SUMMARY for AUG. 2014

NAME: Delerius   CITY:    STATE:  
ELEV:   100 m  LAT:  53 37' 05" N  LONG:   1 27' 13" W

                   TEMPERATURE (C), RAIN  (mm), WIND SPEED (mph)

                                      HEAT  COOL        AVG
    MEAN                              DEG   DEG         WIND                 DOM
DAY TEMP  HIGH   TIME   LOW    TIME   DAYS  DAYS  RAIN  SPEED HIGH   TIME    DIR
------------------------------------------------------------------------------------
 1  17.4  20.8   13:15  13.4    2:45   1.5   0.6   2.0   3.7  19.0   11:15    SW
 2  17.4  21.3   17:45  14.2   00:00   1.5   0.6   1.0   4.6  23.0   15:00   SSE
 3  16.8  22.6   16:00  11.4    5:00   2.5   1.0   0.0   8.7  29.0   12:45    SW
 4  17.3  22.4   16:30  12.0    6:45   2.2   1.1   0.0   4.0  19.0   13:00   WNW
 5  16.2  22.8   14:15   8.9    6:00   2.8   0.7   0.2   2.7  22.0   14:15   SSE
 6  18.4  22.3   14:30  15.3   22:45   1.0   1.2   2.6   5.2  26.0   15:00   WNW
 7  16.9  21.9   16:45  11.6   23:45   2.1   0.8   0.0   2.9  14.0    2:45   WNW
 8  15.2  22.2   14:00  10.4    2:00   3.6   0.4  47.4   1.6  15.0   16:15    SE
 9  17.3  22.2   15:15  13.4    2:30   1.9   0.9   0.2   6.9  30.0   15:15     W
10  13.7  17.1   15:45  11.8   23:00   4.6   0.0  17.8   6.4  35.0   20:15     W
11  14.3  18.3   13:45  12.1    0:15   4.0   0.0   3.0  10.7  35.0    1:30     W
12  14.9  18.6   15:45  11.8    5:45   3.3   0.0   0.0   8.8  28.0   14:30     W
13  15.6  18.9   15:15  13.3    3:00   2.7   0.0   0.0   8.9  28.0    9:45   WNW
14  14.4  19.4   14:45  12.3    3:15   3.9   0.0   3.0   4.0  19.0    2:30   WNW
15  13.9  18.6   13:45  10.3    6:45   4.3   0.0   3.2   1.9  20.0   15:45    NW
16  14.2  16.8   17:45  11.4    3:45   4.1   0.0   0.0   7.8  33.0   16:45     W
17  14.3  16.9   16:45  11.8    5:45   4.0   0.0   1.0  11.1  34.0   17:30   WNW
18  13.7  19.0   15:00  11.1   23:00   4.6   0.0   2.2   6.6  26.0   17:45   WNW
19  12.3  16.5   16:15   8.1    6:30   6.0   0.0   0.0   6.1  22.0    9:45   WNW
20  11.7  15.8   14:00   7.5    6:15   6.6   0.0   0.0   3.3  18.0   14:15   WNW
21  13.1  15.3   17:15   9.6    0:15   5.2   0.0   0.0   8.0  31.0   15:00   WSW
22  12.9  16.8   14:15   9.8    5:30   5.4   0.0   0.8   4.4  18.0   16:30   WNW
23  11.7  16.3   13:45   7.2    5:00   6.6   0.0   0.0   4.3  20.0   14:00   WNW
24  12.8  17.3   16:45   7.8    3:45   5.5   0.0   0.0   3.0  15.0   11:15   WNW
25  12.1  13.2   23:00  11.1   12:15   6.2   0.0  10.6   4.0  18.0   10:15   ESE
26  13.7  17.9   16:15   9.5   00:00   4.6   0.0   4.8   5.7  20.0   15:15   ENE
27  13.5  18.2   17:15   7.3    2:15   4.8   0.0   0.0   4.4  20.0   17:30   ESE
28  16.7  20.6   16:00  13.8    4:00   2.0   0.4   3.2   5.3  23.0   15:30    SW
29  15.4  18.3   15:45  13.2    2:15   2.9   0.0   4.0   8.1  33.0   12:45    SW
30  15.3  18.6   16:00  12.8    6:30   3.0   0.0   0.2   9.7  29.0   11:45     W
31  15.2  19.2   16:15  11.6    5:00   3.2   0.1   0.0   6.0  22.0   14:45   WNW
-------------------------------------------------------------------------------------
    14.8  22.8     5     7.2    23   116.9   7.8 107.2   5.8  35.0    10     WNW

Max >=  32.0:  0
Max <=   0.0:  0
Min <=   0.0:  0
Min <= -18.0:  0
Max Rain: 47.40 ON 08/08/14
Days of Rain: 18 (> .2 mm) 12 (> 2 mm) 1 (> 20 mm)
Heat Base:  18.3  Cool Base:  18.3  Method: Integration

Data updates at regular intervals.