Back to Top

Language: 

NOAA Climate Reports...


Report for 2014 Jul
                   MONTHLY CLIMATOLOGICAL SUMMARY for JUL. 2014

NAME: Delerius   CITY:    STATE:  
ELEV:   100 m  LAT:  53 37' 05" N  LONG:   1 27' 13" W

                   TEMPERATURE (C), RAIN  (mm), WIND SPEED (mph)

                                      HEAT  COOL        AVG
    MEAN                              DEG   DEG         WIND                 DOM
DAY TEMP  HIGH   TIME   LOW    TIME   DAYS  DAYS  RAIN  SPEED HIGH   TIME    DIR
------------------------------------------------------------------------------------
 1  15.3  21.4   16:15   7.9    5:45   3.6   0.6   0.0   1.5  12.0   13:30    SE
 2  17.4  23.3   13:30   9.8    5:30   2.5   1.6   0.0   3.3  18.0   13:00     W
 3  17.7  20.6   15:00  15.2    7:00   1.2   0.5   0.0   6.1  21.0   16:45   WSW
 4  17.6  21.5   15:30  16.1    4:15   1.1   0.5   1.0   6.8  26.0    9:00    SW
 5  16.7  20.2   16:30  13.3   00:00   1.9   0.2   4.0   4.5  22.0   11:30   WNW
 6  15.3  20.9   16:15  10.6    5:45   3.3   0.3   0.2   3.2  25.0   16:30    NW
 7  15.1  20.8   19:15   8.1    4:45   3.7   0.5   2.0   2.0  14.0   11:15    NW
 8  15.2  20.6   14:15  10.4    6:15   3.3   0.2   0.0   2.5  21.0   14:15    NW
 9  17.2  23.3   17:15  11.4    4:15   2.4   1.3   0.0   5.1  22.0   14:15    NW
10  17.1  22.9   15:45  11.9    6:00   2.2   1.0   0.0   3.8  18.0   10:30    NW
11  17.7  23.2   13:30  10.8    3:45   2.2   1.6   0.0   1.4  15.0   13:30    NW
12  19.7  25.7   16:15  12.6    5:45   1.3   2.7   0.4   1.8  15.0   17:15    SW
13  17.7  20.8   15:45  13.5   00:00   1.0   0.4   3.4   6.1  26.0   16:30   WNW
14  17.2  21.0   12:45  11.9    4:30   1.8   0.8   0.0   6.7  22.0   15:45    SW
15  16.8  20.9   17:45  11.7   00:00   1.9   0.4   0.0   3.0  20.0    3:45    NW
16  17.4  22.7   15:45   9.4    4:45   2.5   1.6   0.0   4.2  23.0   16:45    SW
17  19.2  25.3   17:15  10.8    5:45   1.7   2.6   0.0   2.1  16.0   19:30    SE
18  18.4  22.9   18:30  14.7    5:00   1.0   1.1   0.4   2.3  18.0   13:15   ENE
19  18.1  21.5   16:45  16.4   00:00   0.7   0.5  10.2   0.6  10.0   18:30   ESE
20  19.5  24.4   17:15  16.0    2:15   0.7   1.9   0.0   3.7  19.0   17:15   WNW
21  19.9  24.7   15:30  15.2   00:00   0.7   2.4   0.0   4.6  16.0   14:00   WNW
22  18.9  26.1   16:30  11.2    5:30   2.0   2.6   0.0   1.4  13.0   18:45    SE
23  19.3  26.1   14:15  14.7    6:30   1.3   2.3   0.0   3.1  20.0   15:45   ENE
24  20.2  26.9   15:45  13.6    5:30   1.2   3.1   0.0   3.3  20.0   13:15   ESE
25  20.7  27.0   14:30  15.4    5:00   0.9   3.3   0.0   2.5  16.0   14:00   ENE
26  21.4  28.9   15:45  13.2    5:30   1.3   4.3   0.0   2.2  14.0   00:00   WNW
27  17.9  22.4   15:45  13.9    5:15   1.4   1.0   3.2   6.2  23.0   13:45   WNW
28  18.3  24.7   17:30  11.9    6:30   1.8   1.8   0.0   1.5  15.0   14:45   NNW
29  17.1  22.4   13:15  11.6    5:15   2.1   0.9   0.0   5.5  22.0   18:00   WNW
30  16.9  21.1   17:00  13.2    5:15   1.8   0.4   0.0   5.3  21.0    9:30   WNW
31  17.9  21.7   18:15  14.9    6:15   1.2   0.8   0.0   3.8  21.0    9:00   WNW
-------------------------------------------------------------------------------------
    17.9  28.9    26     7.9     1    55.7  43.2  24.8   3.6  26.0     4     WNW

Max >=  32.0:  0
Max <=   0.0:  0
Min <=   0.0:  0
Min <= -18.0:  0
Max Rain: 10.21 ON 19/07/14
Days of Rain: 9 (> .2 mm) 5 (> 2 mm) 0 (> 20 mm)
Heat Base:  18.3  Cool Base:  18.3  Method: Integration

Data updates at regular intervals.