Back to Top

Language: 

NOAA Climate Reports...


Report for 2014 Jun
                   MONTHLY CLIMATOLOGICAL SUMMARY for JUN. 2014

NAME: Delerius   CITY:    STATE:  
ELEV:   100 m  LAT:  53 37' 05" N  LONG:   1 27' 13" W

                   TEMPERATURE (C), RAIN  (mm), WIND SPEED (mph)

                                      HEAT  COOL        AVG
    MEAN                              DEG   DEG         WIND                 DOM
DAY TEMP  HIGH   TIME   LOW    TIME   DAYS  DAYS  RAIN  SPEED HIGH   TIME    DIR
------------------------------------------------------------------------------------
 1  15.4  21.9   15:15   7.0    5:15   3.6   0.7   0.0   1.3  14.0   15:00    SW
 2  15.8  19.9   17:45  12.3    5:45   2.8   0.2   1.2   1.8  16.0   18:45    SW
 3  14.3  18.2   16:30  12.3   00:00   4.0   0.0   1.2   2.1  15.0   16:30   WNW
 4  11.7  14.1   15:00   9.4    7:00   6.6   0.0   4.0   1.6  12.0   23:00    NW
 5  12.7  15.6   18:45   8.6   00:00   5.7   0.0   0.0   8.0  32.0   13:45   WNW
 6  14.2  20.8   15:15   4.8    5:15   4.7   0.5   0.0   3.1  16.0   18:15    SE
 7  14.1  19.2   18:15   9.7    4:15   4.3   0.1   6.4   1.6  15.0   17:30     W
 8  16.1  22.1   14:15  10.0    2:45   2.9   0.7   0.4   3.6  23.0   10:30    SW
 9  15.8  20.4   19:00  10.7    5:00   2.7   0.2   5.6   1.1  11.0   14:45   ESE
10  16.5  20.9   15:45  12.8   00:00   2.1   0.3   4.4   4.8  34.0   16:30    SW
11  16.6  21.3   14:00  12.1    2:15   2.4   0.7   0.0   4.5  21.0    8:30     W
12  16.6  22.6   17:00   8.7    4:45   3.0   1.3   0.0   1.9  14.0   14:15   WNW
13  16.8  22.4   16:00  10.6    5:15   2.5   1.0   1.6   1.2  11.0    9:45    NW
14  16.8  20.0   17:30  14.2   00:00   1.8   0.2   0.4   1.3  11.0   16:00    NW
15  14.6  16.4   15:15  13.3    3:30   3.8   0.0   0.2   0.4  10.0   23:15    NE
16  13.8  17.2   16:30   9.8    5:45   4.5   0.0   0.2   3.1  21.0   18:45   NNE
17  14.7  18.8   18:45   9.4    5:15   3.6   0.0   0.0   2.0  13.0    8:45   NNE
18  18.3  23.8   17:45  13.3    4:45   1.6   1.6   0.0   1.7  12.0   13:00   NNE
19  16.0  19.8   17:00  13.9    3:15   2.4   0.1   0.0   2.0  12.0    6:45   ENE
20  17.2  22.8   16:30  12.9    6:15   2.1   1.1   0.0   2.8  14.0   15:45    NW
21  16.4  21.7   14:45   9.6    5:30   2.5   0.6   0.0   2.0  14.0    9:15    NW
22  17.7  22.8   16:45  11.8    5:30   1.9   1.2   0.0   1.3  11.0   16:00    SE
23  18.1  24.8   16:15  11.3    4:15   2.1   1.8   0.0   2.2  15.0   15:00   NNW
24  15.4  21.3   12:45  11.7    3:15   3.1   0.2   0.2   2.5  15.0    8:45   ENE
25  14.8  18.5   14:30  10.0    4:00   3.5   0.0   0.0   1.2  12.0   10:00    SE
26  14.7  18.5   13:30  11.9    5:30   3.6   0.0   0.0   1.8  13.0   20:45    SE
27  11.4  13.2   13:00   9.9   22:00   6.9   0.0  14.8   1.4  11.0   17:15    NE
28  11.1  12.9   16:00   9.9    0:15   7.2   0.0   1.0   1.0  13.0   12:45    NE
29  12.7  17.2   14:00   8.7    4:30   5.6   0.0   0.2   2.3  14.0   11:00    NW
30  15.0  20.9   16:15   8.6    4:30   3.8   0.5   0.0   1.1  10.0   13:00    SE
-------------------------------------------------------------------------------------
    15.2  24.8    23     4.8     6   106.8  13.0  41.8   2.2  34.0    10      NW

Max >=  32.0:  0
Max <=   0.0:  0
Min <=   0.0:  0
Min <= -18.0:  0
Max Rain: 14.81 ON 27/06/14
Days of Rain: 15 (> .2 mm) 5 (> 2 mm) 0 (> 20 mm)
Heat Base:  18.3  Cool Base:  18.3  Method: Integration

Data updates at regular intervals.