Back to Top

Language: 

NOAA Climate Reports...


Report for 2014 May
                   MONTHLY CLIMATOLOGICAL SUMMARY for MAY. 2014

NAME: Delerius   CITY:    STATE:  
ELEV:   100 m  LAT:  53 37' 05" N  LONG:   1 27' 13" W

                   TEMPERATURE (C), RAIN  (mm), WIND SPEED (mph)

                                      HEAT  COOL        AVG
    MEAN                              DEG   DEG         WIND                 DOM
DAY TEMP  HIGH   TIME   LOW    TIME   DAYS  DAYS  RAIN  SPEED HIGH   TIME    DIR
------------------------------------------------------------------------------------
 1   8.8  11.1    0:15   6.8   00:00   9.5   0.0   0.0   ---   ---     ---   ---
 2   8.9  13.9   15:00   4.3   00:00   9.4   0.0   0.0   ---   ---     ---   ---
 3   9.0  17.6   15:45   0.1    6:00   9.3   0.0   0.4   ---   ---   16:15   ESE
 4  13.4  17.8   15:15  10.0    5:30   4.9   0.0   0.0   ---   ---     ---   ---
 5  13.7  19.6   12:15   8.8    6:30   4.7   0.1   0.0   ---   ---     ---   ---
 6  13.8  19.2   13:00   9.3    6:30   4.5   0.0   0.0   ---   ---     ---   ---
 7  12.2  15.7   16:30   9.3    5:15   6.1   0.0   0.0   ---   ---     ---   ---
 8  11.5  14.4   15:15  10.1    5:45   6.8   0.0   0.0   ---   ---     ---   ---
 9  11.8  16.1   14:30   8.0    7:15   6.5   0.0   2.6   3.5  30.0   16:30   WNW
10  11.6  15.9   14:45   8.4    4:30   6.7   0.0   6.4   9.0  34.0   16:00   WSW
11  11.4  14.8   15:00   9.3    3:15   6.9   0.0   2.8  10.2  33.0   16:00   WNW
12  11.2  14.8   18:00   6.5   00:00   7.1   0.0   0.0   5.5  25.0   14:30   WNW
13   9.4  14.2   13:30   4.3    3:30   8.9   0.0  11.0   1.3  10.0   15:30   WNW
14  12.6  18.6   15:45   7.1    1:00   5.7   0.0   0.0   3.9  21.0   15:30   WNW
15  13.8  20.2   15:15   6.3    4:30   4.7   0.2   0.0   1.6  11.0   16:00   WNW
16  15.7  23.1   15:45   6.9    4:45   3.8   1.2   0.0   2.6  15.0   14:15   WNW
17  16.3  23.1   16:30   8.2    5:15   3.3   1.3   0.0   3.0  19.0   15:30    SW
18  17.3  23.6   16:15  10.0    5:45   2.5   1.6   0.0   4.3  26.0   13:00   SSW
19  16.9  23.6   14:45   8.4    5:45   2.9   1.5   0.0   3.9  25.0   18:45    SE
20  15.1  21.6   17:00  10.7    5:15   3.7   0.5   1.0   2.3  18.0   20:15    NE
21  15.4  21.2   16:15   9.2    6:00   3.3   0.4   0.0   1.7  15.0   15:15   ENE
22  10.7  12.6    0:30   9.1   00:00   7.6   0.0  16.0   3.0  15.0   23:30   NNE
23  10.8  15.4   15:30   8.8    2:15   7.5   0.0  10.2   3.5  21.0   18:00    NE
24  10.9  15.6   17:15   7.5    4:30   7.4   0.0  12.0   1.8  22.0   15:00    NE
25  11.6  16.3   16:45   8.6    3:00   6.7   0.0   2.6   2.8  18.0   13:00   SSW
26  11.9  17.2   14:00   4.7    5:00   6.4   0.0   0.4   1.3  11.0   10:30   SSE
27  11.7  15.7   11:45   9.3    1:15   6.6   0.0   0.6   2.7  19.0   17:15   NNE
28  10.9  11.8    9:30   9.9   00:00   7.4   0.0   9.8   3.8  18.0   16:45    NE
29  10.3  11.6   17:00   9.4    7:00   8.0   0.0   4.8   3.3  14.0    8:45   ENE
30  11.8  15.2   16:15   9.1    4:00   6.4   0.0   0.0   0.9  10.0   16:30   ENE
31  13.6  16.7   13:00   9.9   23:45   4.7   0.0   0.0   2.3  15.0   16:00    NW
-------------------------------------------------------------------------------------
    12.4  23.6    18     0.1     3   189.8   6.8  80.6   2.5  34.0    10     WNW

Max >=  32.0:  0
Max <=   0.0:  0
Min <=   0.0:  0
Min <= -18.0:  0
Max Rain: 16.00 ON 22/05/14
Days of Rain: 14 (> .2 mm) 10 (> 2 mm) 0 (> 20 mm)
Heat Base:  18.3  Cool Base:  18.3  Method: Integration

Data updates at regular intervals.