Back to Top

Language: 

NOAA Climate Reports...


Report for 2014 Apr
                   MONTHLY CLIMATOLOGICAL SUMMARY for APR. 2014

NAME: Delerius   CITY:    STATE:  
ELEV:   100 m  LAT:  53 37' 05" N  LONG:   1 27' 13" W

                   TEMPERATURE (C), RAIN  (mm), WIND SPEED (mph)

                                      HEAT  COOL        AVG
    MEAN                              DEG   DEG         WIND                 DOM
DAY TEMP  HIGH   TIME   LOW    TIME   DAYS  DAYS  RAIN  SPEED HIGH   TIME    DIR
------------------------------------------------------------------------------------
 1  10.4  15.1   17:00   7.3    6:45   7.9   0.0   4.8   2.4  13.0    3:45     E
 2   6.9   8.9   16:00   5.4    8:45  11.3   0.0   0.2   4.8  15.0   18:45   ENE
 3   7.2   8.7   16:30   6.3    2:30  11.1   0.0   0.2   5.9  16.0   18:00    NE
 4   9.6  13.3   14:30   6.8    6:00   8.8   0.0   0.4   4.9  22.0   13:00     W
 5  11.5  14.8   16:30   7.8    5:45   6.8   0.0   0.0   5.3  22.0   10:00     S
 6  14.0  17.4   17:00  11.5   00:00   4.3   0.0   1.6   7.4  28.0   15:45     S
 7  10.2  15.3   14:45   6.7   22:45   8.1   0.0   6.2   6.3  31.0   15:15     W
 8   8.2  11.3   15:30   5.3    7:00  10.1   0.0   0.6  13.1  37.0   11:15     W
 9  10.6  14.8   15:15   7.0    0:45   7.7   0.0   0.0   9.4  30.0    5:45     W
10  10.3  13.1   12:15   7.7   00:00   7.9   0.0   0.0   6.6  22.0   11:15     W
11   9.4  14.1   15:15   6.1    7:30   8.9   0.0   0.0   5.7  19.0   17:30     W
12   8.6  12.6   14:30   5.7    5:15   9.7   0.0   0.2   7.3  27.0   15:45   WSW
13   9.2  12.5   15:00   6.2    1:00   9.1   0.0   0.0  16.0  46.0   15:15     W
14   9.6  14.7   16:00   6.0   00:00   8.7   0.0   0.0   9.9  30.0    0:15    NW
15   8.7  14.3   16:00   2.8    5:45   9.6   0.0   0.0   3.8  19.0   19:30    SE
16   9.9  16.7   16:15   2.7    4:30   8.3   0.0   0.0   5.7  21.0   11:00   SSE
17   9.9  12.2    0:15   5.7   00:00   8.4   0.0   0.0  12.0  37.0   15:30     W
18   7.8  13.2   17:15   3.7    6:15  10.5   0.0   0.0   5.3  19.0   11:00   NNW
19   6.4  12.2   14:30   1.1    5:45  11.9   0.0   0.0   3.7  19.0   17:00     E
20   8.7  13.3   14:45   3.9    5:15   9.6   0.0   0.0   9.6  27.0   14:30    NE
21  11.1  17.6   13:45   8.9    0:15   7.2   0.0   0.4   7.1  24.0   13:45    NE
22  10.6  13.8   16:45   8.6    1:45   7.7   0.0   5.6   5.4  18.0    0:15    NE
23  12.5  16.6   13:45   9.3    6:45   5.8   0.0   1.8   5.7  23.0   15:00     S
24  11.8  16.8   16:30   8.1    8:30   6.5   0.0   1.6   2.4  11.0   19:00     E
25   8.6   9.6   11:45   7.3    8:00   9.7   0.0   3.6   5.5  19.0   14:30    NE
26  10.7  16.2   15:15   7.7    5:45   6.4   0.0   0.8   3.1  22.0    8:30   SSE
27  11.2  17.8   13:45   7.4    2:15   7.1   0.0   0.0   ---   ---     ---   ---
28  13.9  20.8   13:45   9.4    3:15   4.7   0.2   0.0   ---   ---     ---   ---
29  13.3  21.1   14:15   8.7    1:15   5.2   0.2   0.0   ---   ---     ---   ---
30  13.1  16.6   13:45  10.4    6:00   5.2   0.0   0.2   ---   ---     ---   ---
-------------------------------------------------------------------------------------
    10.1  21.1    29     1.1    19   244.3   0.5  28.2   5.8  46.0    13       W

Max >=  32.0:  0
Max <=   0.0:  0
Min <=   0.0:  0
Min <= -18.0:  0
Max Rain: 6.20 ON 07/04/14
Days of Rain: 15 (> .2 mm) 4 (> 2 mm) 0 (> 20 mm)
Heat Base:  18.3  Cool Base:  18.3  Method: Integration

Data updates at regular intervals.