Back to Top

Language: 

NOAA Climate Reports...


Report for 2014 Mar
                   MONTHLY CLIMATOLOGICAL SUMMARY for MAR. 2014

NAME: Delerius   CITY:    STATE:  
ELEV:   100 m  LAT:  53 37' 05" N  LONG:   1 27' 13" W

                   TEMPERATURE (C), RAIN  (mm), WIND SPEED (mph)

                                      HEAT  COOL        AVG
    MEAN                              DEG   DEG         WIND                 DOM
DAY TEMP  HIGH   TIME   LOW    TIME   DAYS  DAYS  RAIN  SPEED HIGH   TIME    DIR
------------------------------------------------------------------------------------
 1   4.3   7.9   16:15   0.5    5:45  14.0   0.0   0.0   2.2  12.0   00:00     W
 2   6.7   9.5   12:00   3.7    0:30  11.6   0.0   7.2   8.7  26.0   16:45     S
 3   5.7   9.8   15:45   2.2    7:45  12.6   0.0   0.0   3.0  14.0    1:00     W
 4   5.1  10.1   13:30   1.1    4:15  13.2   0.0   0.0   6.1  23.0   13:45     S
 5   7.1  11.6   13:00   2.5    3:00  11.2   0.0   0.0   5.0  21.0   23:00    SW
 6   9.6  11.7   10:45   7.7    5:45   8.7   0.0   0.2   6.4  28.0   19:45     S
 7   8.5  11.8   12:00   2.1   00:00   9.8   0.0   1.2  10.3  40.0   12:15     S
 8   7.8  12.5   15:30   1.8    2:00  10.4   0.0   0.0   7.6  29.0    9:00   SSE
 9  11.7  18.3   15:45   7.3    0:15   6.6   0.0   0.0   3.0  14.0    1:15     S
10   7.9  10.9   15:30   2.6   23:45  10.4   0.0   0.0   5.8  25.0    3:30     E
11   4.4  11.1   15:30   1.0    3:00  13.8   0.0   0.0   2.3  12.0   15:45     E
12   5.7  11.1   16:15   2.3    7:00  12.6   0.0   0.0   2.3  11.0   13:45   SSE
13   8.8  17.0   15:15   3.2    6:30   9.5   0.0   0.0   3.8  13.0    8:30     W
14   8.1  13.6   12:15   3.7    6:45  10.2   0.0   0.0  10.5  45.0   19:45     W
15   9.7  11.6   12:45   8.3    6:30   8.6   0.0   0.0  19.6  43.0   12:00   WNW
16   9.8  11.4   13:45   8.1    4:45   8.5   0.0   0.0  19.2  43.0    3:45     W
17   9.2  10.8   15:30   7.8   23:45   9.1   0.0   0.0  10.1  26.0    7:15     W
18   8.9  10.7   15:30   6.9    6:15   9.3   0.0   1.2  13.8  46.0   21:00    SW
19  10.6  14.6   13:45   7.6   00:00   7.8   0.0   0.0  12.5  36.0   17:00   WSW
20   8.6  12.2   13:45   5.2   22:30   9.7   0.0   1.4   9.8  35.0    8:00     S
21   6.9  11.2   15:15   3.6    6:15  11.4   0.0   0.2   9.0  34.0   15:30    SW
22   5.0   8.3   12:15   2.7    6:00  13.3   0.0   1.8   8.5  29.0   10:30    SW
23   5.1   9.4   15:00   1.8   23:15  13.3   0.0   0.2   8.0  30.0   15:15   WNW
24   5.0   9.7   14:30  -0.9    6:15  13.3   0.0   0.2   6.9  28.0   13:45    SE
25   5.6   8.2   14:45   3.2   23:00  12.7   0.0   0.8   5.3  23.0    1:00    SE
26   4.5   8.2   14:45   2.8    5:45  13.8   0.0   0.8   7.7  27.0   13:45    NW
27   5.1   7.9   11:30   2.3    6:45  13.3   0.0   5.4   6.4  23.0   21:15   ENE
28   6.9   9.2   14:30   4.9    1:45  11.4   0.0   5.2   6.4  21.0   14:00   ENE
29   8.3  13.6   14:30   5.3   23:15  10.0   0.0   0.0   5.0  22.0   16:00    NE
30   8.9  14.4   16:15   5.4    4:15   9.0   0.0   0.0   5.3  13.0   15:30   NNW
31   9.3  13.9   17:30   6.6    5:30   9.0   0.0   0.4   4.4  12.0    0:30     N
-------------------------------------------------------------------------------------
     7.4  18.3     9    -0.9    24   338.3   0.0  26.2   7.6  46.0    18       S

Max >=  32.0:  0
Max <=   0.0:  0
Min <=   0.0:  1
Min <= -18.0:  0
Max Rain: 7.19 ON 02/03/14
Days of Rain: 14 (> .2 mm) 3 (> 2 mm) 0 (> 20 mm)
Heat Base:  18.3  Cool Base:  18.3  Method: Integration

Data updates at regular intervals.