Back to Top

Language: 

NOAA Climate Reports...


Report for 2014 Feb
                   MONTHLY CLIMATOLOGICAL SUMMARY for FEB. 2014

NAME: Delerius   CITY:    STATE:  
ELEV:   100 m  LAT:  53 37' 05" N  LONG:   1 27' 13" W

                   TEMPERATURE (C), RAIN  (mm), WIND SPEED (mph)

                                      HEAT  COOL        AVG
    MEAN                              DEG   DEG         WIND                 DOM
DAY TEMP  HIGH   TIME   LOW    TIME   DAYS  DAYS  RAIN  SPEED HIGH   TIME    DIR
------------------------------------------------------------------------------------
 1   6.1   7.7   16:30   2.8    8:00  12.2   0.0   0.2  10.6  40.0   16:15   SSW
 2   7.3   8.9   14:30   4.5   00:00  11.0   0.0   0.0   9.6  32.0    6:30   WSW
 3   5.8   7.7   14:00   3.9   00:00  12.5   0.0   0.0  11.6  30.0   12:00   SSE
 4   5.8   8.3   14:30   3.8    1:00  12.5   0.0   0.8  10.2  36.0   21:30   SSE
 5   7.2   9.0   20:30   5.7    5:15  11.1   0.0   5.2  15.3  39.0    1:00   SSE
 6   7.4   9.2   12:45   4.2   00:00  10.9   0.0   6.4   7.9  36.0    0:45   WSW
 7   5.4   8.1   12:30   3.3    1:45  12.8   0.0   1.6   9.9  30.0   13:30   WNW
 8   6.6   8.6   15:30   5.1    7:30  11.7   0.0   8.6  12.7  39.0   16:45     S
 9   5.7   8.0   13:15   2.9   23:45  12.6   0.0   1.6  10.3  34.0   12:30   WSW
10   2.9   5.9   14:15   0.1    8:15  15.4   0.0   0.0   3.6  14.0    2:00     S
11   3.0   5.8   15:15   0.9   18:45  15.3   0.0   7.4   9.5  38.0   14:00     S
12   4.3   7.3   16:30   1.7    1:30  14.0   0.0   6.2  15.4  59.0   20:15   WSW
13   4.7   6.9   14:00   2.4    7:45  13.6   0.0   0.0  12.8  37.0    0:30   WSW
14   5.3   9.2   22:30   2.4    7:45  13.0   0.0   5.4  11.8  39.0   14:15     S
15   6.1   8.4    0:15   4.9    9:00  12.2   0.0   3.8  17.5  41.0   10:15     W
16   5.1   8.1   15:15   2.4   00:00  13.3   0.0   0.0   9.2  42.0    0:15     W
17   5.8   9.4   15:45   1.3    2:15  12.5   0.0   0.0   7.6  23.0   18:45   SSE
18   8.0  10.8   12:00   6.6    2:00  10.3   0.0   0.0   5.4  20.0   00:00     S
19   7.8  10.6   13:00   4.7    5:00  10.5   0.0   0.4   6.3  21.0   22:45   WSW
20   8.7  11.6   14:30   4.2   00:00   9.6   0.0   0.2   9.7  34.0   10:30     S
21   5.7   9.1   15:30   2.7    8:00  12.6   0.0   0.2   8.9  40.0   23:15    SW
22   7.6  10.3   13:15   5.1    7:00  10.7   0.0   0.0  11.6  36.0    0:30   WSW
23  10.6  12.2   10:30   8.5    0:15   7.8   0.0   0.0  10.2  36.0   10:15     S
24   8.9  11.3   13:15   7.7    9:30   9.4   0.0   0.0   9.7  29.0    2:15     S
25   7.9  10.5   13:30   5.3   23:45  10.4   0.0   0.0   8.3  25.0    0:30     S
26   6.5  10.2   15:15   3.6    6:45  11.8   0.0   0.0   7.8  28.0   12:15     S
27   6.0   8.9   14:15   1.9   00:00  12.3   0.0   6.4  10.6  32.0    3:45     W
28   2.9   7.1   16:00  -0.9    5:00  15.3   0.0   0.0   4.2  11.0   11:15   NNW
-------------------------------------------------------------------------------------
     6.3  12.2    23    -0.9    28   337.2   0.0  54.4   9.9  59.0    12       S

Max >=  32.0:  0
Max <=   0.0:  0
Min <=   0.0:  1
Min <= -18.0:  0
Max Rain: 8.61 ON 08/02/14
Days of Rain: 15 (> .2 mm) 8 (> 2 mm) 0 (> 20 mm)
Heat Base:  18.3  Cool Base:  18.3  Method: Integration

Data updates at regular intervals.