Back to Top

Language: 

NOAA Climate Reports...


Report for 2014 Jan
                   MONTHLY CLIMATOLOGICAL SUMMARY for JAN. 2014

NAME: Delerius   CITY:    STATE:  
ELEV:   100 m  LAT:  53 37' 05" N  LONG:   1 27' 13" W

                   TEMPERATURE (C), RAIN  (mm), WIND SPEED (mph)

                                      HEAT  COOL        AVG
    MEAN                              DEG   DEG         WIND                 DOM
DAY TEMP  HIGH   TIME   LOW    TIME   DAYS  DAYS  RAIN  SPEED HIGH   TIME    DIR
------------------------------------------------------------------------------------
 1   7.6  10.5   19:00   4.9    6:30  10.7   0.0   5.8  10.5  42.0   12:45     S
 2   7.9   9.7    0:15   6.7    9:15  10.4   0.0   1.0   8.7  26.0   23:45     S
 3   7.9   9.8    2:30   5.8   21:15  10.4   0.0   2.0  10.0  33.0   18:30   SSW
 4   5.8   7.3    0:30   3.9   00:00  12.5   0.0   0.2   4.8  33.0    0:30   WSW
 5   5.7  12.4   23:30   1.6    8:45  12.6   0.0   4.2  10.2  35.0   23:30     S
 6   9.7  11.7   13:00   8.1    8:15   8.6   0.0   1.4   9.6  37.0   15:15   SSW
 7   9.1  10.4   12:45   8.1    8:45   9.2   0.0   0.2   8.3  31.0   14:30   SSW
 8   8.9  10.3   11:30   6.7   23:30   9.4   0.0   8.2   7.5  36.0    6:00   WSW
 9   6.1   8.7   13:30   3.9    8:30  12.2   0.0   4.2   9.6  30.0   14:15   WNW
10   6.6   8.6   19:45   4.6    1:45  11.7   0.0   0.0   6.2  21.0    6:00     S
11   5.1   8.3    0:30   2.3   23:30  13.2   0.0   0.4   7.9  27.0   11:45   WNW
12   2.7   6.2   00:00  -0.3    9:00  15.6   0.0   3.0   6.1  21.0   22:00   SSE
13   6.2   7.8   13:30   4.2    7:15  12.2   0.0   0.0   5.8  22.0    1:45     S
14   5.2   6.4   14:45   4.3    9:15  13.1   0.0   1.4   7.5  24.0    7:45     S
15   8.3  10.3   17:00   5.6    0:15  10.0   0.0   7.8   7.5  20.0    0:15     S
16   7.3   8.9   14:00   5.7    6:00  11.0   0.0   2.6   6.1  20.0   18:15   SSE
17   7.1   9.0   14:15   5.6   23:00  11.2   0.0   0.4   6.1  20.0   11:30     S
18   6.5   8.2   16:45   4.1    6:00  11.8   0.0   1.8   7.4  28.0   19:30    SE
19   6.0   7.8   12:45   1.8   22:45  12.3   0.0   1.2   5.4  20.0    3:30   SSE
20   3.7   6.7   14:15   0.2    8:15  14.6   0.0   0.2   1.3  10.0    0:45     S
21   3.6   6.2   15:00   0.9    5:30  14.7   0.0   2.0   6.7  25.0   20:45   SSE
22   6.6   8.3   15:15   4.8    0:15  11.7   0.0   2.0   6.4  20.0    0:15   SSE
23   5.4   7.6    2:30   2.7   23:15  12.9   0.0   3.0  10.1  37.0   16:30   WNW
24   4.8   7.2   14:30   1.7    5:15  13.5   0.0   5.4   8.3  23.0   14:15   SSE
25   7.8  11.8   13:15   5.2   17:15  10.5   0.0   3.2  12.6  46.0   19:00   WNW
26   5.4   8.1   14:45   2.8   22:45  12.9   0.0   8.0  12.1  40.0   15:00     W
27   5.3   7.7   14:00   2.9    8:45  13.0   0.0   0.0   7.5  28.0   12:30   WSW
28   5.9   7.2   16:15   4.9    1:15  12.4   0.0   5.2   8.6  26.0   18:15   SSE
29   5.2   6.8   12:45   3.3   23:45  13.1   0.0   1.4   8.4  28.0    3:00     E
30   3.2   4.8   00:00   2.5   15:00  15.1   0.0   0.2   5.6  15.0   13:00   ENE
31   4.9   7.4   22:45   2.6    8:00  13.4   0.0   8.0  10.7  35.0   17:15     S
-------------------------------------------------------------------------------------
     6.2  12.4     5    -0.3    12   376.1   0.0  84.4   7.9  46.0    25       S

Max >=  32.0:  0
Max <=   0.0:  0
Min <=   0.0:  1
Min <= -18.0:  0
Max Rain: 8.20 ON 08/01/14
Days of Rain: 28 (> .2 mm) 16 (> 2 mm) 0 (> 20 mm)
Heat Base:  18.3  Cool Base:  18.3  Method: Integration

Data updates at regular intervals.