Back to Top

Language: 

NOAA Climate Reports...


Report for 2014
                            ANNUAL CLIMATOLOGICAL SUMMARY

NAME: Delerius  CITY:    STATE:   
ELEV:   100 m  LAT:  53 37' 05" N  LONG:   1 27' 13" W

               TEMPERATURE (C), HEAT BASE 18.3, COOL BASE 18.3
                          DEP.  HEAT  COOL                                          
        MEAN  MEAN        FROM  DEG   DEG                        MAX  MAX  MIN  MIN 
 YR MO  MAX   MIN   MEAN  NORM  DAYS  DAYS  HI  DATE  LOW  DATE  >=32 <=0  <=0  <=-18 
------------------------------------------------------------------------------------
 14  1   8.4   3.9   6.2   0.0   376     0  12.4   5  -0.3   12    0    0    1    0
 14  2   8.9   3.6   6.3   0.0   337     0  12.2  23  -0.9   28    0    0    1    0
 14  3  11.4   4.0   7.4   0.0   338     0  18.3   9  -0.9   24    0    0    1    0
 14  4  14.5   6.7  10.1   0.0   244     0  21.1  29   1.1   19    0    0    0    0
 14  5  17.0   8.0  12.4   0.0   190     7  23.6  18   0.1    3    0    0    0    0
 14  6  19.7  10.6  15.2   0.0   107    13  24.8  23   4.8    6    0    0    0    0
 14  7  23.1  12.6  17.9   0.0    56    43  28.9  26   7.9    1    0    0    0    0
 14  8  18.9  11.2  14.8   0.0   117     8  22.8   5   7.2   23    0    0    0    0
 14  9  18.3   9.7  14.2   0.0   127     3  22.4   5   4.2   27    0    0    0    0
 14 10  14.8   8.9  12.0   0.0   195     0  19.2   3   3.8   12    0    0    0    0
 14 11  10.6   5.5   8.3   0.0   302     0  16.8   1  -0.6    6    0    0    1    0
 14 12   8.2   3.0   5.7   0.0   391     0  13.4  22  -3.2   31    0    0    7    0
------------------------------------------------------------------------------------
        14.5   7.3  10.9   0.0  2780    74  28.9 JUL  -3.2  DEC    0    0   11    0

                                PRECIPITATION (mm)

               DEP.   MAX        DAYS OF RAIN 
               FROM   OBS.          OVER
 YR MO  TOTAL  NORM   DAY  DATE  .2   2   20
---------------------------------------------
 14  1  84.4    0.0   8.2    8   28   16    0
 14  2  54.4    0.0   8.6    8   15    8    0
 14  3  26.2    0.0   7.2    2   14    3    0
 14  4  28.2    0.0   6.2    7   15    4    0
 14  5  80.6    0.0  16.0   22   14   10    0
 14  6  41.8    0.0  14.8   27   15    5    0
 14  7  24.8    0.0  10.2   19    9    5    0
 14  8 107.2    0.0  47.4    8   18   12    1
 14  9  10.8    0.0   3.6    6    8    1    0
 14 10  45.4    0.0  10.0    6   21    8    0
 14 11  64.8    0.0  15.2    7   20    9    0
 14 12  51.0    0.0  10.8   11   20    9    0
---------------------------------------------
       619.6   0.0  47.4  AUG  197   90    1

                                WIND SPEED (mph)
                          DOM
 YR MO   AVG.  HI   DATE  DIR
---------------------------------
 14  1   7.9  46.0   25     S
 14  2   9.9  59.0   12     S
 14  3   7.6  46.0   18     S
 14  4   5.8  46.0   13     W
 14  5   2.5  34.0   10   WNW
 14  6   2.2  34.0   10    NW
 14  7   3.6  26.0    4   WNW
 14  8   5.8  35.0   10   WNW
 14  9   2.5  26.0   25   WNW
 14 10   6.3  43.0   21    SW
 14 11   3.8  34.0    1    SE
 14 12   8.2  47.0   19   WNW
---------------------------------
         5.5  59.0  FEB  WNW

Data updates at regular intervals.