Back to Top

Language: 

NOAA Climate Reports...


Report for 2013 Dec
                   MONTHLY CLIMATOLOGICAL SUMMARY for DEC. 2013

NAME: Delerius   CITY:    STATE:  
ELEV:   100 m  LAT:  53 37' 05" N  LONG:   1 27' 13" W

                   TEMPERATURE (C), RAIN  (mm), WIND SPEED (mph)

                                      HEAT  COOL        AVG
    MEAN                              DEG   DEG         WIND                 DOM
DAY TEMP  HIGH   TIME   LOW    TIME   DAYS  DAYS  RAIN  SPEED HIGH   TIME    DIR
------------------------------------------------------------------------------------
 1   8.3  10.1   13:45   6.8    8:45  10.0   0.0   0.0   4.1  21.0    0:15   WNW
 2   7.5   8.4   13:45   6.3    8:30  10.8   0.0   0.0   0.6  10.0   19:45     S
 3   7.4   9.1   14:00   6.5   22:15  10.8   0.0   0.0   1.3  16.0   20:15     S
 4   7.1   9.4    2:30   5.3    9:15  11.3   0.0   0.0   9.1  28.0   12:00     W
 5   6.4   9.9   11:15   3.3   00:00  11.8   0.0   3.6  17.3  62.0   11:15   WSW
 6   3.9   6.2   15:00   2.3    3:30  14.3   0.0   1.0   5.1  22.0    0:15    NW
 7   7.4   8.9   00:00   3.8    0:15  10.8   0.0   1.6   5.2  23.0   15:00     W
 8  10.2  12.5   23:30   8.4    6:30   8.1   0.0   0.0   8.1  33.0   00:00   WSW
 9  10.4  12.6    1:15   6.8   00:00   7.9   0.0   0.0   5.4  34.0    1:00     W
10   7.7  10.4   14:00   5.7    1:45  10.6   0.0   0.0   3.4  18.0   14:15     S
11   4.9   6.2    1:00   3.8    6:45  13.4   0.0   0.0   6.2  19.0   15:30   SSE
12   8.6  11.5   19:45   4.9    0:45   9.7   0.0   0.6   5.7  18.0    6:15     S
13  10.5  12.6   15:15   7.9   23:30   7.8   0.0   3.8   4.0  24.0   16:45     S
14   8.9  12.2   00:00   4.2    6:15   9.4   0.0   0.0   5.8  30.0   17:30     S
15  10.7  13.5   19:45   6.2    9:45   7.6   0.0   0.2   7.4  37.0    4:15     S
16   9.9  14.3    1:15   7.2   23:00   8.4   0.0   7.4   5.3  28.0   10:00   WSW
17   5.4   7.4   13:45   3.1    9:00  12.9   0.0   0.0   2.2  15.0    0:30   WSW
18   7.9  11.3   17:30   4.2    3:45  10.3   0.0   7.2   9.2  40.0   20:00     S
19   5.4   7.5    2:00   2.8   20:15  12.8   0.0   0.8   4.6  25.0    6:45   WSW
20   7.4  10.8   22:00   4.6    0:15  10.9   0.0   0.6   7.8  35.0    5:00   WSW
21  10.2  11.9    2:30   7.4   23:00   8.1   0.0   1.2   6.4  39.0   19:45     S
22   6.2   7.7    0:45   4.4   00:00  12.1   0.0   1.4   6.9  27.0   10:00   WSW
23   8.0  12.3   16:45   3.5    6:30  10.3   0.0   7.0   8.9  38.0   12:30     S
24   6.9  11.8    1:15   5.1   18:30  11.4   0.0   1.2   6.6  39.0    3:00     S
25   4.1   5.9   12:00   1.8   00:00  14.3   0.0   0.0   1.8  22.0    0:15     S
26   3.9   6.7   23:45   1.6    0:15  14.4   0.0   0.4   2.9  36.0   23:45     S
27   8.3  10.2    4:15   6.3    0:30  10.0   0.0   4.2  10.4  39.0   13:15    SW
28   6.3   7.7   12:45   5.3   22:45  12.0   0.0   0.0   6.9  28.0    1:00    SW
29   5.7   7.2   13:15   4.4    7:00  12.6   0.0   1.2   7.6  25.0    5:00   WSW
30   8.4  11.3   12:45   4.8   22:15   9.9   0.0   2.8  13.0  41.0   13:15     S
31   6.5   8.9   10:45   4.4    0:45  11.8   0.0   0.8   9.9  27.0   12:30   SSE
-------------------------------------------------------------------------------------
     7.4  14.3    16     1.6    26   336.7   0.0  47.0   6.4  62.0     5       S

Max >=  32.0:  0
Max <=   0.0:  0
Min <=   0.0:  0
Min <= -18.0:  0
Max Rain: 7.39 ON 16/12/13
Days of Rain: 19 (> .2 mm) 7 (> 2 mm) 0 (> 20 mm)
Heat Base:  18.3  Cool Base:  18.3  Method: Integration

Data updates at regular intervals.