Back to Top

Language: 

NOAA Climate Reports...


Report for 2013 Nov
                   MONTHLY CLIMATOLOGICAL SUMMARY for NOV. 2013

NAME: Delerius   CITY:    STATE:  
ELEV:   100 m  LAT:  53 37' 05" N  LONG:   1 27' 13" W

                   TEMPERATURE (C), RAIN  (mm), WIND SPEED (mph)

                                      HEAT  COOL        AVG
    MEAN                              DEG   DEG         WIND                 DOM
DAY TEMP  HIGH   TIME   LOW    TIME   DAYS  DAYS  RAIN  SPEED HIGH   TIME    DIR
------------------------------------------------------------------------------------
 1  10.6  12.7   10:00   8.3   00:00   7.8   0.0   5.6   9.4  27.0    0:15   WSW
 2   9.8  12.3   16:30   6.3    7:15   8.5   0.0   2.6  16.5  52.0   23:45   NNW
 3   8.3  10.8   14:00   4.4   00:00  10.0   0.0   0.0  21.3  46.0    1:15     W
 4   5.6  10.1   14:15   2.2    7:00  12.7   0.0   0.0   8.2  26.0   14:45   NNW
 5   6.5   9.8   12:45   3.6    2:00  11.8   0.0   0.6  10.8  29.0   15:30     W
 6   8.4  10.1   17:45   6.6    3:30   9.9   0.0   3.8  11.5  26.0    3:00     W
 7   8.2  10.8   13:45   6.2    7:00  10.1   0.0   0.0  13.5  27.0   13:30   WSW
 8   8.3  11.4   12:30   6.4    3:45  10.0   0.0   2.4   9.9  22.0   00:00   WSW
 9   5.3   7.6   12:15   2.9   22:30  13.0   0.0   0.8   4.3  25.0    6:45     W
10   3.7   7.9   13:45   1.1   18:30  14.6   0.0   0.0   ---   ---     ---   ---
11   9.3  13.2   16:15   2.9    0:15   9.0   0.0   0.0   ---   ---     ---   ---
12   8.7  11.1   13:15   4.8   20:30   9.6   0.0   0.0   ---   ---     ---   ---
13   7.2   9.7   13:15   3.6    2:15  11.2   0.0   0.0   ---   ---     ---   ---
14   7.7   9.7   12:45   4.4   00:00  10.6   0.0   0.0   ---   ---     ---   ---
15   6.8  10.1   13:45   3.2    5:15  11.5   0.0   0.0   ---   ---     ---   ---
16  10.4  11.8   13:30   9.1   20:00   7.9   0.0   0.0   ---   ---     ---   ---
17   9.7  10.6   14:30   8.9    8:00   8.6   0.0   0.0   ---   ---     ---   ---
18   7.5   9.2    0:15   3.4   23:30  10.8   0.0   1.4   ---   ---     ---   ---
19   2.6   4.8   14:45   0.8   19:30  15.7   0.0   0.0   ---   ---     ---   ---
20   5.4   7.8   14:15   1.8   21:45  12.8   0.0  10.2   ---   ---     ---   ---
21   6.4   8.4   13:45   5.4    0:15  11.9   0.0   4.4   ---   ---     ---   ---
22   5.2   7.5   13:15   2.2   23:30  13.1   0.0   0.2   ---   ---     ---   ---
23   3.6   7.1   14:00   1.1    3:15  14.7   0.0   2.6   ---   4.0   11:30     N
24   6.0   8.1   13:30   4.3    0:15  11.5   0.0   1.2   1.2  12.0   20:45    NW
25   4.9   7.3   13:00   2.2   22:30  13.4   0.0   0.0   5.6  13.0    0:30    NW
26   6.2   9.8   23:15   1.8    2:00  12.1   0.0   0.0   7.0  22.0   00:00   WNW
27   9.6  11.4   13:00   7.1   00:00   8.7   0.0   0.0   7.6  21.0    0:45     W
28   8.1  10.3   14:30   5.9    3:45  10.2   0.0   0.0   3.0  13.0   19:00   WSW
29   8.1   9.9    9:15   5.8   23:15  10.2   0.0   0.6  12.8  34.0   12:45   WNW
30   6.6   8.3   00:00   5.1    6:15  11.8   0.0   0.0   8.2  25.0    0:15    NW
-------------------------------------------------------------------------------------
     7.2  13.2    11     0.8    19   333.8   0.0  36.4   5.0  52.0     2       W

Max >=  32.0:  0
Max <=   0.0:  0
Min <=   0.0:  0
Min <= -18.0:  0
Max Rain: 10.21 ON 20/11/13
Days of Rain: 13 (> .2 mm) 7 (> 2 mm) 0 (> 20 mm)
Heat Base:  18.3  Cool Base:  18.3  Method: Integration

Data updates at regular intervals.