Back to Top

Language: 

NOAA Climate Reports...


Report for 2013 Oct
                   MONTHLY CLIMATOLOGICAL SUMMARY for OCT. 2013

NAME: Delerius   CITY:    STATE:  
ELEV:   100 m  LAT:  53 37' 05" N  LONG:   1 27' 13" W

                   TEMPERATURE (C), RAIN  (mm), WIND SPEED (mph)

                                      HEAT  COOL        AVG
    MEAN                              DEG   DEG         WIND                 DOM
DAY TEMP  HIGH   TIME   LOW    TIME   DAYS  DAYS  RAIN  SPEED HIGH   TIME    DIR
------------------------------------------------------------------------------------
 1  14.1  15.9   13:30  12.4    6:30   4.2   0.0   0.0  17.5  32.0   12:00    SE
 2  14.7  15.7   21:45  13.7    0:15   3.6   0.0   0.0  19.4  35.0   10:15    SE
 3  15.6  17.2   12:00  14.2    6:30   2.8   0.0   0.6  16.4  33.0   14:30   SSE
 4  17.4  21.4   16:00  15.2    7:30   1.3   0.5   0.0  12.2  33.0   16:00     S
 5  15.7  17.9   12:45  12.7   00:00   2.6   0.0   0.0   8.1  24.0   13:30   WNW
 6  14.9  20.0   16:30  10.3    7:00   3.7   0.2   0.0   8.5  23.0   13:30   WSW
 7  16.7  22.1   15:00  12.9    6:00   2.3   0.7   0.0   7.1  25.0   16:45   WSW
 8  16.4  21.3   14:00  12.7   00:00   2.2   0.4   0.0  10.6  27.0   12:30   WNW
 9  11.9  15.5   14:15   8.8   22:00   6.4   0.0   0.8  13.3  37.0   15:30   WNW
10  10.1  12.2   13:30   7.9    2:30   8.2   0.0   6.0  23.1  58.0   13:30     N
11  12.5  14.1   11:15   9.8    2:30   5.8   0.0   9.4  28.4  49.0    0:15    NE
12  12.8  13.3    3:30  12.1    0:15   5.5   0.0   4.0  23.4  38.0    0:30    NE
13  11.9  14.1   12:30  10.3   19:00   6.3   0.0  11.8  25.0  46.0   21:15    NE
14  11.1  12.3   14:15   9.5   22:00   7.2   0.0   7.2  11.8  38.0    0:15     E
15  11.4  14.6   13:30   9.0   22:45   6.9   0.0   3.8   9.8  27.0   14:45   NNE
16  11.3  13.7   20:30   8.2    4:45   7.0   0.0   3.4  13.3  39.0   22:30   SSE
17  12.7  16.3   15:30   9.3   23:30   5.6   0.0   0.0  11.5  38.0    3:45   WNW
18  11.4  13.7   13:00   7.0    5:45   6.9   0.0   0.2   9.4  34.0   22:30    SE
19  13.6  15.9   17:00  11.7   00:00   4.7   0.0   6.8  10.6  36.0   20:15   SSE
20  13.8  17.7   15:15  11.7    0:15   4.5   0.0   0.2  11.7  29.0   11:45    SW
21  14.0  16.4   20:15  11.9    5:45   4.3   0.0   9.8  13.0  30.0   15:00   SSW
22  15.6  17.2   16:15  14.4   22:00   2.7   0.0   3.6  14.8  35.0   14:00   SSW
23  13.6  16.3   12:30   9.1   00:00   4.8   0.0   1.0  17.4  41.0   15:15     W
24  11.3  16.0   14:30   7.3    8:00   7.0   0.0   0.0   9.1  24.0    0:45   WSW
25  14.4  17.9   14:30  12.1    0:30   3.9   0.0   0.6  17.0  35.0   10:15    SE
26  14.8  17.1   14:15  12.1   23:45   3.5   0.0   1.0  15.8  39.0   22:00    SW
27  12.9  15.6   14:30  10.7    3:30   5.4   0.0   0.4  21.4  48.0   13:45   WSW
28  10.6  13.1    0:15   8.3   23:45   7.7   0.0  10.6  17.0  41.0   14:15   WSW
29   9.1  12.4   12:30   7.3   23:45   9.2   0.0   0.0  15.6  36.0   13:30     W
30  10.1  13.4   14:00   6.3    7:00   8.2   0.0   0.0  15.6  37.0   19:15     W
31  11.2  13.2   13:00   9.3    6:30   7.1   0.0   0.2  11.6  29.0   18:30   WSW
-------------------------------------------------------------------------------------
    13.2  22.1     7     6.3    30   161.3   1.8  81.4  14.8  58.0    10     WSW

Max >=  32.0:  0
Max <=   0.0:  0
Min <=   0.0:  0
Min <= -18.0:  0
Max Rain: 11.81 ON 13/10/13
Days of Rain: 20 (> .2 mm) 11 (> 2 mm) 0 (> 20 mm)
Heat Base:  18.3  Cool Base:  18.3  Method: Integration

Data updates at regular intervals.