Back to Top

Language: 

NOAA Climate Reports...


Report for 2013 Sep
                   MONTHLY CLIMATOLOGICAL SUMMARY for SEP. 2013

NAME: Delerius   CITY:    STATE:  
ELEV:   100 m  LAT:  53 37' 05" N  LONG:   1 27' 13" W

                   TEMPERATURE (C), RAIN  (mm), WIND SPEED (mph)

                                      HEAT  COOL        AVG
    MEAN                              DEG   DEG         WIND                 DOM
DAY TEMP  HIGH   TIME   LOW    TIME   DAYS  DAYS  RAIN  SPEED HIGH   TIME    DIR
------------------------------------------------------------------------------------
 1  14.7  18.7   14:45  11.1    6:15   3.6   0.0   0.0  11.9  34.0   17:30   WNW
 2  18.4  23.1   16:00  14.2    3:45   1.2   1.3   0.0  14.2  35.0   16:30   WNW
 3  18.9  24.2   14:15  14.0    6:45   1.0   1.6   0.0   6.2  18.0    0:15   WNW
 4  18.8  25.3   13:00  13.9    2:30   1.0   1.6   0.0   8.0  27.0   16:00   SSE
 5  18.8  26.1   15:00  15.0    6:15   1.1   1.6   0.0   7.5  20.0    0:45   NNE
 6  16.2  19.2   17:15  13.5   00:00   2.1   0.0   1.2   9.0  23.0   19:15   NNE
 7  14.6  18.3   16:00  10.4   00:00   3.7   0.0   0.0   8.5  28.0   12:30   SSW
 8  14.3  19.4   17:30   8.8    6:45   4.1   0.1   0.0   6.1  21.0   16:15   WSW
 9  12.7  17.9   14:15   8.6    6:00   5.6   0.0   1.4   5.5  25.0   14:45     W
10  12.3  13.4   23:30  10.9    4:45   6.0   0.0   7.4   9.9  35.0   23:00   NNW
11  13.7  15.5   12:45  12.3    5:15   4.6   0.0   1.6   4.7  35.0    0:45     N
12  14.5  18.1   18:00   9.8    6:00   3.8   0.0   2.0   3.6  15.0   13:45   SSW
13  14.7  17.2   14:15  11.1   23:00   3.6   0.0  10.4   8.0  19.0    5:15   WNW
14  12.2  15.0   12:45   9.2   23:30   6.1   0.0   3.2   7.9  27.0   12:00   NNE
15  11.8  15.7   17:00   8.5    1:00   6.5   0.0   1.0  13.4  39.0   17:45   WSW
16  10.9  14.0   15:00   8.5    6:45   7.3   0.0   0.0  18.8  37.0   15:00     W
17  10.7  13.8   10:30   8.4   23:15   7.6   0.0   0.0  15.6  32.0   13:30     W
18  11.2  15.0   12:15   8.3    2:45   7.1   0.0   1.8   9.8  32.0   16:30   WNW
19  12.3  16.9   16:45   8.3    3:45   6.0   0.0   0.8  11.0  31.0   16:45   WNW
20  14.1  17.2   13:45  12.2   23:30   4.2   0.0   0.0   8.4  22.0   14:15    NW
21  15.8  20.1   14:45  11.3    5:00   2.8   0.3   0.0   7.0  19.0   11:30   WSW
22  18.0  23.0   16:15  13.4    3:15   1.7   1.3   0.0   7.7  26.0   10:00    NW
23  15.1  19.2   11:00   9.8    5:45   3.3   0.1   0.0   3.9  15.0   14:15    NW
24  15.9  17.8   16:00  14.8   19:30   2.3   0.0   0.0   4.5  13.0   16:30   SSW
25  14.9  17.0   15:00  13.3   21:45   3.4   0.0   0.0   7.3  26.0   19:45   NNE
26  13.1  16.6   13:00   9.1    7:15   5.2   0.0   0.0   9.0  21.0    0:30    SE
27  13.6  16.4   12:30  10.4    4:15   4.7   0.0   0.0   9.4  20.0   13:30    SE
28  13.9  16.8   14:45  10.7    3:30   4.4   0.0   0.0  11.7  28.0   15:45    SE
29  14.2  16.6   13:30  12.8    6:45   4.1   0.0   0.0  16.1  32.0   12:30   ESE
30  13.9  16.3   13:30  12.7    6:30   4.3   0.0   0.0  15.0  26.0   12:15   ESE
-------------------------------------------------------------------------------------
    14.5  26.1     5     8.3    18   122.4   7.9  30.8   9.3  39.0    15     WNW

Max >=  32.0:  0
Max <=   0.0:  0
Min <=   0.0:  0
Min <= -18.0:  0
Max Rain: 10.39 ON 13/09/13
Days of Rain: 10 (> .2 mm) 4 (> 2 mm) 0 (> 20 mm)
Heat Base:  18.3  Cool Base:  18.3  Method: Integration

Data updates at regular intervals.