Back to Top

Language: 

NOAA Climate Reports...


Report for 2013 Aug
                   MONTHLY CLIMATOLOGICAL SUMMARY for AUG. 2013

NAME: Delerius   CITY:    STATE:  
ELEV:   100 m  LAT:  53 37' 05" N  LONG:   1 27' 13" W

                   TEMPERATURE (C), RAIN  (mm), WIND SPEED (mph)

                                      HEAT  COOL        AVG
    MEAN                              DEG   DEG         WIND                 DOM
DAY TEMP  HIGH   TIME   LOW    TIME   DAYS  DAYS  RAIN  SPEED HIGH   TIME    DIR
------------------------------------------------------------------------------------
 1  20.8  24.2   10:45  17.2    5:30   0.2   2.7   0.2  10.9  27.0   16:00    SW
 2  21.2  24.5   16:45  18.5    5:45   0.0   2.9   0.0   8.2  22.0   15:15    SW
 3  19.0  24.2   17:00  15.3   23:15   0.8   1.5   0.0  11.2  30.0   11:30   WSW
 4  18.6  22.6   11:30  15.8    0:15   0.7   1.0   0.2   9.2  28.0   15:30    SW
 5  18.8  23.3   17:30  16.1   00:00   0.6   1.1   1.6  11.9  35.0   14:15   SSW
 6  16.4  20.0   15:00  13.3    5:00   2.0   0.1   0.0   6.4  22.0   11:15   WNW
 7  15.5  18.9   13:15  10.2    4:30   2.8   0.0   0.0   5.3  20.0   12:45   ENE
 8  16.3  21.7   12:30   9.4    5:00   2.4   0.4   0.0   6.8  21.0   16:00    NW
 9  18.4  22.7   13:15  14.3   00:00   1.0   1.1   0.4   9.4  26.0   16:00   WNW
10  15.8  19.2   13:30  11.8    5:15   2.6   0.0   0.0   7.5  23.0   10:15   WNW
11  16.8  21.2   12:45  12.8    1:00   2.0   0.5   0.0  11.0  30.0   17:00     W
12  15.6  20.9   15:15  12.9    6:00   2.9   0.2   1.6  10.3  30.0   15:00     W
13  14.6  20.1   13:15  10.9    5:15   3.7   0.1   0.0   7.1  22.0   10:15    NW
14  16.0  19.5   11:00  10.8    0:30   2.5   0.2   0.0   7.7  25.0   18:30   WNW
15  20.9  26.2   14:15  17.6    0:15   0.2   2.8   0.2  10.4  27.0   10:30   WSW
16  18.4  23.7   16:15  13.6   00:00   0.7   0.8   1.2   9.0  27.0    6:15   WSW
17  17.1  21.2   17:15  12.6    0:15   1.7   0.5   0.0  11.0  34.0   17:15    SW
18  17.8  22.3   13:15  12.6   22:30   1.5   0.9   0.8  10.9  30.0   13:00     W
19  16.5  20.3   17:00  12.4    0:15   2.1   0.3   0.0   7.1  22.0   13:30   WNW
20  17.3  22.7   15:15  12.0    3:00   1.9   0.9   0.0   5.7  16.0   11:30     W
21  18.9  25.2   16:45  14.3    5:45   1.2   1.7   0.0   8.6  26.0   10:00   WSW
22  18.5  22.4   10:15  14.3    3:45   0.8   1.0   0.2   6.4  19.0   14:30    SE
23  18.4  20.9   11:30  17.1   21:45   0.6   0.7   0.0  11.2  28.0   14:30   SSE
24  16.9  20.6   15:15  15.4    5:30   1.6   0.2   4.8   8.2  21.0   18:15   NNE
25  17.2  20.1   12:45  15.3    5:45   1.4   0.3   0.4  12.2  25.0    7:45    NE
26  16.8  20.4   12:00  11.9   00:00   1.9   0.5   0.2   8.8  20.0    6:00    NE
27  15.1  20.7   15:30   9.8    4:30   3.7   0.4   0.2   3.3  13.0   14:00     E
28  15.5  20.1   14:15  10.7    1:30   2.9   0.1   0.2   4.3  16.0   16:15    NW
29  18.0  23.1   15:45  12.2    6:30   1.6   1.4   0.0   7.1  23.0   11:45     W
30  20.1  24.6   15:45  16.7    5:30   0.4   2.1   0.0  11.3  29.0   14:30     W
31  15.1  19.2   16:15  10.2    5:15   3.3   0.0   0.0   9.4  26.0   16:15    NW
-------------------------------------------------------------------------------------
    17.5  26.2    15     9.4     8    51.7  26.7  12.2   8.6  35.0     5     WSW

Max >=  32.0:  0
Max <=   0.0:  0
Min <=   0.0:  0
Min <= -18.0:  0
Max Rain: 4.80 ON 24/08/13
Days of Rain: 14 (> .2 mm) 1 (> 2 mm) 0 (> 20 mm)
Heat Base:  18.3  Cool Base:  18.3  Method: Integration

Data updates at regular intervals.