Back to Top

Language: 

NOAA Climate Reports...


Report for 2013 Jul
                   MONTHLY CLIMATOLOGICAL SUMMARY for JUL. 2013

NAME: Delerius   CITY:    STATE:  
ELEV:   100 m  LAT:  53 37' 05" N  LONG:   1 27' 13" W

                   TEMPERATURE (C), RAIN  (mm), WIND SPEED (mph)

                                      HEAT  COOL        AVG
    MEAN                              DEG   DEG         WIND                 DOM
DAY TEMP  HIGH   TIME   LOW    TIME   DAYS  DAYS  RAIN  SPEED HIGH   TIME    DIR
------------------------------------------------------------------------------------
 1  14.6  17.6   19:00  10.4   00:00   3.7   0.0   0.0   9.2  26.0    0:45   WNW
 2  13.8  16.9   13:30   8.4    3:15   4.5   0.0   1.6   9.2  27.0   15:30   SSW
 3  16.7  19.9   16:30  12.8   00:00   1.9   0.2   0.4   7.8  22.0   16:30   WNW
 4  17.5  23.4   15:00  12.0   23:30   2.2   1.4   0.0  10.4  29.0    9:30   WSW
 5  16.0  22.1   13:30  10.7    4:15   2.7   0.4   0.0   7.7  20.0   17:30     W
 6  17.2  22.0   11:00  13.8    4:30   1.8   0.6   0.0   9.1  23.0   14:45   SSE
 7  16.8  21.1   13:45  11.2    5:30   2.2   0.7   0.0   5.2  18.0   10:00    NE
 8  13.7  14.6    4:15  12.8    3:00   1.0   0.0   0.0   7.0  14.0    4:15   NNE
 9
10
11
12
13  19.1  23.2   11:45  14.8   23:45   0.6   1.1   0.0   9.5  21.0   13:15    NE
14  16.0  20.1   15:30  13.4   23:45   2.5   0.1   0.0   6.1  18.0   16:15   SSE
15  17.3  23.7   12:00  11.6    5:15   1.8   0.9   0.0   6.7  20.0   15:15   SSE
16  17.7  21.4   12:15  13.8    3:45   1.4   0.8   0.0   6.5  18.0   14:30    NW
17  17.5  21.7   11:45  12.6    5:15   1.8   1.0   0.0   6.0  19.0   15:15    NE
18  17.9  23.6   10:00  11.6    5:45   1.9   1.5   0.0   4.6  13.0   13:45   SSE
19  18.0  22.6   15:00  12.6    3:45   1.6   1.3   0.0   5.1  18.0   18:30   ENE
20  16.9  19.2   13:30  15.2    4:30   1.4   0.0   0.0   8.8  21.0   14:45   ENE
21  15.7  17.0   14:45  14.4    4:30   2.6   0.0   0.0   7.0  14.0   12:00     E
22  17.0  21.2   15:30  14.6    2:30   1.7   0.4   0.0   5.6  14.0   14:45     E
23  18.8  21.4   13:15  15.8    0:15   0.4   0.9   3.6   6.1  21.0   23:15   SSE
24  19.6  23.7   13:30  17.2    6:45   0.2   1.5  14.0   4.5  15.0    0:30    SE
25  19.1  21.6   16:30  16.9    1:00   0.2   1.0   0.0   7.8  22.0   17:45     S
26  18.6  23.3   11:15  13.9    5:45   0.9   1.2   0.0   6.5  22.0   13:30    NW
27  17.2  20.9   10:30  12.3    4:45   1.5   0.4   2.8   6.2  20.0   14:15   ESE
28  18.6  24.3   16:45  15.1    2:45   1.0   1.3   6.8  11.9  36.0    8:30   WSW
29  19.2  23.2   12:45  16.2    5:45   0.5   1.4   0.2  10.9  30.0   14:00   WSW
30  18.2  24.1   16:45  14.9    4:45   1.2   1.2   0.2   8.4  26.0    6:45     W
31  17.4  20.2   15:00  14.6    4:30   1.1   0.2   3.6   8.8  21.0    8:00     W
-------------------------------------------------------------------------------------
    17.3  24.3    28     8.4     2    44.2  19.5  33.2   7.5  36.0    28     SSE

Max >=  32.0:  0
Max <=   0.0:  0
Min <=   0.0:  0
Min <= -18.0:  0
Max Rain: 14.00 ON 24/07/13
Days of Rain: 9 (> .2 mm) 5 (> 2 mm) 0 (> 20 mm)
Heat Base:  18.3  Cool Base:  18.3  Method: Integration

Data updates at regular intervals.