Back to Top

Language: 

NOAA Climate Reports...


Report for 2013 Jun
                   MONTHLY CLIMATOLOGICAL SUMMARY for JUN. 2013

NAME: Delerius   CITY:    STATE:  
ELEV:   100 m  LAT:  53 37' 05" N  LONG:   1 27' 13" W

                   TEMPERATURE (C), RAIN  (mm), WIND SPEED (mph)

                                      HEAT  COOL        AVG
    MEAN                              DEG   DEG         WIND                 DOM
DAY TEMP  HIGH   TIME   LOW    TIME   DAYS  DAYS  RAIN  SPEED HIGH   TIME    DIR
------------------------------------------------------------------------------------
 1  11.3  13.4   16:30   9.3   22:45   7.0   0.0   0.0   8.2  23.0   15:15   NNE
 2  11.2  14.1   14:00   7.2    4:45   7.1   0.0   0.0   7.9  22.0   12:15    NW
 3  11.9  16.2   14:30   6.9    1:00   6.4   0.0   0.0   5.8  18.0   15:15   SSE
 4  11.4  14.8   12:45   5.5    4:45   6.8   0.0   0.0  12.7  29.0   15:00    NE
 5  11.4  12.9   16:00  10.0    5:00   6.9   0.0   0.0   7.9  18.0    0:15    NE
 6  11.3  13.8   13:30   7.2   00:00   7.0   0.0   0.0   6.0  18.0   14:30     E
 7  11.0  13.8   14:45   6.2    3:00   7.3   0.0   0.0   8.1  20.0   13:15   ENE
 8  10.7  13.4   14:00   6.1    5:15   7.7   0.0   0.2   7.4  20.0   16:45   ENE
 9  11.6  13.9   10:15   9.6    3:00   6.7   0.0   0.0   7.1  21.0   13:45   ENE
10  11.6  14.4   16:00  10.4    5:15   6.7   0.0   0.0   6.4  18.0   17:30     E
11  13.7  17.7   20:15  10.6    5:30   4.6   0.0   0.0  14.5  27.0   13:45   SSE
12  16.9  20.4   13:15  14.0    5:15   1.7   0.3   1.2  12.7  29.0    6:45    SW
13  15.1  18.7   14:15  11.7   22:15   3.2   0.0   7.4  13.0  37.0   15:30   WSW
14  14.3  17.9   13:00  10.7    4:00   4.0   0.0   3.4  12.1  36.0   15:00   WSW
15  13.9  16.8   16:15  11.8    6:45   4.4   0.0   3.4  14.9  31.0    4:15   WSW
16  15.1  19.1   17:15  12.3    5:00   3.2   0.0   0.0   9.5  28.0    1:30     W
17  13.9  16.3   11:30  10.9    3:30   4.4   0.0   0.0   5.8  14.0    9:30   ESE
18  13.4  16.2   13:45  10.6    4:00   4.8   0.0   0.0   6.1  15.0    8:45     E
19  15.8  19.0    9:45  11.6   00:00   2.6   0.0   0.0   6.0  20.0   11:00    NE
20  13.7  17.0   14:15  10.8    1:15   4.7   0.0   8.2   7.9  20.0   11:15     E
21  14.5  19.3   17:00  12.1    2:30   3.8   0.0   0.2   4.5  15.0    8:30    NW
22  15.3  18.0   15:00  12.3    5:00   3.0   0.0   2.4  13.1  34.0   15:30   WSW
23  14.3  18.0   15:15  12.6    4:45   3.9   0.0   5.2  14.3  35.0   14:30   WNW
24  12.6  15.2   14:00  10.6   00:00   5.7   0.0   0.0   7.9  23.0    0:15    NW
25  13.3  16.8   11:45   9.1    4:45   5.0   0.0   0.2   6.0  14.0    2:30   WNW
26  14.0  18.5   12:00  10.4    1:30   4.3   0.0   0.0   8.0  27.0   16:45   NNE
27  13.9  18.4   14:45   9.3    5:30   4.3   0.0   0.2   6.8  22.0   17:45    NW
28  15.6  18.1   16:00  13.2    5:00   2.7   0.0   3.4   8.1  26.0   19:30   WNW
29  14.8  18.7   18:45  11.6    5:45   3.6   0.0   0.0   7.0  21.0   18:30    NW
30  17.8  22.8   16:15  13.0    4:30   1.5   1.1   0.0  10.3  26.0   14:45     W
-------------------------------------------------------------------------------------
    13.5  22.8    30     5.5     4   145.2   1.4  35.4   8.9  37.0    13     WNW

Max >=  32.0:  0
Max <=   0.0:  0
Min <=   0.0:  0
Min <= -18.0:  0
Max Rain: 8.20 ON 20/06/13
Days of Rain: 12 (> .2 mm) 7 (> 2 mm) 0 (> 20 mm)
Heat Base:  18.3  Cool Base:  18.3  Method: Integration

Data updates at regular intervals.