Back to Top

Language: 

NOAA Climate Reports...


Report for 2013 May
                   MONTHLY CLIMATOLOGICAL SUMMARY for MAY. 2013

NAME: Delerius   CITY:    STATE:  
ELEV:   100 m  LAT:  53 37' 05" N  LONG:   1 27' 13" W

                   TEMPERATURE (C), RAIN  (mm), WIND SPEED (mph)

                                      HEAT  COOL        AVG
    MEAN                              DEG   DEG         WIND                 DOM
DAY TEMP  HIGH   TIME   LOW    TIME   DAYS  DAYS  RAIN  SPEED HIGH   TIME    DIR
------------------------------------------------------------------------------------
 1   8.3  11.9   15:00   3.3    5:30  10.0   0.0   0.0  10.2  23.0   16:15    SW
 2   8.4  11.5   15:30   2.9    5:45   9.9   0.0   0.0  11.3  24.0   17:00   SSE
 3  11.8  17.7   14:30   4.9    4:45   6.5   0.0   0.0  11.5  29.0   20:00     W
 4  12.4  16.9   14:00   8.3   00:00   5.8   0.0   0.0  13.3  33.0    8:30   WSW
 5  13.7  19.8   17:00   7.2    5:00   4.7   0.1   0.0   7.9  20.0   14:00   WSW
 6  13.1  18.9   13:45   7.6    6:15   5.2   0.0   0.0   7.3  20.0   12:30   SSE
 7  12.3  16.4   11:15   8.3   00:00   6.0   0.0   0.4   8.0  23.0   13:00   SSE
 8  13.0  19.7   15:00   8.1    0:45   5.4   0.0   0.0   ---   ---     ---   ---
 9  11.6  18.3   13:00   6.9    4:45   6.8   0.0   0.0   ---   ---     ---   ---
10  12.2  15.6   13:15   9.4    2:00   6.1   0.0   0.0   ---   ---     ---   ---
11  10.7  14.2    8:15   6.5   00:00   7.7   0.0   0.0   ---   ---     ---   ---
12  10.6  14.8   12:00   6.0    1:00   7.8   0.0   0.0   ---   ---     ---   ---
13   9.9  16.3   13:45   6.2   00:00   8.4   0.0   0.0   ---   ---     ---   ---
14   9.9  15.0   12:45   5.4    4:15   8.4   0.0   0.0   ---   ---     ---   ---
15   8.5  12.1   12:00   6.7    6:45   9.8   0.0   0.0   ---   ---     ---   ---
16   9.4  14.6   13:45   3.6    4:30   8.9   0.0   0.0   ---   ---     ---   ---
17   9.7  13.2   14:00   7.9    3:30   8.6   0.0   0.0   ---   2.0   17:30     E
18   9.7  11.3   15:30   8.1    2:15   8.6   0.0   0.0   ---   5.0   16:30     N
19  12.4  17.7   11:45   9.8    5:15   5.8   0.0   0.0   ---   2.0   16:00     S
20  12.8  18.6   14:45   9.7    6:00   5.5   0.0   0.0   ---   6.0    5:15    NE
21  10.5  13.3   14:00   6.6   00:00   7.8   0.0   0.0   ---   6.0    9:15    SE
22  10.4  16.6   19:00   6.4    0:15   7.9   0.0   0.2   1.9  30.0   21:00   NNE
23   7.1  10.5   14:30   4.2    6:00  11.2   0.0   2.6  11.4  32.0   14:30   NNW
24   7.9  10.0   14:15   4.9   00:00  10.4   0.0   3.6  20.3  47.0   10:45   ENE
25   9.9  14.2   15:45   5.6    0:15   8.4   0.0   0.0  11.6  27.0   11:30   NNE
26  11.5  18.1   13:30   4.9    3:45   6.8   0.0   0.0   6.8  16.0   13:00    NW
27  12.8  17.7   17:30   6.1    4:00   5.5   0.0   0.0  11.2  33.0   14:15    SW
28  11.6  14.1   10:30   8.9    1:15   6.7   0.0   0.4  12.6  33.0   17:45   ESE
29  10.1  11.7   15:15   8.5    3:30   8.2   0.0   2.8  15.6  32.0   12:30   NNE
30  10.4  11.4   13:15   9.6   23:00   7.9   0.0   1.4  14.6  28.0   12:45     N
31  13.0  18.3   12:30   8.6    6:00   5.3   0.0   0.0   7.1  21.0    2:15     N
-------------------------------------------------------------------------------------
    10.8  19.8     5     2.9     2   231.9   0.1  11.4   5.9  47.0    24     SSE

Max >=  32.0:  0
Max <=   0.0:  0
Min <=   0.0:  0
Min <= -18.0:  0
Max Rain: 3.61 ON 24/05/13
Days of Rain: 7 (> .2 mm) 3 (> 2 mm) 0 (> 20 mm)
Heat Base:  18.3  Cool Base:  18.3  Method: Integration

Data updates at regular intervals.