Back to Top

Language: 

NOAA Climate Reports...


Report for 2013 Apr
                   MONTHLY CLIMATOLOGICAL SUMMARY for APR. 2013

NAME: Delerius   CITY:    STATE:  
ELEV:   100 m  LAT:  53 37' 05" N  LONG:   1 27' 13" W

                   TEMPERATURE (C), RAIN  (mm), WIND SPEED (mph)

                                      HEAT  COOL        AVG
    MEAN                              DEG   DEG         WIND                 DOM
DAY TEMP  HIGH   TIME   LOW    TIME   DAYS  DAYS  RAIN  SPEED HIGH   TIME    DIR
------------------------------------------------------------------------------------
 1   3.3   5.9   12:00   1.1   23:00  15.0   0.0   0.0  12.9  26.0   15:00   ESE
 2   4.0   6.1   15:00   1.3    0:30  14.3   0.0   0.0  11.0  22.0    8:30     E
 3   4.8   7.3   13:45   1.6    4:15  13.5   0.0   0.0  14.7  30.0   23:00   ENE
 4   4.7   7.1   14:45   2.7    5:00  13.6   0.0   0.0  21.4  37.0   15:30   ENE
 5   5.1   7.2   13:15   3.3    1:30  13.2   0.0   0.0  19.5  34.0   15:30    NE
 6   5.1   7.4   14:30   1.8   00:00  13.2   0.0   0.0  10.8  23.0    3:45    NE
 7   5.2  10.1   13:15   0.6    5:30  13.1   0.0   0.0   7.6  19.0   15:45     W
 8   4.4   6.2   11:00   3.2   00:00  13.8   0.0   0.0  15.3  26.0   12:00   ESE
 9   5.2   7.6   14:15   3.2    0:45  13.1   0.0   0.0  16.3  30.0   12:45     E
10   5.8   8.4   14:00   3.9   23:45  12.5   0.0   0.0   7.8  18.0   16:45     N
11   5.1   6.8   13:15   3.2    1:30  13.2   0.0   0.0   9.6  19.0   22:15     E
12   6.3   8.3   13:30   5.2    0:15  12.0   0.0   0.4   9.3  20.0    1:15    SE
13   8.7  14.0   13:30   4.4    6:45   9.6   0.0   0.0  10.7  34.0   16:45     S
14  14.6  20.0   15:45  10.8    0:15   3.8   0.1   0.2  22.4  50.0   12:00    SW
15  13.6  18.1   15:15  10.6    4:45   4.7   0.0   0.0  18.8  35.0   13:15    SW
16  12.8  17.0   14:45   8.0   00:00   5.5   0.0   0.0  23.2  47.0   12:30     W
17  12.2  17.7   17:15   5.8    4:15   6.2   0.0   0.0  21.1  47.0   12:00    SW
18  11.2  15.4   14:45   8.2   23:15   7.1   0.0   0.0  26.7  56.0    3:30     W
19   8.1  10.1   14:00   4.7   22:45  10.2   0.0   0.0  11.2  29.0   11:00   NNE
20   7.8  11.8   12:15   3.6    6:00  10.5   0.0   0.0  13.6  29.0   17:15   SSE
21   9.2  14.2   15:00   4.3    5:30   9.1   0.0   0.0  13.5  26.0    0:30   SSW
22  10.4  13.7   14:00   4.8    5:30   7.9   0.0   0.0  15.1  35.0   16:45   WSW
23  12.3  16.6   14:00   8.3    5:45   6.0   0.0   0.0  11.3  30.0   14:30   WNW
24  13.1  17.9   15:45   7.3    1:15   5.3   0.0   0.0  10.7  28.0   10:30    NW
25  11.3  17.2   14:00   8.2   19:15   7.0   0.0   1.6   6.5  24.0   14:00   WSW
26   8.6  12.9   15:15   4.5   22:30   9.7   0.0   0.2   9.0  29.0   17:00    NW
27   6.3   9.1   14:30   3.5   22:00  12.0   0.0   0.4  13.0  30.0   16:00    NE
28   8.4  13.4   13:15   2.6    0:30   9.9   0.0   1.2  16.1  35.0   14:45   WSW
29   9.4  13.3   17:00   5.8    5:15   8.9   0.0   0.0  16.4  38.0   12:45   WNW
30   6.4   6.9   20:15   5.8   20:45   2.0   0.0   0.0   8.6  13.0   21:30   SSE
-------------------------------------------------------------------------------------
     8.1  20.0    14     0.6     7   295.8   0.1   4.0  14.1  56.0    18     WSW

Max >=  32.0:  0
Max <=   0.0:  0
Min <=   0.0:  0
Min <= -18.0:  0
Max Rain: 1.60 ON 25/04/13
Days of Rain: 6 (> .2 mm) 0 (> 2 mm) 0 (> 20 mm)
Heat Base:  18.3  Cool Base:  18.3  Method: Integration

Data updates at regular intervals.