Back to Top

Language: 

NOAA Climate Reports...


Report for 2013 Mar
                   MONTHLY CLIMATOLOGICAL SUMMARY for MAR. 2013

NAME: Delerius   CITY:    STATE:  
ELEV:   100 m  LAT:  53 37' 05" N  LONG:   1 27' 13" W

                   TEMPERATURE (C), RAIN  (mm), WIND SPEED (mph)

                                      HEAT  COOL        AVG
    MEAN                              DEG   DEG         WIND                 DOM
DAY TEMP  HIGH   TIME   LOW    TIME   DAYS  DAYS  RAIN  SPEED HIGH   TIME    DIR
------------------------------------------------------------------------------------
 1   6.1   8.2   11:00   4.8   00:00  12.2   0.0   0.0  12.1  27.0   14:15    NE
 2   5.7  10.4   15:15   2.1    7:15  12.6   0.0   0.0   4.5  15.0   15:30    NW
 3   5.6   8.7   12:45   1.9   21:45  12.7   0.0   0.0   5.3  16.0   15:45   SSE
 4   4.0   5.8   13:45   2.2    1:45  14.3   0.0   0.0  10.0  21.0    9:30     S
 5   1.7   4.4   14:00  -1.7    3:45  16.7   0.0   0.2   3.1  11.0   23:15     S
 6   4.1   4.9   14:30   2.6    1:15  14.2   0.0   0.6  11.6  22.0   12:00   ENE
 7   5.7   7.2   11:45   4.3    2:15  12.6   0.0   0.0  11.3  24.0   14:15   ESE
 8   4.9   6.0    3:00   4.1   23:15  13.3   0.0   1.4  13.0  24.0    4:45   ESE
 9   3.7   4.2    0:15   2.8   17:15  14.6   0.0   7.2  12.8  28.0   23:30   ENE
10   2.6   4.1    4:30  -0.4   22:00  15.7   0.0   0.2  22.2  39.0   15:30   ENE
11   0.2   1.6   12:15  -1.3   16:15  18.1   0.0   0.0  24.4  40.0   13:15     E
12   2.6   5.7   14:15   0.1    2:00  15.7   0.0   0.6  15.6  35.0    4:00   ENE
13   2.2   4.9   12:15   0.3   00:00  16.1   0.0   0.2  11.7  29.0   12:45   NNW
14   3.2   6.7   15:45  -1.6    6:15  15.1   0.0   1.4   7.7  21.0   23:45   WNW
15   5.9   8.2   11:30   3.6    5:45  12.4   0.0   1.4  15.2  33.0   15:00    SW
16   6.7   8.5   14:15   5.1   00:00  11.6   0.0   2.0  18.3  43.0    9:00   SSW
17   5.0   7.7   14:30   2.6    7:00  13.3   0.0   2.6  14.0  32.0   14:45     S
18   3.8   4.7   16:00   1.2   00:00  14.5   0.0   3.8   8.0  22.0    4:30     E
19   2.9   6.7   13:30  -1.3    7:30  15.4   0.0   0.6   6.8  22.0   23:45   ESE
20   3.3   4.3   13:15   1.3   23:30  15.0   0.0   0.6  10.3  23.0    8:15   ESE
21   2.8   5.2   14:45   0.7    6:00  15.5   0.0   0.2  10.6  34.0   23:30    SE
22   3.0   3.6    0:15   2.4    5:30  15.3   0.0   0.0  27.0  40.0   20:30    SE
23   1.4   2.9    0:15   0.4    9:15  16.9   0.0   0.0  25.7  41.0    1:45   ESE
24   1.8   3.6   12:45   0.3    4:30  16.5   0.0   0.0  26.8  43.0    9:45   ESE
25   2.3   4.1   10:45   1.5    5:15  16.0   0.0   0.0  24.8  40.0   18:30     E
26   2.4   4.1   12:00   1.6    6:30  15.9   0.0   0.0  20.6  34.0   11:45     E
27   2.4   4.3   12:45   1.1   00:00  15.9   0.0   0.0  15.8  27.0   11:30     E
28   2.8   4.4   14:15   1.1    0:15  15.5   0.0   0.0  13.8  27.0    9:30     E
29   2.9   4.9   13:45   0.1    5:15  15.4   0.0   0.0  11.4  26.0   20:00   ENE
30   3.1   5.8   13:30   0.1   23:15  15.3   0.0   0.0  11.9  28.0    8:45   ENE
31   2.7   5.2   12:00  -0.7    6:00  14.9   0.0   0.0   8.9  20.0   10:30   ESE
-------------------------------------------------------------------------------------
     3.5  10.4     2    -1.7     5   459.2   0.0  23.0  14.0  43.0    16       E

Max >=  32.0:  0
Max <=   0.0:  0
Min <=   0.0:  6
Min <= -18.0:  0
Max Rain: 7.19 ON 09/03/13
Days of Rain: 15 (> .2 mm) 4 (> 2 mm) 0 (> 20 mm)
Heat Base:  18.3  Cool Base:  18.3  Method: Integration

Data updates at regular intervals.