Back to Top

Language: 

NOAA Climate Reports...


Report for 2013 Feb
                   MONTHLY CLIMATOLOGICAL SUMMARY for FEB. 2013

NAME: Delerius   CITY:    STATE:  
ELEV:   100 m  LAT:  53 37' 05" N  LONG:   1 27' 13" W

                   TEMPERATURE (C), RAIN  (mm), WIND SPEED (mph)

                                      HEAT  COOL        AVG
    MEAN                              DEG   DEG         WIND                 DOM
DAY TEMP  HIGH   TIME   LOW    TIME   DAYS  DAYS  RAIN  SPEED HIGH   TIME    DIR
------------------------------------------------------------------------------------
 1   5.9   8.0   12:30   4.6   18:45  12.4   0.0   0.6  12.9  38.0   22:00     W
 2   3.0   5.5   14:15   1.1   00:00  15.3   0.0   0.8  13.8  34.0    7:45     N
 3   5.8   9.7   14:15   0.9    1:45  12.5   0.0   0.0  15.8  36.0   12:30     W
 4   7.0  10.3    4:45   1.7   23:30  11.3   0.0   4.8  23.1  54.0   21:00   WNW
 5   2.9   5.0   12:30   1.3   15:30  15.4   0.0   1.2  20.1  39.0   12:45     W
 6   3.6   5.8   12:30   1.3   23:30  14.8   0.0   3.4  17.7  50.0    9:15     N
 7   2.2   4.1   14:00   1.0    1:15  16.1   0.0   3.0  10.0  27.0    3:00   NNW
 8   2.8   5.8   15:00   1.3    6:00  15.5   0.0   0.8   9.3  35.0   17:15   NNW
 9   2.7   6.6   14:00   0.2    8:00  15.6   0.0   0.2   5.1  11.0    0:15   WNW
10   3.1   3.9   16:45   1.3    0:15  15.3   0.0   0.2  20.7  41.0   19:00   SSE
11   2.7   3.4    1:45   2.0   17:15  15.6   0.0   0.0  18.0  37.0    0:15   ESE
12   2.3   3.3   12:30   1.1   00:00  15.9   0.0   0.0   9.2  21.0    4:15   ESE
13   1.3   2.2   13:15   0.1   17:30  17.0   0.0   0.4  20.3  52.0   22:30   SSW
14   5.3   9.0   14:45   1.7    0:15  13.0   0.0   6.8  13.1  46.0    0:15    NW
15   5.8   9.0   14:15   2.7    4:30  12.5   0.0   0.0   6.2  18.0   10:00   WNW
16   5.1   8.4   13:15   2.8    6:45  13.2   0.0   0.0   5.0  11.0   14:15     S
17   3.6   7.4   12:30   1.2    7:45  14.8   0.0   0.0   8.8  20.0   21:45     S
18   3.2   5.6   14:30  -0.3   00:00  15.1   0.0   0.0   8.3  20.0    1:45   SSE
19   1.8   5.8   13:45  -2.7    5:00  16.5   0.0   0.2   6.2  26.0   23:45   NNE
20   3.3   3.9   13:45   2.6    5:45  15.0   0.0   0.0  15.7  28.0    5:30    SE
21   2.9   3.9   12:45   2.1   19:45  15.4   0.0   0.0  11.6  25.0   12:45   ESE
22   2.7   3.1    3:45   2.1    7:30  15.6   0.0   0.0  11.3  22.0    0:15     E
23   2.6   3.9   14:00   0.8    6:00  15.7   0.0   0.0   9.5  20.0   19:45   ENE
24   3.3   4.5   22:30   2.3    3:45  15.0   0.0   0.2  15.1  30.0   15:15   ENE
25   4.6   5.4   11:30   3.9    0:15  13.7   0.0   0.4  16.5  28.0    3:45   ENE
26   4.3   4.7   11:15   3.9   21:00  14.0   0.0   0.0  11.8  26.0    1:00   ENE
27   4.4   7.3   13:15   0.3   00:00  13.9   0.0   0.0   9.4  21.0   14:00   ENE
28   3.3   5.9   23:00  -1.1    1:45  15.0   0.0   0.2  10.9  26.0   10:45    NE
-------------------------------------------------------------------------------------
     3.6  10.3     4    -2.7    19   411.1   0.0  23.2  12.7  54.0     4     ENE

Max >=  32.0:  0
Max <=   0.0:  0
Min <=   0.0:  3
Min <= -18.0:  0
Max Rain: 6.81 ON 14/02/13
Days of Rain: 15 (> .2 mm) 4 (> 2 mm) 0 (> 20 mm)
Heat Base:  18.3  Cool Base:  18.3  Method: Integration

Data updates at regular intervals.