Back to Top

Language: 

NOAA Climate Reports...


Report for 2013 Jan
                   MONTHLY CLIMATOLOGICAL SUMMARY for JAN. 2013

NAME: Delerius   CITY:    STATE:  
ELEV:   100 m  LAT:  53 37' 05" N  LONG:   1 27' 13" W

                   TEMPERATURE (C), RAIN  (mm), WIND SPEED (mph)

                                      HEAT  COOL        AVG
    MEAN                              DEG   DEG         WIND                 DOM
DAY TEMP  HIGH   TIME   LOW    TIME   DAYS  DAYS  RAIN  SPEED HIGH   TIME    DIR
------------------------------------------------------------------------------------
 1   5.7   7.2    0:15   3.7    7:15  12.6   0.0   0.0  12.7  32.0   13:15   WNW
 2   7.3  11.9   21:45   3.2    3:15  11.0   0.0   1.6  10.7  33.0   19:45   WNW
 3  11.1  12.2    2:00   9.3   00:00   7.2   0.0   0.0  12.2  31.0    2:00   WNW
 4   9.4  10.6    5:30   6.4   00:00   8.8   0.0   0.0  12.0  29.0   10:00   WNW
 5   8.6  11.5   12:45   6.3    0:15   9.7   0.0   0.0   8.9  22.0   21:30     W
 6   7.9   9.6   12:45   6.3    8:30  10.4   0.0   0.0   7.8  25.0    3:45    SW
 7   8.4   9.3   13:30   6.8    0:15   9.9   0.0   0.0  11.6  27.0   21:45   WSW
 8   9.7  11.3   13:00   8.1    6:30   8.6   0.0   1.6   9.8  20.0   13:00   WSW
 9   5.3   8.8    0:15   3.0    8:30  13.0   0.0   0.0   5.9  15.0   22:45   WNW
10   4.1   6.1   20:45   1.3    8:30  14.2   0.0   0.8   6.5  18.0   23:15   WNW
11   4.8   5.6    6:15   3.9   00:00  13.5   0.0   1.4   8.3  18.0   16:45     S
12   3.7   5.5   11:45   1.5   23:45  14.6   0.0   0.8  10.8  25.0    8:00   ESE
13   2.1   3.1    2:30   1.3    8:45  16.2   0.0   0.2   3.7  15.0    2:30   NNW
14   0.9   1.7    0:15  -0.9   21:15  17.4   0.0   0.4   8.7  24.0    6:00    SW
15  -1.1   2.1    3:00  -6.4   20:15  19.3   0.0   1.8   7.2  23.0    2:30   NNW
16  -5.3  -1.4   14:00  -8.1    7:45  23.6   0.0   0.2   1.4  10.0   15:30   NNW
17  -2.8   1.8   21:30  -8.9    7:15  21.1   0.0   0.8   4.6  23.0   21:45     S
18   1.2   2.5   00:00   0.2   12:00  17.1   0.0   0.4  21.5  37.0   20:45     S
19   1.8   2.7    0:30   1.2    9:15  16.5   0.0   0.0  17.7  29.0   21:15   ESE
20   2.3   2.8    8:45   1.3   22:15  16.0   0.0   0.2  21.7  36.0   23:00     E
21   0.3   1.3    0:15  -0.8   13:00  18.0   0.0   0.4  13.8  29.0    6:45   SSW
22   1.6   3.0   13:00   0.1    8:30  16.7   0.0   1.6   8.8  25.0   13:15   ESE
23   2.3   3.2   12:00   1.6    0:15  16.0   0.0   0.0   9.9  20.0   11:30   ESE
24   2.1   3.1   14:15   1.3   21:30  16.2   0.0   0.0   3.9  14.0    2:00   NNW
25   1.1   1.7   16:00   0.0   22:00  17.2   0.0   0.2  17.6  41.0   20:15   SSW
26   3.2   5.9   23:45   0.7    5:00  15.1   0.0   6.6  17.2  44.0   23:45     W
27   6.6   9.2   10:00   4.0   23:15  11.7   0.0   0.6  26.5  46.0    2:00   WSW
28   5.9  10.0   23:45   2.7    7:45  12.4   0.0   0.4  24.2  56.0   16:00   WSW
29   9.7  13.1   20:15   6.4   10:00   8.6   0.0   0.2  20.7  48.0    2:30     W
30   8.7  11.4    0:15   6.4   00:00   9.6   0.0   0.6  22.3  58.0   14:30     W
31   7.3   9.2   12:00   5.6    3:30  11.0   0.0   0.8  22.6  53.0   15:15     W
-------------------------------------------------------------------------------------
     4.3  13.1    29    -8.9    17   433.2   0.0  21.6  12.6  58.0    30       W

Max >=  32.0:  0
Max <=   0.0:  1
Min <=   0.0:  6
Min <= -18.0:  0
Max Rain: 6.60 ON 26/01/13
Days of Rain: 21 (> .2 mm) 1 (> 2 mm) 0 (> 20 mm)
Heat Base:  18.3  Cool Base:  18.3  Method: Integration

Data updates at regular intervals.