Back to Top

Language: 

NOAA Climate Reports...


Report for 2012 Dec
                   MONTHLY CLIMATOLOGICAL SUMMARY for DEC. 2012

NAME: Delerius   CITY:    STATE:  
ELEV:   100 m  LAT:  53 37' 05" N  LONG:   1 27' 13" W

                   TEMPERATURE (C), RAIN  (mm), WIND SPEED (mph)

                                      HEAT  COOL        AVG
    MEAN                              DEG   DEG         WIND                 DOM
DAY TEMP  HIGH   TIME   LOW    TIME   DAYS  DAYS  RAIN  SPEED HIGH   TIME    DIR
------------------------------------------------------------------------------------
 1   2.4   4.7   11:00   0.2    1:45  15.9   0.0   1.4  12.1  30.0   12:15   NNW
 2   1.1   3.3   13:15  -0.7    7:30  17.2   0.0   0.0   7.6  19.0    1:30    NW
 3   4.3   7.9   14:00   2.3    2:15  13.9   0.0   3.2  13.6  28.0   14:00     W
 4   4.3   6.0   13:30   3.1    7:30  14.0   0.0   4.0   8.6  25.0    2:00    NW
 5   1.8   3.6    0:15   0.3   23:30  16.5   0.0   0.4  11.5  32.0   12:15   NNW
 6   1.2   4.1   00:00  -1.8    6:30  17.1   0.0   3.4  17.3  47.0   20:00    SW
 7   4.6   6.4    9:00   1.7    4:30  13.7   0.0   4.6  14.9  40.0   10:30     N
 8   4.7   8.6   23:00   0.9    4:00  13.6   0.0   0.2   9.6  28.0   23:30     W
 9   6.9   8.7    0:15   4.0   23:00  11.4   0.0   0.0  17.5  36.0    6:30   NNW
10   3.7   5.9   10:30   1.2   23:45  14.6   0.0   3.0  12.4  40.0    2:00     N
11   1.1   2.7   12:45  -0.3   22:45  17.3   0.0   0.2   5.8  11.0   13:15    NW
12  -0.3   1.3   00:00  -1.7    8:30  18.6   0.0   0.2   6.3  14.0    2:30     W
13   1.5   3.3   17:45  -1.4    7:30  16.8   0.0   0.0   6.6  21.0   19:45    SW
14   5.3   7.2   23:30   0.9    2:15  13.0   0.0   5.6  21.7  46.0   14:30   SSE
15   7.3   9.4   12:30   5.1   00:00  11.0   0.0   0.0  17.6  37.0    0:30   WSW
16   4.9   7.2   13:45   3.8   17:00  13.4   0.0   0.2  10.5  20.0    7:00   WSW
17   5.4   7.4   12:30   2.9    4:00  12.9   0.0   2.4   8.1  20.0   12:15   WSW
18   6.1   7.6   13:45   4.6    8:45  12.3   0.0   1.2   6.1  15.0    5:30   NNW
19   6.4   7.2   23:30   6.0    3:15  11.9   0.0   0.0  15.5  35.0   21:00    SE
20   6.2   7.2    0:15   5.6   15:45  12.1   0.0   6.8  27.9  43.0    8:00    SE
21   5.4   6.3   13:00   2.6   23:15  12.9   0.0   1.4   9.8  33.0    0:15    NW
22   5.8   9.9   23:15   3.2    1:00  12.5   0.0   5.0  11.4  30.0   12:45   SSE
23   9.2  12.2    6:45   5.9   23:00   9.1   0.0   1.8  20.2  44.0   10:15     W
24   5.9   6.6   10:30   4.6   19:00  12.4   0.0   4.2   8.7  19.0   14:00    SW
25   6.6   8.3   17:45   5.2    6:15  11.8   0.0   0.0  12.1  25.0   17:30    SW
26   6.3   8.7   20:45   3.9    7:45  12.0   0.0   3.0  15.8  32.0   20:30   WSW
27   5.1   6.7   15:00   1.7   23:00  13.3   0.0   0.2  11.8  33.0   15:30   WSW
28   7.9  11.8   00:00   1.1    0:15  10.4   0.0   1.2  20.0  43.0   00:00    SW
29   9.7  12.1    2:15   5.9   22:30   8.6   0.0   2.2  23.1  48.0    9:15    SW
30   6.6  10.2   23:45   4.4    7:00  11.7   0.0   0.4  23.6  40.0   23:30   WSW
31   9.7  11.3   10:45   7.0   22:30   8.6   0.0   1.6  20.5  46.0    8:00   WSW
-------------------------------------------------------------------------------------
     5.1  12.2    23    -1.8     6   410.2   0.0  57.8  13.8  48.0    29     WSW

Max >=  32.0:  0
Max <=   0.0:  0
Min <=   0.0:  5
Min <= -18.0:  0
Max Rain: 6.81 ON 20/12/12
Days of Rain: 25 (> .2 mm) 12 (> 2 mm) 0 (> 20 mm)
Heat Base:  18.3  Cool Base:  18.3  Method: Integration

Data updates at regular intervals.