Back to Top

Language: 

NOAA Climate Reports...


Report for 2012 Nov
                   MONTHLY CLIMATOLOGICAL SUMMARY for NOV. 2012

NAME: Delerius   CITY:    STATE:  
ELEV:   100 m  LAT:  53 37' 05" N  LONG:   1 27' 13" W

                   TEMPERATURE (C), RAIN  (mm), WIND SPEED (mph)

                                      HEAT  COOL        AVG
    MEAN                              DEG   DEG         WIND                 DOM
DAY TEMP  HIGH   TIME   LOW    TIME   DAYS  DAYS  RAIN  SPEED HIGH   TIME    DIR
------------------------------------------------------------------------------------
 1                0:30          6:45               4.8   9.8  27.0   00:00     W
 2   6.5   8.5   13:45   4.7    0:30  11.8   0.0   0.8  17.2  33.0   14:00   WSW
 3   4.8   7.9   15:00   2.9    4:00  13.5   0.0   0.8  10.0  22.0    0:15   WSW
 4   5.7   8.4   14:15   2.1    5:45  12.6   0.0   0.2   9.8  24.0   20:15    NE
 5   5.3   8.7   12:45   1.3    7:45  13.0   0.0   0.0   9.6  26.0   12:15   NNW
 6   6.4  10.3   20:15   1.1    4:30  11.9   0.0   1.4  12.2  28.0   19:45     W
 7   8.4  10.4   12:45   6.1    6:15   9.9   0.0   0.0  13.4  33.0   13:45     W
 8   9.6  12.0   12:45   8.2   23:45   8.8   0.0   0.0  13.0  34.0   12:15     W
 9   8.8  10.4   12:45   7.3    3:00   9.5   0.0   0.6  16.5  33.0   18:30    SW
10   7.7  10.0   12:45   4.2   23:15  10.7   0.0   0.4   6.8  21.0    0:30   WSW
11   5.8   9.3   14:30   3.6    4:00  12.4   0.0   0.2   6.9  18.0   11:00   WNW
12   8.0  10.9   23:45   3.8    3:45  10.3   0.0   0.8  10.1  27.0   12:15   WSW
13  11.6  13.2   13:15  10.4    2:45   6.7   0.0   0.0  13.0  29.0   13:30   WSW
14  11.0  12.1   13:15  10.3   22:15   7.3   0.0   0.0   7.8  18.0    4:30    SW
15   9.4  11.7   12:45   5.8   00:00   8.9   0.0   0.0   5.9  20.0   18:45    SW
16   6.4   8.2   23:15   4.2    6:45  11.9   0.0   0.0   9.6  22.0   21:15   WSW
17   7.3   8.8   14:15   4.3   22:00  11.0   0.0   3.6   6.2  18.0   12:30   WNW
18   5.0   7.6   13:45   2.7    6:15  13.3   0.0   0.0  10.7  26.0   23:00     W
19   7.6  10.3   00:00   4.6    1:00  10.8   0.0   0.2  23.1  45.0   13:15   SSW
20  11.9  13.8   15:00  10.3    0:15   6.4   0.0   0.6  19.6  40.0   12:45   SSW
21   8.4  11.4    1:15   5.7   21:00   9.9   0.0  11.6   8.9  23.0   14:15    NW
22   9.9  12.5   12:45   6.8    0:15   8.4   0.0   3.2  25.4  53.0   17:15   SSW
23   7.3   9.3   14:15   4.8   00:00  11.0   0.0   0.0  14.2  29.0    4:15   WSW
24   6.0   9.3   00:00   1.7    8:30  12.3   0.0   2.8  10.4  33.0   19:30    SE
25   7.7   9.7    3:30   4.7   19:30  10.7   0.0  14.4  16.5  49.0   11:15   WNW
26   7.3   9.0    8:45   6.2   22:45   9.1   0.0   5.6   6.8  19.0    4:45   SSE
27   7.5   8.7   10:00   6.3   00:00  10.8   0.0   2.4  21.2  44.0    6:45    NE
28   5.7   7.6   11:00   3.2   21:00  12.6   0.0   2.0  15.7  37.0   10:30     N
29   3.8   6.1   13:15   1.3   23:30  14.5   0.0   1.6   9.6  22.0    2:30   NNW
30   1.8   4.4   12:00   0.5   18:15  16.5   0.0   0.0   6.0  12.0    1:45   WNW
-------------------------------------------------------------------------------------
     8.0  13.8     1     0.5     1   313.3   0.0  58.0  12.2  53.0    22      SW

Max >=  32.0:  0
Max <=   0.0:  0
Min <=   0.0:  0
Min <= -18.0:  0
Max Rain: 14.40 ON 25/11/12
Days of Rain: 20 (> .2 mm) 9 (> 2 mm) 0 (> 20 mm)
Heat Base:  18.3  Cool Base:  18.3  Method: Integration

Data updates at regular intervals.